000
CXUS54 KFWD 160730
CF6PRX
PRELIMINARY LOCAL CLIMATOLOGICAL DATA (WS FORM: F-6)

                                          STATION:   PARIS
                                          MONTH:     AUGUST
                                          YEAR:      2017
                                          LATITUDE:   33 37 N
                                          LONGITUDE:  95 27 W

  TEMPERATURE IN F:       :PCPN:    SNOW:  WIND      :SUNSHINE: SKY     :PK WND
================================================================================
1   2   3   4   5  6A  6B    7    8   9   10  11  12  13   14  15   16   17  18
                                     12Z  AVG MX 2MIN
DY MAX MIN AVG DEP HDD CDD  WTR  SNW DPTH SPD SPD DIR MIN PSBL S-S WX    SPD DR
================================================================================

 1  87  70  79  -7   0  14    M  0.0    0  5.3  9  10   M    M   7 3       M  M
 2  81  71  76 -10   0  11 0.01  0.0    0  5.0 10  40   M    M   7         M  M
 3  91  69  80  -6   0  15 0.00  0.0    0  2.7  6 360   M    M   3         M  M
 4  92  73  83  -3   0  18 0.00  0.0    0  4.4 12 130   M    M   2        18 130
 5  94  70  82  -4   0  17 0.00  0.0    0  8.9 14 160   M    M   1        20 150
 6  81  71  76 -10   0  11 3.60  0.0    0  8.8 20 340   M    M   5 3      39 340
 7  85  73  79  -7   0  14 0.73  0.0    0  5.8 10  50   M    M   7 3       M  M
 8  85  70  78  -8   0  13 0.00  0.0    0  8.7 15  70   M    M   3        22  70
 9  89  71  80  -6   0  15 0.00  0.0    0  7.3 12  80   M    M   2         M  M
10  92  71  82  -4   0  17 0.00  0.0    0  3.0  9 140   M    M   3         M  M
11  93  75  84  -2   0  19 0.00  0.0    0  6.5 13 330   M    M   1         M  M
12  91  73  82  -4   0  17 0.29  0.0    0  4.8 10  70   M    M   4 3       M  M
13  86  72  79  -7   0  14 3.91  0.0    0  7.1 12 200   M    M   6 3       M  M
14  87  74  81  -4   0  16 0.52  0.0    0  7.5 12 140   M    M   6 3       M  M
15  94  76  85   0   0  20 0.00  0.0    0  8.2 13 190   M    M   2         M  M
================================================================================
SM 1328 1079         0 231  9.06     0.0  94.0          M       59
================================================================================
AV 88.5 71.9                               6.3 FASTST   M    M   4    MAX(MPH)
                                 MISC ---->    20   M                 39    M
================================================================================
NOTES:
# LAST OF SEVERAL OCCURRENCES

COLUMN 17 PEAK WIND IN M.P.H.

PRELIMINARY LOCAL CLIMATOLOGICAL DATA (WS FORM: F-6) , PAGE 2

                                          STATION:  PARIS
                                          MONTH:    AUGUST
                                          YEAR:     2017
                                          LATITUDE:   33 37 N
                                          LONGITUDE:  95 27 W

[TEMPERATURE DATA]      [PRECIPITATION DATA]       SYMBOLS USED IN COLUMN 16

AVERAGE MONTHLY: 80.2   TOTAL FOR MONTH:   9.06    1 = FOG OR MIST
DPTR FM NORMAL:  -5.6   DPTR FM NORMAL:    7.97    2 = FOG REDUCING VISIBILITY
HIGHEST:    94 ON 15, 5 GRTST 24HR  4.20 ON 12-13      TO 1/4 MILE OR LESS
LOWEST:     69 ON  3                               3 = THUNDER
                        SNOW, ICE PELLETS, HAIL    4 = ICE PELLETS
                        TOTAL MONTH:   0.0 INCH    5 = HAIL
                        GRTST 24HR     0.0         6 = FREEZING RAIN OR DRIZZLE
                        GRTST DEPTH:   0           7 = DUSTSTORM OR SANDSTORM:
                                                       VSBY 1/2 MILE OR LESS
                                                   8 = SMOKE OR HAZE
[NO. OF DAYS WITH]      [WEATHER - DAYS WITH]      9 = BLOWING SNOW
                                                   X = TORNADO
MAX 32 OR BELOW:   0    0.01 INCH OR MORE:   6
MAX 90 OR ABOVE:   7    0.10 INCH OR MORE:   5
MIN 32 OR BELOW:   0    0.50 INCH OR MORE:   4
MIN  0 OR BELOW:   0    1.00 INCH OR MORE:   2

[HDD (BASE 65) ]
TOTAL THIS MO.     0    CLEAR  (SCALE 0-3)   8
DPTR FM NORMAL     0    PTCLDY (SCALE 4-7)   7
TOTAL FM JUL 1     0    CLOUDY (SCALE 8-10)  0
DPTR FM NORMAL     0

[CDD (BASE 65) ]
TOTAL THIS MO.   231
DPTR FM NORMAL   -82    [PRESSURE DATA]
TOTAL FM JAN 1  1315    HIGHEST SLP M ON M
DPTR FM NORMAL  -423    LOWEST  SLP M ON M

[REMARKS]
