000
CXUS54 KFWD 290730
CF6PRX
PRELIMINARY LOCAL CLIMATOLOGICAL DATA (WS FORM: F-6)

                                          STATION:   PARIS
                                          MONTH:     AUGUST
                                          YEAR:      2016
                                          LATITUDE:   33 37 N
                                          LONGITUDE:  95 27 W

  TEMPERATURE IN F:       :PCPN:    SNOW:  WIND      :SUNSHINE: SKY     :PK WND
================================================================================
1   2   3   4   5  6A  6B    7    8   9   10  11  12  13   14  15   16   17  18
                                     12Z  AVG MX 2MIN
DY MAX MIN AVG DEP HDD CDD  WTR  SNW DPTH SPD SPD DIR MIN PSBL S-S WX    SPD DR
================================================================================

 1  99  75  87   1   0  22 0.00  0.0    0  9.4 16 190   M    M   0        21 220
 2  99  72  86   0   0  21 0.00  0.0    0  7.7 13 200   M    M   0         M  M
 3 100  75  88   2   0  23 0.00  0.0    0  5.8 12 230   M    M   0         M  M
 4 100  75  88   2   0  23 0.00  0.0    0  7.0 14 240   M    M   0        16 220
 5 100  75  88   2   0  23 0.00  0.0    0  6.0 10 300   M    M   0        24 300
 6 100  79  90   4   0  25 0.24  0.0    0  6.0 12 290   M    M   2 3      16 290
 7 100  73  87   1   0  22 0.00  0.0    0  8.0 18  80   M    M   1        25  80
 8  99  72  86   0   0  21 0.28  0.0    0  8.1 18 130   M    M   1 3      24 130
 9  99  73  86   0   0  21 0.63  0.0    0  7.5 17 110   M    M   1 3      23 110
10 100  73  87   1   0  22 0.00  0.0    0  6.6  9 120   M    M   0 3       M  M
11 100  77  89   3   0  24 0.00  0.0    0  7.6 13 120   M    M   0         M  M
12 100  75  88   2   0  23 0.00  0.0    0  6.2  9 160   M    M   0 3       M  M
13  90  75  83  -3   0  18 0.03  0.0    0  8.8 17  80   M    M   3        27  80
14  86  72  79  -6   0  14 0.00  0.0    0  8.8 15  20   M    M   7        18  20
15  77  70  74 -11   0   9 0.09  0.0    0  3.2  7 200   M    M   3         M  M
16  82  72  77  -8   0  12 0.00  0.0    0  4.9 12 140   M    M   7         M  M
17  82  73  78  -7   0  13 0.37  0.0    0  6.7 12 120   M    M   8         M  M
18  84  73  79  -6   0  14 0.09  0.0    0  7.3 12 190   M    M   8 3      17 190
19  84  72  78  -7   0  13 0.16  0.0    0  6.9 12 200   M    M   5        18 170
20  79  72  76  -9   0  11 1.00  0.0    0  6.9 14 330   M    M   5 3      17 180
21  84  66  75 -10   0  10 0.00  0.0    0  6.8  9 110   M    M   0         M  M
22  84  70  77  -7   0  12 0.15  0.0    0  7.8 14 120   M    M   7 3       M  M
23  91  72  82  -2   0  17 0.00  0.0    0 10.7 18 180   M    M   4        23 190
24  93  72  83  -1   0  18 0.00  0.0    0  9.4 13 170   M    M   0        20 180
25  93  73  83  -1   0  18 0.00  0.0    0  7.5 15 120   M    M   1        25 120
26  82  72  77  -7   0  12 0.91  0.0    0  5.5 12 140   M    M   3 3       M  M
27  88  73  81  -2   0  16 0.09  0.0    0  4.0 12 110   M    M   1 3       M  M
28  90  72  81  -2   0  16 0.03  0.0    0  5.9 14 120   M    M   1        24 120
================================================================================
SM 2565 2043         0 493  4.07     0.0 197.0          M       68
================================================================================
AV 91.6 73.0                               7.0 FASTST   M    M   2    MAX(MPH)
                                 MISC ---->    18   M               # 27   80
================================================================================
NOTES:
# LAST OF SEVERAL OCCURRENCES

COLUMN 17 PEAK WIND IN M.P.H.

PRELIMINARY LOCAL CLIMATOLOGICAL DATA (WS FORM: F-6) , PAGE 2

                                          STATION:  PARIS
                                          MONTH:    AUGUST
                                          YEAR:     2016
                                          LATITUDE:   33 37 N
                                          LONGITUDE:  95 27 W

[TEMPERATURE DATA]      [PRECIPITATION DATA]       SYMBOLS USED IN COLUMN 16

AVERAGE MONTHLY: 82.3   TOTAL FOR MONTH:   4.07    1 = FOG OR MIST
DPTR FM NORMAL:  -2.9   DPTR FM NORMAL:    2.10    2 = FOG REDUCING VISIBILITY
HIGHEST:   100 ON 12,11 GRTST 24HR  1.00 ON 20-20      TO 1/4 MILE OR LESS
LOWEST:     66 ON 21                               3 = THUNDER
                        SNOW, ICE PELLETS, HAIL    4 = ICE PELLETS
                        TOTAL MONTH:   0.0 INCH    5 = HAIL
                        GRTST 24HR     0.0         6 = FREEZING RAIN OR DRIZZLE
                        GRTST DEPTH:   0           7 = DUSTSTORM OR SANDSTORM:
                                                       VSBY 1/2 MILE OR LESS
                                                   8 = SMOKE OR HAZE
[NO. OF DAYS WITH]      [WEATHER - DAYS WITH]      9 = BLOWING SNOW
                                                   X = TORNADO
MAX 32 OR BELOW:   0    0.01 INCH OR MORE:  13
MAX 90 OR ABOVE:  17    0.10 INCH OR MORE:   8
MIN 32 OR BELOW:   0    0.50 INCH OR MORE:   3
MIN  0 OR BELOW:   0    1.00 INCH OR MORE:   1

[HDD (BASE 65) ]
TOTAL THIS MO.     0    CLEAR  (SCALE 0-3)  20
DPTR FM NORMAL     0    PTCLDY (SCALE 4-7)   7
TOTAL FM JUL 1     0    CLOUDY (SCALE 8-10)  1
DPTR FM NORMAL     0

[CDD (BASE 65) ]
TOTAL THIS MO.   493
DPTR FM NORMAL   -71    [PRESSURE DATA]
TOTAL FM JAN 1  1844    HIGHEST SLP M ON M
DPTR FM NORMAL  -145    LOWEST  SLP M ON M

[REMARKS]
