000
CXUS54 KFWD 280730
CF6PSN
PRELIMINARY LOCAL CLIMATOLOGICAL DATA (WS FORM: F-6)

                                          STATION:   PALESTINE
                                          MONTH:     SEPTEMBER
                                          YEAR:      2016
                                          LATITUDE:   31 46 N
                                          LONGITUDE:  95 42 W

  TEMPERATURE IN F:       :PCPN:    SNOW:  WIND      :SUNSHINE: SKY     :PK WND
================================================================================
1   2   3   4   5  6A  6B    7    8   9   10  11  12  13   14  15   16   17  18
                                     12Z  AVG MX 2MIN
DY MAX MIN AVG DEP HDD CDD  WTR  SNW DPTH SPD SPD DIR MIN PSBL S-S WX    SPD DR
================================================================================

 1  92  73  83   3   0  18 0.00  0.0    0  4.8 16  20   M    M   1        22  20
 2  88  71  80   0   0  15 0.00  0.0    0  5.3  8  30   M    M   1 1       M  M
 3  86  71  79  -1   0  14 0.00  0.0    0  4.3  8  80   M    M   1         M  M
 4  90  72  81   2   0  16 0.00  0.0    0  4.6  7 180   M    M   2         M  M
 5  91  74  83   4   0  18 0.10  0.0    0  4.8  9 170   M    M   3 13     18 160
 6  90  74  82   3   0  17 0.00  0.0    0  4.8  8 190   M    M   2 1       M  M
 7  91  73  82   3   0  17 0.00  0.0    0  3.7  8 190   M    M   2 1       M  M
 8  92  76  84   6   0  19 0.00  0.0    0  4.9  9 210   M    M   4 1       M  M
 9  92  74  83   5   0  18 0.00  0.0    0  6.1 12 150   M    M   1        17 130
10  88  70  79   1   0  14 0.00  0.0    0  5.0 14 350   M    M   2        21 350
11  88  68  78   1   0  13 0.00  0.0    0  2.3  7 340   M    M   2         M  M
12  90  67  79   2   0  14 0.00  0.0    0  2.9  6 220   M    M   2         M  M
13  92  72  82   5   0  17 0.00  0.0    0  4.2  8  70   M    M   1         M  M
14  92  72  82   6   0  17 0.00  0.0    0  2.8  9  80   M    M   1         M  M
15  92  72  82   6   0  17 0.00  0.0    0  2.1  9 110   M    M   1         M  M
16  92  72  82   6   0  17 0.00  0.0    0  1.8  6 110   M    M   2 1       M  M
17  94  73  84   8   0  19 0.00  0.0    0  1.8  6 150   M    M   1 1       M  M
18  94  74  84   9   0  19 0.00  0.0    0  1.9  8 280   M    M   2         M  M
19  96  74  85  10   0  20 0.00  0.0    0  1.9  6 140   M    M   1         M  M
20  94  71  83   8   0  18 0.00  0.0    0  2.9  8  80   M    M   1 1      16  60
21  92  67  80   6   0  15 0.00  0.0    0  1.6  6 100   M    M   1 1       M  M
22  93  68  81   7   0  16 0.00  0.0    0  3.0  7  90   M    M   1         M  M
23  91  73  82   8   0  17 0.00  0.0    0  4.7 10 110   M    M   3 1       M  M
24  92  73  83  10   0  18 0.00  0.0    0  5.7 10 110   M    M   3 1       M  M
25  89  70  80   7   0  15 1.15  0.0    0  4.1 14 280   M    M   4        18 280
26  75  66  71  -2   0   6 0.00  0.0    0  4.7 12 350   M    M   9 1       M  M
27  79  64  72   0   0   7 0.00  0.0    0  3.2  9 360   M    M   4         M  M
================================================================================
SM 2435 1924         0 431  1.25     0.0  99.9          M       58
================================================================================
AV 90.2 71.3                               3.7 FASTST   M    M   2    MAX(MPH)
                                 MISC ---->    16   M                 22    M
================================================================================
NOTES:
# LAST OF SEVERAL OCCURRENCES

COLUMN 17 PEAK WIND IN M.P.H.

PRELIMINARY LOCAL CLIMATOLOGICAL DATA (WS FORM: F-6) , PAGE 2

                                          STATION:  PALESTINE
                                          MONTH:    SEPTEMBER
                                          YEAR:     2016
                                          LATITUDE:   31 46 N
                                          LONGITUDE:  95 42 W

[TEMPERATURE DATA]      [PRECIPITATION DATA]       SYMBOLS USED IN COLUMN 16

AVERAGE MONTHLY: 80.7   TOTAL FOR MONTH:   1.25    1 = FOG OR MIST
DPTR FM NORMAL:   4.3   DPTR FM NORMAL:   -1.62    2 = FOG REDUCING VISIBILITY
HIGHEST:    96 ON 19    GRTST 24HR  1.15 ON 25-25      TO 1/4 MILE OR LESS
LOWEST:     64 ON 27                               3 = THUNDER
                        SNOW, ICE PELLETS, HAIL    4 = ICE PELLETS
                        TOTAL MONTH:   0.0 INCH    5 = HAIL
                        GRTST 24HR     0.0         6 = FREEZING RAIN OR DRIZZLE
                        GRTST DEPTH:   0           7 = DUSTSTORM OR SANDSTORM:
                                                       VSBY 1/2 MILE OR LESS
                                                   8 = SMOKE OR HAZE
[NO. OF DAYS WITH]      [WEATHER - DAYS WITH]      9 = BLOWING SNOW
                                                   X = TORNADO
MAX 32 OR BELOW:   0    0.01 INCH OR MORE:   2
MAX 90 OR ABOVE:  20    0.10 INCH OR MORE:   2
MIN 32 OR BELOW:   0    0.50 INCH OR MORE:   1
MIN  0 OR BELOW:   0    1.00 INCH OR MORE:   1

[HDD (BASE 65) ]
TOTAL THIS MO.     0    CLEAR  (SCALE 0-3)  23
DPTR FM NORMAL    -1    PTCLDY (SCALE 4-7)   3
TOTAL FM JUL 1     0    CLOUDY (SCALE 8-10)  1
DPTR FM NORMAL    -1

[CDD (BASE 65) ]
TOTAL THIS MO.   431
DPTR FM NORMAL   118    [PRESSURE DATA]
TOTAL FM JAN 1  2534    HIGHEST SLP M ON M
DPTR FM NORMAL   387    LOWEST  SLP M ON M

[REMARKS]
