000
CXUS56 KSGX 281545
CF6PSP
PRELIMINARY LOCAL CLIMATOLOGICAL DATA (WS FORM: F-6)

                                          STATION:   PALM SPRINGS INTL AIRPORT CA
                                          MONTH:     APRIL
                                          YEAR:      2016
                                          LATITUDE:   33 49 N
                                          LONGITUDE: 116 30 W

  TEMPERATURE IN F:       :PCPN:    SNOW:  WIND      :SUNSHINE: SKY     :PK WND
================================================================================
1   2   3   4   5  6A  6B    7    8   9   10  11  12  13   14  15   16   17  18
                                     12Z  AVG MX 2MIN
DY MAX MIN AVG DEP HDD CDD  WTR  SNW DPTH SPD SPD DIR MIN PSBL S-S WX    SPD DR
================================================================================

 1  87  58  73   5   0   8 0.00  0.0    0  5.5 17 330   M    M   1        21 340
 2  89  60  75   7   0  10 0.00  0.0    0  6.9 14 150   M    M   0        18 120
 3  90  58  74   6   0   9 0.00  0.0    0  5.8 15 120   M    M   0        20 110
 4  94  61  78  10   0  13 0.00  0.0    0  5.2 17 320   M    M   1        21 310
 5  96  62  79  10   0  14 0.00  0.0    0  4.1 10  10   M    M   1        15 340
 6  97  70  84  15   0  19 0.00  0.0    0  7.0 22 320   M    M   1        30 290
 7  81  71  76   7   0  11    T  0.0    0 10.5 28 330   M    M   7        38 320
 8  75  61  68  -1   0   3 0.11  0.0    0  7.0 18 330   M    M   8        24 330
 9  75  57  66  -3   0   1    T  0.0    0  6.2 21 320   M    M   5        27 310
10  90  63  77   7   0  12 0.00  0.0    0  6.6 21 330   M    M   6        26 330
11  76  57  67  -3   0   2    T  0.0    0  3.7 13 170   M    M   4        17 120
12  88  56  72   2   0   7 0.00  0.0    0  7.9 22 320   M    M   2        28 320
13  91  60  76   6   0  11 0.00  0.0    0  6.2 24 320   M    M   0        30 320
14  87  61  74   4   0   9 0.00  0.0    0  8.3 30 330   M    M   2        36 330
15  85  60  73   2   0   8 0.00  0.0    0 13.9 31 360   M    M   0        37  10
16  88  65  77   6   0  12 0.00  0.0    0 12.9 28 360   M    M   0        38  10
17  90  59  75   4   0  10 0.00  0.0    0  6.0 16 350   M    M   0        24 340
18  94  61  78   7   0  13 0.00  0.0    0  4.9 13 120   M    M   0        16 120
19  95  65  80   8   0  15 0.00  0.0    0  5.9 15 100   M    M   1        20 120
20  99  64  82  10   0  17 0.00  0.0    0  7.3 24 310   M    M   1        26 330
21  95  63  79   7   0  14 0.00  0.0    0  8.1 21 320   M    M   2        26 300
22  95  62  79   7   0  14 0.00  0.0    0  7.3 25 330   M    M   0        32 340
23  89  65  77   4   0  12 0.00  0.0    0 11.0 29 320   M    M   0        35 330
24  92  60  76   3   0  11 0.00  0.0    0  8.3 35 320   M    M   1        45 320
25  78  55  67  -6   0   2 0.03  0.0    0  9.9 44 340   M    M   2        51 330
26  82  50  66  -8   0   1 0.00  0.0    0  9.2 22 320   M    M   1        27 330
27  84  57  71  -3   0   6 0.00  0.0    0  8.9 26 340   M    M   2        38 290
================================================================================
SM 2382 1641         0 264  0.14     0.0 204.5          M       48
================================================================================
AV 88.2 60.8                               7.6 FASTST   M    M   2    MAX(MPH)
                                 MISC ---->  # 44 340               # 51  330
================================================================================
NOTES:
# LAST OF SEVERAL OCCURRENCES

COLUMN 17 PEAK WIND IN M.P.H.

PRELIMINARY LOCAL CLIMATOLOGICAL DATA (WS FORM: F-6) , PAGE 2

                                          STATION:  PALM SPRINGS INTL AIRPORT CA
                                          MONTH:    APRIL
                                          YEAR:     2016
                                          LATITUDE:   33 49 N
                                          LONGITUDE: 116 30 W

[TEMPERATURE DATA]      [PRECIPITATION DATA]       SYMBOLS USED IN COLUMN 16

AVERAGE MONTHLY: 74.5   TOTAL FOR MONTH:   0.14    1 = FOG OR MIST
DPTR FM NORMAL:   3.9   DPTR FM NORMAL:    0.04    2 = FOG REDUCING VISIBILITY
HIGHEST:    99 ON 20    GRTST 24HR  0.11 ON  8- 8      TO 1/4 MILE OR LESS
LOWEST:     50 ON 26                               3 = THUNDER
                        SNOW, ICE PELLETS, HAIL    4 = ICE PELLETS
                        TOTAL MONTH:   0.0 INCH    5 = HAIL
                        GRTST 24HR     0.0         6 = FREEZING RAIN OR DRIZZLE
                        GRTST DEPTH:   0           7 = DUSTSTORM OR SANDSTORM:
                                                       VSBY 1/2 MILE OR LESS
                                                   8 = SMOKE OR HAZE
[NO. OF DAYS WITH]      [WEATHER - DAYS WITH]      9 = BLOWING SNOW
                                                   X = TORNADO
MAX 32 OR BELOW:   0    0.01 INCH OR MORE:   2
MAX 90 OR ABOVE:  13    0.10 INCH OR MORE:   1
MIN 32 OR BELOW:   0    0.50 INCH OR MORE:   0
MIN  0 OR BELOW:   0    1.00 INCH OR MORE:   0

[HDD (BASE 65) ]
TOTAL THIS MO.     0    CLEAR  (SCALE 0-3)  22
DPTR FM NORMAL   -17    PTCLDY (SCALE 4-7)   5
TOTAL FM JUL 1   738    CLOUDY (SCALE 8-10)  0
DPTR FM NORMAL  -130

[CDD (BASE 65) ]
TOTAL THIS MO.   264
DPTR FM NORMAL    93    [PRESSURE DATA]
TOTAL FM JAN 1   601    HIGHEST SLP M ON M
DPTR FM NORMAL   310    LOWEST  SLP 29.73 ON 27

[REMARKS]
