000
CXUS55 KPUB 301059
CF6PUB
PRELIMINARY LOCAL CLIMATOLOGICAL DATA (WS FORM: F-6)

                                          STATION:   PUEBLO CO
                                          MONTH:     SEPTEMBER
                                          YEAR:      2016
                                          LATITUDE:   38 16 N
                                          LONGITUDE: 104 31 W

  TEMPERATURE IN F:       :PCPN:    SNOW:  WIND      :SUNSHINE: SKY     :PK WND
================================================================================
1   2   3   4   5  6A  6B    7    8   9   10  11  12  13   14  15   16   17  18
                                     12Z  AVG MX 2MIN
DY MAX MIN AVG DEP HDD CDD  WTR  SNW DPTH SPD SPD DIR MIN PSBL S-S WX    SPD DR
================================================================================

 1  86  64  75   5   0  10 0.00  0.0    0  8.2 18 100   M    M   5        22 110
 2  89  59  74   4   0   9 0.00  0.0    0  6.1 20 190   M    M   1        24 190
 3  96  64  80  10   0  15    T  0.0    0  9.2 28 300   M    M   1        36 310
 4  93  59  76   7   0  11    T  0.0    0  8.8 29 220   M    M   0        38 200
 5  98  51  75   6   0  10 0.00  0.0    0  6.5 28 240   M    M   0        35 240
 6  92  57  75   6   0  10 0.00  0.0    0  9.8 23 160   M    M   0        28 150
 7  94  62  78  10   0  13 0.00  0.0    0  6.5 18 280   M    M   0        24 280
 8  92  59  76   8   0  11 0.00  0.0    0  8.2 21 130   M    M   1        25 110
 9  89  51  70   2   0   5 0.00  0.0    0 11.3 35  30   M    M   0        42  30
10  84  45  65  -2   0   0 0.00  0.0    0  6.8 18 140   M    M   1        22 120
11  96  46  71   4   0   6 0.00  0.0    0  8.4 28 270   M    M   0        37 190
12  91  60  76  10   0  11 0.01  0.0    0 11.8 29  60   M    M   2 3      36  60
13  70  55  63  -3   2   0 0.00  0.0    0  8.5 18 110   M    M   7        24 120
14  80  53  67   1   0   2 0.04  0.0    0  5.6 32 300   M    M   5 3      40 300
15  87  47  67   2   0   2 0.00  0.0    0  6.7 40 360   M    M   0        50  10
16  77  48  63  -2   2   0 0.00  0.0    0  6.0 16 110   M    M   2 3      20 120
17  87  47  67   3   0   2 0.00  0.0    0  7.9 25 290   M    M   0 3      36 320
18  92  43  68   4   0   3 0.00  0.0    0  5.5 23 280   M    M   0        29 280
19  95  53  74  11   0   9 0.00  0.0    0  6.1 15 320   M    M   0        28 230
20  95  54  75  12   0  10 0.00  0.0    0  8.3 32 290   M    M   0        40 300
21  87  59  73  11   0   8    T  0.0    0  7.6 25 220   M    M   2 3      35 230
22  91  54  73  11   0   8    T  0.0    0 10.4 25 190   M    M   2        35 210
23  91  56  74  13   0   9    T  0.0    0 18.1 43 280   M    M   1        54 280
24  77  41  59  -2   6   0 0.00  0.0    0  9.5 25 290   M    M   0        32 220
25  72  47  60   0   5   0 0.00  0.0    0  6.2 20  10   M    M   2        24  10
26  79  40  60   0   5   0 0.00  0.0    0  5.9 15 160   M    M   0        20 150
27  88  43  66   6   0   1 0.00  0.0    0  5.8 14 100   M    M   0        18 170
28  85  48  67   8   0   2 0.00  0.0    0  8.0 16 110   M    M   0        21  80
29  87  48  68   9   0   3 0.00  0.0    0  8.1 21 120   M    M   0        26 110
================================================================================
SM 2540 1513        20 170  0.05     0.0 235.8          M       32
================================================================================
AV 87.6 52.2                               8.1 FASTST   M    M   1    MAX(MPH)
                                 MISC ---->  # 43 280               # 54  280
================================================================================
NOTES:
# LAST OF SEVERAL OCCURRENCES

COLUMN 17 PEAK WIND IN M.P.H.

PRELIMINARY LOCAL CLIMATOLOGICAL DATA (WS FORM: F-6) , PAGE 2

                                          STATION:  PUEBLO CO
                                          MONTH:    SEPTEMBER
                                          YEAR:     2016
                                          LATITUDE:   38 16 N
                                          LONGITUDE: 104 31 W

[TEMPERATURE DATA]      [PRECIPITATION DATA]       SYMBOLS USED IN COLUMN 16

AVERAGE MONTHLY: 69.9   TOTAL FOR MONTH:   0.05    1 = FOG OR MIST
DPTR FM NORMAL:   5.0   DPTR FM NORMAL:   -0.70    2 = FOG REDUCING VISIBILITY
HIGHEST:    98 ON  5    GRTST 24HR  0.04 ON 14-14      TO 1/4 MILE OR LESS
LOWEST:     40 ON 26                               3 = THUNDER
                        SNOW, ICE PELLETS, HAIL    4 = ICE PELLETS
                        TOTAL MONTH:   0.0 INCH    5 = HAIL
                        GRTST 24HR     0.0         6 = FREEZING RAIN OR DRIZZLE
                        GRTST DEPTH:   0           7 = DUSTSTORM OR SANDSTORM:
                                                       VSBY 1/2 MILE OR LESS
                                                   8 = SMOKE OR HAZE
[NO. OF DAYS WITH]      [WEATHER - DAYS WITH]      9 = BLOWING SNOW
                                                   X = TORNADO
MAX 32 OR BELOW:   0    0.01 INCH OR MORE:   2
MAX 90 OR ABOVE:  13    0.10 INCH OR MORE:   0
MIN 32 OR BELOW:   0    0.50 INCH OR MORE:   0
MIN  0 OR BELOW:   0    1.00 INCH OR MORE:   0

[HDD (BASE 65) ]
TOTAL THIS MO.    20    CLEAR  (SCALE 0-3)  26
DPTR FM NORMAL   -68    PTCLDY (SCALE 4-7)   3
TOTAL FM JUL 1    20    CLOUDY (SCALE 8-10)  0
DPTR FM NORMAL   -73

[CDD (BASE 65) ]
TOTAL THIS MO.   170
DPTR FM NORMAL    88    [PRESSURE DATA]
TOTAL FM JAN 1  1335    HIGHEST SLP M ON M
DPTR FM NORMAL   442    LOWEST  SLP 29.67 ON 23

[REMARKS]
