000
CXUS56 KOTX 281500
CF6PUW
PRELIMINARY LOCAL CLIMATOLOGICAL DATA (WS FORM: F-6)

                                          STATION:   PULLMAN-MOSCOW  AIRPORT
                                          MONTH:     NOVEMBER
                                          YEAR:      2014
                                          LATITUDE:   46 44 N
                                          LONGITUDE: 117  7 W

  TEMPERATURE IN F:       :PCPN:    SNOW:  WIND      :SUNSHINE: SKY     :PK WND
================================================================================
1   2   3   4   5  6A  6B    7    8   9   10  11  12  13   14  15   16   17  18
                                     12Z  AVG MX 2MIN
DY MAX MIN AVG DEP HDD CDD  WTR  SNW DPTH SPD SPD DIR MIN PSBL S-S WX    SPD DR
================================================================================

 1  46  40  43   1  22   0 0.09    M    M 13.1 23 250   M    M  10 12     32 260
 2  49  35  42   0  23   0 0.00    M    M 10.4 24 250   M    M   2        33 240
 3  48  40  44   3  21   0    T    M    M  9.5 14 140   M    M  10 1      17 160
 4  54  46  50   9  15   0 0.15    M    M 12.5 23 240   M    M   8 1      31 250
 5  58  47  53  12  12   0    T    M    M  9.2 16  90   M    M   5        20  90
 6  68  47  58  18   7   0 0.02    M    M 15.0 30 240   M    M   6        39 230
 7  55  34  45   5  20   0 0.00    M    M  5.2 23 250   M    M   0        31 250
 8  55  35  45   5  20   0 0.00    M    M  5.4 13  90   M    M   0        15 160
 9  51  38  45   6  20   0 0.30    M    M 13.1 30 280   M    M   7 1      38 280
10  40  28  34  -5  31   0 0.00    M    M  7.2 15 360   M    M   2 8      19 350
11  29  17  23 -15  42   0 0.00    M    M 14.5 24  80   M    M   2        32 100
12  29  14  22 -16  43   0 0.00    M    M 10.7 21 120   M    M   0        26  90
13  31  17  24 -14  41   0 0.00    M    M  9.5 22 120   M    M   4        26 120
14  27   9  18 -20  47   0 0.00    M    M  5.1 15 260   M    M   7        18 270
15  31   6  19 -18  46   0    T    M    M  1.5  9 290   M    M   3 128    13 290
16  34   7  21 -16  44   0 0.00    M    M  5.9 21 100   M    M   0        24 100
17  36  17  27  -9  38   0 0.00    M    M  6.5 14  90   M    M   0        16 100
18  38  22  30  -6  35   0 0.00    M    M  8.9 18 130   M    M   2 8      22 130
19  47  26  37   1  28   0 0.00    M    M  7.1 16 100   M    M   2        20 100
20  40  27  34  -2  31   0 0.02    M    M  6.2 13 130   M    M   9 1      16 120
21  45  33  39   4  26   0 0.27    M    M 11.1 26 150   M    M   9 1      32 160
22  46  36  41   6  24   0 0.31    M    M 18.4 30 240   M    M   5 1      39 240
23  46  35  41   7  24   0 0.19    M    M 15.9 35 250   M    M   5 1      46 240
24  42  31  37   3  28   0 0.09    M    M 10.3 22 230   M    M   5 1      27 230
25  49  38  44  10  21   0 0.78    M    M 10.7 26 250   M    M  10 1      33 240
26  54  40  47  13  18   0 0.01    M    M  6.9 17 240   M    M   5 12     23 240
27  56  45  51  18  14   0    T    M    M  5.8 14 140   M    M   9        18 210
================================================================================
SM 1204  810       741   0  2.23    M    255.6          M      127
================================================================================
AV 44.6 30.0                               9.5 FASTST   M    M   5    MAX(MPH)
                                 MISC ---->  # 35 250               # 46  240
================================================================================
NOTES:
# LAST OF SEVERAL OCCURRENCES

COLUMN 17 PEAK WIND IN M.P.H.

PRELIMINARY LOCAL CLIMATOLOGICAL DATA (WS FORM: F-6) , PAGE 2

                                          STATION:  PULLMAN-MOSCOW  AIRPORT
                                          MONTH:    NOVEMBER
                                          YEAR:     2014
                                          LATITUDE:   46 44 N
                                          LONGITUDE: 117  7 W

[TEMPERATURE DATA]      [PRECIPITATION DATA]       SYMBOLS USED IN COLUMN 16

AVERAGE MONTHLY: 37.3   TOTAL FOR MONTH:   2.23    1 = FOG OR MIST
DPTR FM NORMAL:  -0.3   DPTR FM NORMAL:    0.17    2 = FOG REDUCING VISIBILITY
HIGHEST:    68 ON  6    GRTST 24HR  0.79 ON 25-26      TO 1/4 MILE OR LESS
LOWEST:      6 ON 15                               3 = THUNDER
                        SNOW, ICE PELLETS, HAIL    4 = ICE PELLETS
                        TOTAL MONTH:    M          5 = HAIL
                        GRTST 24HR    M  ON   M    6 = FREEZING RAIN OR DRIZZLE
                        GRTST DEPTH:  M  ON   M    7 = DUSTSTORM OR SANDSTORM:
                                                       VSBY 1/2 MILE OR LESS
                                                   8 = SMOKE OR HAZE
[NO. OF DAYS WITH]      [WEATHER - DAYS WITH]      9 = BLOWING SNOW
                                                   X = TORNADO
MAX 32 OR BELOW:   5    0.01 INCH OR MORE:  11
MAX 90 OR ABOVE:   0    0.10 INCH OR MORE:   6
MIN 32 OR BELOW:  12    0.50 INCH OR MORE:   1
MIN  0 OR BELOW:   0    1.00 INCH OR MORE:   0

[HDD (BASE 65) ]
TOTAL THIS MO.   741    CLEAR  (SCALE 0-3)  11
DPTR FM NORMAL     0    PTCLDY (SCALE 4-7)  10
TOTAL FM JUL 1  1230    CLOUDY (SCALE 8-10)  6
DPTR FM NORMAL  -417

[CDD (BASE 65) ]
TOTAL THIS MO.     0
DPTR FM NORMAL     0    [PRESSURE DATA]
TOTAL FM JAN 1   346    HIGHEST SLP M ON M
DPTR FM NORMAL   133    LOWEST  SLP  0.00 ON M

[REMARKS]
