000
CXUS56 KOTX 260900
CF6PUW
PRELIMINARY LOCAL CLIMATOLOGICAL DATA (WS FORM: F-6)

                                          STATION:   PULLMAN-MOSCOW  AIRPORT
                                          MONTH:     JANUARY
                                          YEAR:      2015
                                          LATITUDE:   46 44 N
                                          LONGITUDE: 117  7 W

  TEMPERATURE IN F:       :PCPN:    SNOW:  WIND      :SUNSHINE: SKY     :PK WND
================================================================================
1   2   3   4   5  6A  6B    7    8   9   10  11  12  13   14  15   16   17  18
                                     12Z  AVG MX 2MIN
DY MAX MIN AVG DEP HDD CDD  WTR  SNW DPTH SPD SPD DIR MIN PSBL S-S WX    SPD DR
================================================================================

 1  19   6  13 -17  52   0 0.00    M    M  4.3 14 100   M    M   5        17 100
 2  25  18  22  -8  43   0 0.01    M    M 10.4 22 120   M    M   9 1      25 130
 3  31  22  27  -3  38   0    T    M    M  7.2 13 100   M    M  10 12     16  90
 4  37  28  33   3  32   0 0.42    M    M  7.7 20 130   M    M   9 12     21 130
 5  49  36  43  13  22   0 0.03    M    M 18.1 32 250   M    M   9 1      45 250
 6  48  40  44  13  21   0 0.00    M    M  7.8 18 130   M    M   2        26 120
 7  47  32  40   9  25   0 0.00    M    M  7.8 18 100   M    M   0        23 100
 8  37  29  33   2  32   0 0.00    M    M  2.1 10  80   M    M   7 12     12  70
 9  32  28  30  -1  35   0 0.00    M    M  3.2 10  90   M    M  10 12     12 300
10  35  30  33   2  32   0 0.02    M    M  3.4  9 120   M    M  10 12     11  90
11  35  31  33   2  32   0    T    M    M  1.2  6 340   M    M  10 1       6 340
12  34  31  33   2  32   0    T    M    M  4.8 13 280   M    M  10 12     15 270
13  33  27  30  -1  35   0    T    M    M  2.4  7 100   M    M   6 1      10 120
14  37  27  32   0  33   0 0.00    M    M  6.4 16 100   M    M   5        20 100
15  39  27  33   1  32   0    T    M    M 11.6 24 150   M    M   6 1      29 160
16  43  31  37   5  28   0 0.12    M    M 10.1 24 150   M    M   7 1      29 150
17  41  32  37   5  28   0 0.66    M    M 15.5 21  90   M    M   6 1      26 100
18  47  39  43  11  22   0 0.35    M    M 17.5 29 250   M    M   5 1      40 240
19  44  32  38   6  27   0    T    M    M 10.6 21 250   M    M   5        26 240
20  42  27  35   3  30   0 0.00    M    M  1.4  6 190   M    M   2        11  50
21  39  28  34   2  31   0 0.00    M    M 10.5 18 100   M    M   0        21 110
22  38  30  34   2  31   0    T    M    M 10.0 15 100   M    M   7 1      19 100
23  45  34  40   8  25   0 0.00    M    M 10.2 17  90   M    M   9        21 100
24  50  42  46  14  19   0    T    M    M  7.8 15 120   M    M   8        20 130
25  54  40  47  15  18   0 0.00    M    M 10.8 20 100   M    M   0        24 130
================================================================================
SM  981  747       755   0  1.61    M    202.8          M      157
================================================================================
AV 39.2 29.9                               8.1 FASTST   M    M   6    MAX(MPH)
                                 MISC ---->  # 32 250               # 45  250
================================================================================
NOTES:
# LAST OF SEVERAL OCCURRENCES

COLUMN 17 PEAK WIND IN M.P.H.

PRELIMINARY LOCAL CLIMATOLOGICAL DATA (WS FORM: F-6) , PAGE 2

                                          STATION:  PULLMAN-MOSCOW  AIRPORT
                                          MONTH:    JANUARY
                                          YEAR:     2015
                                          LATITUDE:   46 44 N
                                          LONGITUDE: 117  7 W

[TEMPERATURE DATA]      [PRECIPITATION DATA]       SYMBOLS USED IN COLUMN 16

AVERAGE MONTHLY: 34.6   TOTAL FOR MONTH:   1.61    1 = FOG OR MIST
DPTR FM NORMAL:   3.3   DPTR FM NORMAL:    0.20    2 = FOG REDUCING VISIBILITY
HIGHEST:    54 ON 25    GRTST 24HR  1.01 ON 17-18      TO 1/4 MILE OR LESS
LOWEST:      6 ON  1                               3 = THUNDER
                        SNOW, ICE PELLETS, HAIL    4 = ICE PELLETS
                        TOTAL MONTH:    M          5 = HAIL
                        GRTST 24HR    M  ON   M    6 = FREEZING RAIN OR DRIZZLE
                        GRTST DEPTH:  M  ON   M    7 = DUSTSTORM OR SANDSTORM:
                                                       VSBY 1/2 MILE OR LESS
                                                   8 = SMOKE OR HAZE
[NO. OF DAYS WITH]      [WEATHER - DAYS WITH]      9 = BLOWING SNOW
                                                   X = TORNADO
MAX 32 OR BELOW:   4    0.01 INCH OR MORE:   7
MAX 90 OR ABOVE:   0    0.10 INCH OR MORE:   4
MIN 32 OR BELOW:  19    0.50 INCH OR MORE:   1
MIN  0 OR BELOW:   0    1.00 INCH OR MORE:   0

[HDD (BASE 65) ]
TOTAL THIS MO.   755    CLEAR  (SCALE 0-3)   5
DPTR FM NORMAL   -89    PTCLDY (SCALE 4-7)  11
TOTAL FM JUL 1  3023    CLOUDY (SCALE 8-10)  9
DPTR FM NORMAL  -645

[CDD (BASE 65) ]
TOTAL THIS MO.     0
DPTR FM NORMAL     0    [PRESSURE DATA]
TOTAL FM JAN 1     0    HIGHEST SLP M ON M
DPTR FM NORMAL     0    LOWEST  SLP  0.00 ON M

[REMARKS]
