000
CXUS51 KBOX 191200
CF6PVD
PRELIMINARY LOCAL CLIMATOLOGICAL DATA (WS FORM: F-6)

                                          STATION:   PROVIDENCE RI
                                          MONTH:     FEBRUARY
                                          YEAR:      2018
                                          LATITUDE:   41 43 N
                                          LONGITUDE:  71 26 W

  TEMPERATURE IN F:       :PCPN:    SNOW:  WIND      :SUNSHINE: SKY     :PK WND
================================================================================
1   2   3   4   5  6A  6B    7    8   9   10  11  12  13   14  15   16   17  18
                                     12Z  AVG MX 2MIN
DY MAX MIN AVG DEP HDD CDD  WTR  SNW DPTH SPD SPD DIR MIN PSBL S-S WX    SPD DR
================================================================================

 1  45  30  38   8  27   0    T  0.0    1  9.1 20 210   M    M   8        24 210
 2  38  12  25  -5  40   0 0.21  0.1    0 14.5 29 300   M    M   7 1      43 300
 3  29  10  20 -10  45   0 0.00  0.0    0  8.5 16 230   M    M   3        21 230
 4  46  26  36   6  29   0 0.71  0.0    0  7.6 17 170   M    M   9 1      21 170
 5  46  23  35   5  30   0 0.29  0.0    0 12.3 26 290   M    M   3 1      35 300
 6  35  21  28  -3  37   0    T    T    0  4.3 13 210   M    M   5        17 220
 7  51  22  37   6  28   0 0.55  0.4    0  6.9 22 230   M    M   7 14     34 220
 8  35  24  30  -1  35   0 0.00  0.0    0 10.2 23 310   M    M   4        31 330
 9  33  19  26  -5  39   0    T    T    0  6.9 16 220   M    M   6 1      20 220
10  54  29  42  11  23   0 0.23  0.0    0  6.4 20 220   M    M   9 1      26 210
11  58  43  51  20  14   0 1.25  0.0    0  4.6 17 230   M    M  10 1      25 220
12  59  31  45  14  20   0 0.01  0.0    0 11.1 18 350   M    M   6 1      28 330
13  37  25  31  -1  34   0 0.00  0.0    0  8.8 16 350   M    M   4        21 320
14  52  28  40   8  25   0    T  0.0    0  6.6 21 250   M    M   6        28 290
15  53  36  45  13  20   0 0.06  0.0    0  5.9 12 240   M    M  10 1      14 230
16  56  36  46  14  19   0 0.14  0.0    0  9.3 26 310   M    M   8 1      38 310
17  38  28  33   1  32   0 0.34  2.3    0  8.0 17 190   M    M   6 14     21 180
18  44  29  37   4  28   0 0.29  2.9    3  8.6 24 350   M    M   5 16     30 350
================================================================================
SM  809  472       525   0  4.08     5.7 149.6          M      116
================================================================================
AV 44.9 26.2                               8.3 FASTST   M    M   6    MAX(MPH)
                                 MISC ---->  # 29 300               # 43  300
================================================================================
NOTES:
# LAST OF SEVERAL OCCURRENCES

COLUMN 17 PEAK WIND IN M.P.H.

PRELIMINARY LOCAL CLIMATOLOGICAL DATA (WS FORM: F-6) , PAGE 2

                                          STATION:  PROVIDENCE RI
                                          MONTH:    FEBRUARY
                                          YEAR:     2018
                                          LATITUDE:   41 43 N
                                          LONGITUDE:  71 26 W

[TEMPERATURE DATA]      [PRECIPITATION DATA]       SYMBOLS USED IN COLUMN 16

AVERAGE MONTHLY: 35.6   TOTAL FOR MONTH:   4.08    1 = FOG OR MIST
DPTR FM NORMAL:   4.5   DPTR FM NORMAL:    2.05    2 = FOG REDUCING VISIBILITY
HIGHEST:    59 ON 12    GRTST 24HR  1.25 ON 11-11      TO 1/4 MILE OR LESS
LOWEST:     10 ON  3                               3 = THUNDER
                        SNOW, ICE PELLETS, HAIL    4 = ICE PELLETS
                        TOTAL MONTH:   5.7 INCHES  5 = HAIL
                        GRTST 24HR   2.9 ON 18-18  6 = FREEZING RAIN OR DRIZZLE
                        GRTST DEPTH:   3 ON 18     7 = DUSTSTORM OR SANDSTORM:
                                                       VSBY 1/2 MILE OR LESS
                                                   8 = SMOKE OR HAZE
[NO. OF DAYS WITH]      [WEATHER - DAYS WITH]      9 = BLOWING SNOW
                                                   X = TORNADO
MAX 32 OR BELOW:   1    0.01 INCH OR MORE:  11
MAX 90 OR ABOVE:   0    0.10 INCH OR MORE:   9
MIN 32 OR BELOW:  15    0.50 INCH OR MORE:   3
MIN  0 OR BELOW:   0    1.00 INCH OR MORE:   1

[HDD (BASE 65) ]
TOTAL THIS MO.   525    CLEAR  (SCALE 0-3)   1
DPTR FM NORMAL   -86    PTCLDY (SCALE 4-7)  12
TOTAL FM JUL 1  3484    CLOUDY (SCALE 8-10)  5
DPTR FM NORMAL  -264

[CDD (BASE 65) ]
TOTAL THIS MO.     0
DPTR FM NORMAL     0    [PRESSURE DATA]
TOTAL FM JAN 1     0    HIGHEST SLP M ON M
DPTR FM NORMAL     0    LOWEST  SLP 29.47 ON  5

[REMARKS]
