000
CXUS54 KOUN 240810
CF6PWA
PRELIMINARY LOCAL CLIMATOLOGICAL DATA (WS FORM: F-6)
STATION: BETHANY/WILEY POST
MONTH: APRIL
YEAR: 2024
LATITUDE: 35 31 N
LONGITUDE: 97 38 W
TEMPERATURE IN F: :PCPN: SNOW: WIND :SUNSHINE: SKY :PK WND
================================================================================
1 2 3 4 5 6A 6B 7 8 9 10 11 12 13 14 15 16 17 18
12Z AVG MX 2MIN
DY MAX MIN AVG DEP HDD CDD WTR SNW DPTH SPD SPD DIR MIN PSBL S-S WX SPD DR
================================================================================
1 77 50 64 7 1 0 0.82 M M 13.7 28 340 M M 6 13 36 340
2 60 41 51 -6 14 0 0.00 M M 14.1 25 340 M M 6 1 35 360
3 64 39 52 -5 13 0 0.00 M M 11.0 24 340 M M 0 36 10
4 72 36 54 -4 11 0 0.00 M M 6.4 13 60 M M 0 17 40
5 81 53 67 9 0 2 0.00 M M 13.6 22 140 M M 0 8 29 160
6 76 51 64 6 1 0 0.13 M M 19.8 36 170 M M 2 13 48 170
7 72 48 60 2 5 0 0.00 M M 11.8 21 250 M M 0 30 240
8 70 45 58 0 7 0 0.00 M M 10.1 23 160 M M 0 31 160
9 71 52 62 3 3 0 0.14 M M 13.5 29 350 M M 4 138 38 350
10 67 45 56 -3 9 0 0.73 M M 9.1 18 10 M M 6 1 28 360
11 68 43 56 -3 9 0 0.00 M M 11.0 30 330 M M 0 43 330
12 78 40 59 0 6 0 0.00 M M 10.5 24 200 M M 0 30 180
13 81 59 70 10 0 5 0.00 M M 20.2 33 190 M M 0 44 170
14 89 63 76 16 0 11 0.00 0.0 M 17.4 28 200 M M 0 35 200
15 73 65 69 9 0 4 T 0.0 M 21.6 37 170 M M 5 1 52 150
16 82 57 70 10 0 5 T 0.0 M 15.0 32 170 M M 2 46 170
17 88 54 71 10 0 6 0.00 0.0 M 14.4 26 160 M M 1 1 36 160
18 77 50 64 3 1 0 0.00 M M 19.5 28 30 M M 8 38 340
19 65 43 54 -7 11 0 0.00 M M 12.7 24 40 M M 2 32 50
20 61 49 55 -6 10 0 0.00 M M 15.9 26 40 M M 7 35 40
21 64 41 53 -9 12 0 0.00 M M 7.6 16 20 M M 2 28 320
22 72 38 55 -7 10 0 0.00 M M 16.1 29 190 M M 0 38 200
23 80 57 69 7 0 4 0.00 M M 14.1 28 200 M M 2 37 200
================================================================================
SM 1688 1119 123 37 1.82 0.0 319.1 M 53
================================================================================
AV 73.4 48.7 13.9 FASTST M M 2 MAX(MPH)
MISC ----> 37 170 52 150
================================================================================
NOTES:
# LAST OF SEVERAL OCCURRENCES
COLUMN 17 PEAK WIND IN M.P.H.
PRELIMINARY LOCAL CLIMATOLOGICAL DATA (WS FORM: F-6) , PAGE 2
STATION: BETHANY/WILEY POST
MONTH: APRIL
YEAR: 2024
LATITUDE: 35 31 N
LONGITUDE: 97 38 W
[TEMPERATURE DATA] [PRECIPITATION DATA] SYMBOLS USED IN COLUMN 16
AVERAGE MONTHLY: 61.0 TOTAL FOR MONTH: 1.82 1 = FOG OR MIST
DPTR FM NORMAL: 1.6 DPTR FM NORMAL: -0.33 2 = FOG REDUCING VISIBILITY
HIGHEST: 89 ON 14 GRTST 24HR 0.87 ON 9-10 TO 1/4 MILE OR LESS
LOWEST: 36 ON 4 3 = THUNDER
SNOW, ICE PELLETS, HAIL 4 = ICE PELLETS
TOTAL MONTH: 0.0 INCH 5 = HAIL
GRTST 24HR 0.0 6 = FREEZING RAIN OR DRIZZLE
GRTST DEPTH: M ON M 7 = DUSTSTORM OR SANDSTORM:
VSBY 1/2 MILE OR LESS
8 = SMOKE OR HAZE
[NO. OF DAYS WITH] [WEATHER - DAYS WITH] 9 = BLOWING SNOW
X = TORNADO
MAX 32 OR BELOW: 0 0.01 INCH OR MORE: 4
MAX 90 OR ABOVE: 0 0.10 INCH OR MORE: 4
MIN 32 OR BELOW: 0 0.50 INCH OR MORE: 2
MIN 0 OR BELOW: 0 1.00 INCH OR MORE: 0
[HDD (BASE 65) ]
TOTAL THIS MO. 123 CLEAR (SCALE 0-3) 16
DPTR FM NORMAL -39 PTCLDY (SCALE 4-7) 6
TOTAL FM JUL 1 2994 CLOUDY (SCALE 8-10) 1
DPTR FM NORMAL -367
[CDD (BASE 65) ]
TOTAL THIS MO. 37
DPTR FM NORMAL -2 [PRESSURE DATA]
TOTAL FM JAN 1 54 HIGHEST SLP M ON M
DPTR FM NORMAL -1 LOWEST SLP 29.46 ON 1
[REMARKS]