159
CXUS54 KFWD 250730
CF6PWG
PRELIMINARY LOCAL CLIMATOLOGICAL DATA (WS FORM: F-6)

                                          STATION:   WACO MCGREGOR
                                          MONTH:     FEBRUARY
                                          YEAR:      2018
                                          LATITUDE:   31 28 N
                                          LONGITUDE:  97 19 W

  TEMPERATURE IN F:       :PCPN:    SNOW:  WIND      :SUNSHINE: SKY     :PK WND
================================================================================
1   2   3   4   5  6A  6B    7    8   9   10  11  12  13   14  15   16   17  18
                                     12Z  AVG MX 2MIN
DY MAX MIN AVG DEP HDD CDD  WTR  SNW DPTH SPD SPD DIR MIN PSBL S-S WX    SPD DR
================================================================================

 1  65  46  56   9   9   0 0.00  0.0    0 11.4 17 360   M    M   0        25 360
 2  57  35  46  -1  19   0 0.00  0.0    0 10.5 15  10   M    M   5        24  10
 3  58  44  51   4  14   0    T  0.0    0 12.8 20 170   M    M   7        25 180
 4  68  39  54   6  11   0 0.00  0.0    0  9.8 23  30   M    M   4 12     28  30
 5  47  27  37 -11  28   0 0.00  0.0    0  6.1 15  10   M    M   5         M  M
 6  44  33  39  -9  26   0 0.17  0.0    0  8.6 12 340   M    M  10 18      M  M
 7  47  29  38 -10  27   0    T  0.0    0 11.9 17 360   M    M   4 1      25 340
 8  59  23  41  -7  24   0 0.00  0.0    0  5.1  8 110   M    M   0 1       M  M
 9  68  45  57   9   8   0 0.00  0.0    0 10.2 16 180   M    M   9         M  M
10  60  32  46  -2  19   0    T  0.0    0  9.5 18 350   M    M  10 1      23 350
11  42  26  34 -15  31   0    T    M    0 13.1 20 340   M    M   7 1      25 340
12  42  25  34 -15  31   0 0.00  0.0    0  8.2 13  10   M    M   5         M  M
13  45  38  42  -7  23   0 0.01  0.0    0  2.7  7  40   M    M  10 1       M  M
14  75  44  60  11   5   0 0.00  0.0    0  7.5 17 180   M    M   7 1      31 200
15  79  63  71  22   0   6 0.00  0.0    0 16.6 24 200   M    M   8        36 210
16  66  50  58   8   7   0 0.00  0.0    0 11.3 21 340   M    M   3 1      27 350
17  61  42  52   2  13   0 0.02  0.0    0  4.4 13 330   M    M   7         M  M
18  69  40  55   5  10   0 0.00  0.0    0  5.8 17 160   M    M   6 12     27 160
19  80  66  73  23   0   8    T  0.0    0 21.9 32 170   M    M   8        43 170
20  72  43  58   8   7   0 0.39  0.0    0 15.9 25 160   M    M   8 13     37 160
21  42  34  38 -13  27   0 1.05  0.0    0 13.2 18 330   M    M  10 13     25 340
22   M   M   M   M   M   M 0.11  0.0    0  7.9 14 350   M    M  10 1       M  M
23  57  39  48  -3  17   0 0.13  0.0    0  5.2  9 120   M    M   9 1       M  M
24  77  49  63  12   2   0 0.11    M    0  7.5 18 200   M    M   9 13     23 190
================================================================================
SM 1380  912       358  14  1.99     0.0 237.1          M      161
================================================================================
AV 60.0 39.7                               9.9 FASTST   M    M   7    MAX(MPH)
                                 MISC ---->    32   M                 43    M
================================================================================
NOTES:
# LAST OF SEVERAL OCCURRENCES

COLUMN 17 PEAK WIND IN M.P.H.

PRELIMINARY LOCAL CLIMATOLOGICAL DATA (WS FORM: F-6) , PAGE 2

                                          STATION:  WACO MCGREGOR
                                          MONTH:    FEBRUARY
                                          YEAR:     2018
                                          LATITUDE:   31 28 N
                                          LONGITUDE:  97 19 W

[TEMPERATURE DATA]      [PRECIPITATION DATA]       SYMBOLS USED IN COLUMN 16

AVERAGE MONTHLY: 49.8   TOTAL FOR MONTH:   1.99    1 = FOG OR MIST
DPTR FM NORMAL:   0.8   DPTR FM NORMAL:   -0.26    2 = FOG REDUCING VISIBILITY
HIGHEST:    80 ON 19    GRTST 24HR  1.05 ON 21-21      TO 1/4 MILE OR LESS
LOWEST:     23 ON  8                               3 = THUNDER
                        SNOW, ICE PELLETS, HAIL    4 = ICE PELLETS
                        TOTAL MONTH:   0.0 INCH    5 = HAIL
                        GRTST 24HR     0.0         6 = FREEZING RAIN OR DRIZZLE
                        GRTST DEPTH:   0           7 = DUSTSTORM OR SANDSTORM:
                                                       VSBY 1/2 MILE OR LESS
                                                   8 = SMOKE OR HAZE
[NO. OF DAYS WITH]      [WEATHER - DAYS WITH]      9 = BLOWING SNOW
                                                   X = TORNADO
MAX 32 OR BELOW:   0    0.01 INCH OR MORE:   8
MAX 90 OR ABOVE:   0    0.10 INCH OR MORE:   6
MIN 32 OR BELOW:   6    0.50 INCH OR MORE:   1
MIN  0 OR BELOW:   0    1.00 INCH OR MORE:   1

[HDD (BASE 65) ]
TOTAL THIS MO.   358    CLEAR  (SCALE 0-3)   3
DPTR FM NORMAL   -30    PTCLDY (SCALE 4-7)  11
TOTAL FM JUL 1  1774    CLOUDY (SCALE 8-10) 10
DPTR FM NORMAL  -122

[CDD (BASE 65) ]
TOTAL THIS MO.    14
DPTR FM NORMAL    14    [PRESSURE DATA]
TOTAL FM JAN 1    14    HIGHEST SLP M ON M
DPTR FM NORMAL    12    LOWEST  SLP M ON M

[REMARKS]
