000
CXUS54 KFWD 230730
CF6PWG
PRELIMINARY LOCAL CLIMATOLOGICAL DATA (WS FORM: F-6)

                                          STATION:   WACO MCGREGOR
                                          MONTH:     NOVEMBER
                                          YEAR:      2017
                                          LATITUDE:   31 28 N
                                          LONGITUDE:  97 19 W

  TEMPERATURE IN F:       :PCPN:    SNOW:  WIND      :SUNSHINE: SKY     :PK WND
================================================================================
1   2   3   4   5  6A  6B    7    8   9   10  11  12  13   14  15   16   17  18
                                     12Z  AVG MX 2MIN
DY MAX MIN AVG DEP HDD CDD  WTR  SNW DPTH SPD SPD DIR MIN PSBL S-S WX    SPD DR
================================================================================

 1  75  50  63   1   2   0 0.00  0.0    0  8.4 16 170   M    M   5         M  M
 2  92  66  79  17   0  14 0.00  0.0    0 13.8 22 170   M    M   2 1      30 170
 3  81  61  71  10   0   6 0.00  0.0    0  7.3 17 180   M    M   4 1      22 180
 4  86  63  75  14   0  10 0.00  0.0    0 11.2 17 160   M    M   6        23 170
 5  88  71  80  19   0  15 0.00  0.0    0 12.6 20 180   M    M   4        24 210
 6  88  63  76  16   0  11 0.00  0.0    0  9.6 13 200   M    M   3        16 190
 7  64  51  58  -2   7   0    T  0.0    0 10.3 16 350   M    M  10 1       M  M
 8  51  44  48 -12  17   0 1.11  0.0    0 11.6 18 360   M    M   9 1      23 360
 9  52  45  49 -10  16   0 0.00  0.0    0  5.6 12 340   M    M  10 1       M  M
10  63  47  55  -4  10   0 0.00  0.0    0  3.4  9 120   M    M  10 1       M  M
11  70  57  64   6   1   0 0.00  0.0    0  9.2 17 130   M    M  10        21 130
12  75  62  69  11   0   4 0.24  0.0    0  6.8 12 150   M    M  10 1       M  M
13  70  59  65   7   0   0 0.00  0.0    0  5.3  9  10   M    M   9 1       M  M
14  79  61  70  13   0   5 0.00  0.0    0 11.6 18 180   M    M   9        27 180
15  76  65  71  14   0   6 0.00  0.0    0  9.3 16 160   M    M  10        21 180
16  78  63  71  15   0   6 0.00  0.0    0  4.1 12 160   M    M   7 1       M  M
17  84  67  76  20   0  11 0.00  0.0    0 14.6 23 190   M    M   5        35 210
18  78  52  65   9   0   0 0.00  0.0    0 15.2 27 350   M    M   1        37 330
19  63  37  50  -5  15   0 0.00  0.0    0  5.1  9  20   M    M   0         M  M
20  67  35  51  -4  14   0 0.00  0.0    0  7.1 18 160   M    M   0        23 180
21  70  48  59   5   6   0 0.00  0.0    0 10.2 18 350   M    M   2        27 350
22  59  35  47  -7  18   0 0.00  0.0    0  9.9 15 350   M    M   1        23 350
================================================================================
SM 1609 1202       106  88  1.35     0.0 202.2          M      127
================================================================================
AV 73.1 54.6                               9.2 FASTST   M    M   6    MAX(MPH)
                                 MISC ---->  # 27 350                 37    M
================================================================================
NOTES:
# LAST OF SEVERAL OCCURRENCES

COLUMN 17 PEAK WIND IN M.P.H.

PRELIMINARY LOCAL CLIMATOLOGICAL DATA (WS FORM: F-6) , PAGE 2

                                          STATION:  WACO MCGREGOR
                                          MONTH:    NOVEMBER
                                          YEAR:     2017
                                          LATITUDE:   31 28 N
                                          LONGITUDE:  97 19 W

[TEMPERATURE DATA]      [PRECIPITATION DATA]       SYMBOLS USED IN COLUMN 16

AVERAGE MONTHLY: 63.9   TOTAL FOR MONTH:   1.35    1 = FOG OR MIST
DPTR FM NORMAL:   5.7   DPTR FM NORMAL:   -0.85    2 = FOG REDUCING VISIBILITY
HIGHEST:    92 ON  2    GRTST 24HR  1.11 ON  8- 8      TO 1/4 MILE OR LESS
LOWEST:     35 ON 22,20                            3 = THUNDER
                        SNOW, ICE PELLETS, HAIL    4 = ICE PELLETS
                        TOTAL MONTH:   0.0 INCH    5 = HAIL
                        GRTST 24HR     0.0         6 = FREEZING RAIN OR DRIZZLE
                        GRTST DEPTH:   0           7 = DUSTSTORM OR SANDSTORM:
                                                       VSBY 1/2 MILE OR LESS
                                                   8 = SMOKE OR HAZE
[NO. OF DAYS WITH]      [WEATHER - DAYS WITH]      9 = BLOWING SNOW
                                                   X = TORNADO
MAX 32 OR BELOW:   0    0.01 INCH OR MORE:   2
MAX 90 OR ABOVE:   1    0.10 INCH OR MORE:   2
MIN 32 OR BELOW:   0    0.50 INCH OR MORE:   1
MIN  0 OR BELOW:   0    1.00 INCH OR MORE:   1

[HDD (BASE 65) ]
TOTAL THIS MO.   106    CLEAR  (SCALE 0-3)   7
DPTR FM NORMAL   -67    PTCLDY (SCALE 4-7)   6
TOTAL FM JUL 1   187    CLOUDY (SCALE 8-10)  9
DPTR FM NORMAL   -64

[CDD (BASE 65) ]
TOTAL THIS MO.    88
DPTR FM NORMAL    65    [PRESSURE DATA]
TOTAL FM JAN 1  3040    HIGHEST SLP M ON M
DPTR FM NORMAL   578    LOWEST  SLP M ON M

[REMARKS]
