000
CXUS51 KGYX 211000
CF6PWM
PRELIMINARY LOCAL CLIMATOLOGICAL DATA (WS FORM: F-6)

                                          STATION:   PORTLAND ME
                                          MONTH:     JANUARY
                                          YEAR:      2017
                                          LATITUDE:   43 39 N
                                          LONGITUDE:  70 19 W

  TEMPERATURE IN F:       :PCPN:    SNOW:  WIND      :SUNSHINE: SKY     :PK WND
================================================================================
1   2   3   4   5  6A  6B    7    8   9   10  11  12  13   14  15   16   17  18
                                     12Z  AVG MX 2MIN
DY MAX MIN AVG DEP HDD CDD  WTR  SNW DPTH SPD SPD DIR MIN PSBL S-S WX    SPD DR
================================================================================

 1  41  22  32   8  33   0 0.05    T    4  8.5 18 280   M    M   4 1      25 260
 2  38  16  27   3  38   0 0.00  0.0    3  1.2  7 240   M    M   3         8 210
 3  40  26  33  10  32   0 1.01    T    3 11.0 23  80   M    M  10 14     34 100
 4  45  32  39  16  26   0 0.12  0.0    2 10.8 21 260   M    M   8 1      33 270
 5  33  25  29   6  36   0 0.00  0.0    2 12.8 25 280   M    M   3        36 280
 6  30  18  24   1  41   0    T    T    1  6.1 14 260   M    M   8 18     16 270
 7  20  11  16  -7  49   0 0.09  1.1    1  6.9 17 350   M    M   7 1      21  10
 8  21   9  15  -7  50   0 0.01  0.0    2 10.3 18 340   M    M   5 18     23 340
 9  17   1   9 -13  56   0 0.00  0.0    2  3.9 12 270   M    M   2        14 280
10  42   6  24   2  41   0 0.20  0.0    1  5.9 24 180   M    M   7 16     38 180
11  54  35  45  23  20   0 0.23  0.0    T 11.3 26 190   M    M   4 1      40 200
12  50  39  45  23  20   0 0.11  0.0    T  4.6 10 200   M    M   8 12     14 190
13  52  17  35  13  30   0 0.00  0.0    T 12.9 28 320   M    M   1        38 330
14  25  10  18  -4  47   0 0.00  0.0    0  4.6 13 350   M    M   4        15 340
15  34  14  24   2  41   0    T    M    0  5.3 13 340   M    M   2        17 320
16  39  13  26   4  39   0 0.00  0.0    0  5.2 15 220   M    M   1        21 220
17  40  19  30   8  35   0 0.02  0.2    T  5.7 16 100   M    M   5 1      20 100
18  33  25  29   7  36   0 0.41  4.4    3  9.5 15  40   M    M  10 18     21  60
19  40  25  33  11  32   0 0.03  0.5    5  3.1  9 350   M    M   7 1      11 320
20  40  22  31   9  34   0 0.00  0.0    3  2.2  8 300   M    M   6        10 310
================================================================================
SM  734  385       736   0  2.28     6.2 141.8          M      105
================================================================================
AV 36.7 19.3                               7.1 FASTST   M    M   5    MAX(MPH)
                                 MISC ---->  # 28 320               # 40  200
================================================================================
NOTES:
# LAST OF SEVERAL OCCURRENCES

COLUMN 17 PEAK WIND IN M.P.H.

PRELIMINARY LOCAL CLIMATOLOGICAL DATA (WS FORM: F-6) , PAGE 2

                                          STATION:  PORTLAND ME
                                          MONTH:    JANUARY
                                          YEAR:     2017
                                          LATITUDE:   43 39 N
                                          LONGITUDE:  70 19 W

[TEMPERATURE DATA]      [PRECIPITATION DATA]       SYMBOLS USED IN COLUMN 16

AVERAGE MONTHLY: 28.0   TOTAL FOR MONTH:   2.28    1 = FOG OR MIST
DPTR FM NORMAL:   5.5   DPTR FM NORMAL:    0.08    2 = FOG REDUCING VISIBILITY
HIGHEST:    54 ON 11    GRTST 24HR  1.12 ON  3- 4      TO 1/4 MILE OR LESS
LOWEST:      1 ON  9                               3 = THUNDER
                        SNOW, ICE PELLETS, HAIL    4 = ICE PELLETS
                        TOTAL MONTH:   6.2 INCHES  5 = HAIL
                        GRTST 24HR   4.4 ON   M    6 = FREEZING RAIN OR DRIZZLE
                        GRTST DEPTH:   5 ON 19     7 = DUSTSTORM OR SANDSTORM:
                                                       VSBY 1/2 MILE OR LESS
                                                   8 = SMOKE OR HAZE
[NO. OF DAYS WITH]      [WEATHER - DAYS WITH]      9 = BLOWING SNOW
                                                   X = TORNADO
MAX 32 OR BELOW:   5    0.01 INCH OR MORE:  11
MAX 90 OR ABOVE:   0    0.10 INCH OR MORE:   6
MIN 32 OR BELOW:  18    0.50 INCH OR MORE:   1
MIN  0 OR BELOW:   0    1.00 INCH OR MORE:   1

[HDD (BASE 65) ]
TOTAL THIS MO.   736    CLEAR  (SCALE 0-3)   6
DPTR FM NORMAL  -114    PTCLDY (SCALE 4-7)  11
TOTAL FM JUL 1  3123    CLOUDY (SCALE 8-10)  3
DPTR FM NORMAL  -339

[CDD (BASE 65) ]
TOTAL THIS MO.     0
DPTR FM NORMAL     0    [PRESSURE DATA]
TOTAL FM JAN 1     0    HIGHEST SLP M ON M
DPTR FM NORMAL     0    LOWEST  SLP 29.48 ON  3

[REMARKS]
