000
CXUS56 KSGX 251445
CF6RAL
PRELIMINARY LOCAL CLIMATOLOGICAL DATA (WS FORM: F-6)

                                          STATION:   RIVERSIDE MUNI AIRPORT CA
                                          MONTH:     MAY
                                          YEAR:      2015
                                          LATITUDE:   33 57 N
                                          LONGITUDE: 117 27 W

  TEMPERATURE IN F:       :PCPN:    SNOW:  WIND      :SUNSHINE: SKY     :PK WND
================================================================================
1   2   3   4   5  6A  6B    7    8   9   10  11  12  13   14  15   16   17  18
                                     12Z  AVG MX 2MIN
DY MAX MIN AVG DEP HDD CDD  WTR  SNW DPTH SPD SPD DIR MIN PSBL S-S WX    SPD DR
================================================================================

 1  93  62  78  12   0  13 0.00  0.0    0  5.2 20 260   M    M   2        26 250
 2  90  60  75   9   0  10 0.00  0.0    0  6.9 23 240   M    M   0        29 240
 3  80  56  68   2   0   3 0.00  0.0    0  5.7 15 250   M    M   2        24 250
 4  76  54  65  -1   0   0 0.00  0.0    0  5.3 20 270   M    M   4        25 280
 5  72  55  64  -2   1   0 0.00  0.0    0  5.5 18 250   M    M   5        24 250
 6  69  56  63  -4   2   0    T  0.0    0  5.6 17 260   M    M  10        21 260
 7  68  50  59  -8   6   0 0.05  0.0    0  7.7 24 230   M    M   8 1      30 240
 8  63  48  56 -11   9   0 0.13    M    0  5.2 17 250   M    M   9 1      20 250
 9  68  55  62  -5   3   0 0.00  0.0    0  4.8 15 250   M    M   7        21 250
10  82  51  67   0   0   2 0.00  0.0    0  4.5 16 260   M    M   0        22 270
11  87  56  72   5   0   7 0.00  0.0    0  6.2 20 250   M    M   2        26 270
12  79  55  67  -1   0   2 0.00  0.0    0  4.9 17 280   M    M   2 18     24 270
13  73  51  62  -6   3   0 0.00  0.0    0  6.3 16 270   M    M   5        22 280
14  65  51  58 -10   7   0 0.30  0.0    0  4.7 24 250   M    M   9 1      29 250
15  66  51  59  -9   6   0 0.12  0.0    0  4.0 18 250   M    M   6 1      22 250
16  68  51  60  -8   5   0 0.00  0.0    0  3.8 14 250   M    M   5        17 250
17  75  53  64  -4   1   0 0.00  0.0    0  5.4 21 250   M    M   6        27 250
18  73  57  65  -3   0   0 0.00  0.0    0  5.0 17 260   M    M   7        24 250
19  76  54  65  -3   0   0 0.00  0.0    0  4.8 17 260   M    M   4        23 250
20  75  56  66  -2   0   1 0.00  0.0    0  5.6 17 280   M    M   3        24 280
21  71  58  65  -4   0   0 0.00  0.0    0  6.3 17 260   M    M   9        22 250
22  65  56  61  -8   4   0    T  0.0    0  5.5 14 260   M    M  10        18 270
23  69  58  64  -5   1   0 0.00  0.0    0  3.0 12 280   M    M  10        17 280
24  71  57  64  -5   1   0 0.00  0.0    0  5.5 14 260   M    M   7        19 280
================================================================================
SM 1774 1311        49  38  0.60     0.0 127.4          M      132
================================================================================
AV 73.9 54.6                               5.3 FASTST   M    M   6    MAX(MPH)
                                 MISC ---->  # 24 230               # 30  240
================================================================================
NOTES:
# LAST OF SEVERAL OCCURRENCES

COLUMN 17 PEAK WIND IN M.P.H.

PRELIMINARY LOCAL CLIMATOLOGICAL DATA (WS FORM: F-6) , PAGE 2

                                          STATION:  RIVERSIDE MUNI AIRPORT CA
                                          MONTH:    MAY
                                          YEAR:     2015
                                          LATITUDE:   33 57 N
                                          LONGITUDE: 117 27 W

[TEMPERATURE DATA]      [PRECIPITATION DATA]       SYMBOLS USED IN COLUMN 16

AVERAGE MONTHLY: 64.3   TOTAL FOR MONTH:   0.60    1 = FOG OR MIST
DPTR FM NORMAL:  -3.2   DPTR FM NORMAL:    0.30    2 = FOG REDUCING VISIBILITY
HIGHEST:    93 ON  1    GRTST 24HR  0.42 ON 14-15      TO 1/4 MILE OR LESS
LOWEST:     48 ON  8                               3 = THUNDER
                        SNOW, ICE PELLETS, HAIL    4 = ICE PELLETS
                        TOTAL MONTH:   0.0 INCH    5 = HAIL
                        GRTST 24HR     0.0         6 = FREEZING RAIN OR DRIZZLE
                        GRTST DEPTH:   0           7 = DUSTSTORM OR SANDSTORM:
                                                       VSBY 1/2 MILE OR LESS
                                                   8 = SMOKE OR HAZE
[NO. OF DAYS WITH]      [WEATHER - DAYS WITH]      9 = BLOWING SNOW
                                                   X = TORNADO
MAX 32 OR BELOW:   0    0.01 INCH OR MORE:   4
MAX 90 OR ABOVE:   2    0.10 INCH OR MORE:   3
MIN 32 OR BELOW:   0    0.50 INCH OR MORE:   0
MIN  0 OR BELOW:   0    1.00 INCH OR MORE:   0

[HDD (BASE 65) ]
TOTAL THIS MO.    49    CLEAR  (SCALE 0-3)   7
DPTR FM NORMAL    27    PTCLDY (SCALE 4-7)  10
TOTAL FM JUL 1   763    CLOUDY (SCALE 8-10)  7
DPTR FM NORMAL  -679

[CDD (BASE 65) ]
TOTAL THIS MO.    38
DPTR FM NORMAL   -45    [PRESSURE DATA]
TOTAL FM JAN 1   269    HIGHEST SLP M ON M
DPTR FM NORMAL   123    LOWEST  SLP 29.78 ON M

[REMARKS]
