000
CXUS53 KUNR 210945
CF6RAP
PRELIMINARY LOCAL CLIMATOLOGICAL DATA (WS FORM: F-6)

                                          STATION:   RAPID CITY AIRPORT SD
                                          MONTH:     SEPTEMBER
                                          YEAR:      2017
                                          LATITUDE:   44  2 N
                                          LONGITUDE: 103  4 W

  TEMPERATURE IN F:       :PCPN:    SNOW:  WIND      :SUNSHINE: SKY     :PK WND
================================================================================
1   2   3   4   5  6A  6B    7    8   9   10  11  12  13   14  15   16   17  18
                                     12Z  AVG MX 2MIN
DY MAX MIN AVG DEP HDD CDD  WTR  SNW DPTH SPD SPD DIR MIN PSBL S-S WX    SPD DR
================================================================================

 1  87  60  74   7   0   9 0.03  0.0    0 11.7 30 350   M    M   2 8      38 350
 2  91  53  72   5   0   7 0.00  0.0    0  5.5 13 150   M    M   0 8      16 140
 3  97  54  76  10   0  11 0.00  0.0    0 13.2 33 330   M    M   2 8      39 320
 4  72  47  60  -6   5   0 0.00  0.0    0 15.9 30 330   M    M   0 8      36 320
 5  72  40  56 -10   9   0 0.00  0.0    0 10.9 24  10   M    M   0 8      32  10
 6  78  37  58  -7   7   0 0.00  0.0    0  4.7 12 150   M    M   0        15 130
 7  88  43  66   1   0   1 0.00  0.0    0  6.4 16  70   M    M   0        17 360
 8  88  50  69   5   0   4 0.01  0.0    0 11.3 32  60   M    M   0 3      37  70
 9  85  58  72   8   0   7 0.02  0.0    0  9.2 33 170   M    M   0 3      39 170
10  93  57  75  12   0  10    T  0.0    0  6.6 14 340   M    M   0 8      18 360
11  89  65  77  14   0  12    T  0.0    0  8.7 17 140   M    M   2 38     23 130
12  94  56  75  13   0  10 0.35  0.0    0  6.9 35 260   M    M   0 3      56 270
13  91  56  74  12   0   9 0.00  0.0    0   M   M   M   M    M   M 8      25 140
14  77  59  68   6   0   3 0.00  0.0    0   M  29 340   M    M   3 8      36 340
15  59  44  52  -9  13   0 0.33  0.0    0   M  25  10   M    M   M 1      32  10
16  54  36  45 -16  20   0 0.00  0.0    0   M  18 340   M    M   9        24 330
17  73  33  53  -7  12   0 0.00  0.0    0  8.5 26 150   M    M   4 12     31 170
18  82  40  61   1   4   0 0.00  0.0    0  7.9 16 140   M    M   0        22 140
19  74  37  56  -3   9   0 0.03  0.0    0 10.5 28 340   M    M   3        32 360
20  73  34  54  -5  11   0 0.00  0.0    0   M  24 240   M    M   0        31 220
================================================================================
SM 1617  959        90  83  0.77     0.0 137.9          M       25
================================================================================
AV 80.9 48.0                               9.2 FASTST   M    M   1    MAX(MPH)
                                 MISC ---->  # 35 260               # 56  270
================================================================================
NOTES:
# LAST OF SEVERAL OCCURRENCES

COLUMN 17 PEAK WIND IN M.P.H.

PRELIMINARY LOCAL CLIMATOLOGICAL DATA (WS FORM: F-6) , PAGE 2

                                          STATION:  RAPID CITY AIRPORT SD
                                          MONTH:    SEPTEMBER
                                          YEAR:     2017
                                          LATITUDE:   44  2 N
                                          LONGITUDE: 103  4 W

[TEMPERATURE DATA]      [PRECIPITATION DATA]       SYMBOLS USED IN COLUMN 16

AVERAGE MONTHLY: 64.4   TOTAL FOR MONTH:   0.77    1 = FOG OR MIST
DPTR FM NORMAL:   1.3   DPTR FM NORMAL:   -0.08    2 = FOG REDUCING VISIBILITY
HIGHEST:    97 ON  3    GRTST 24HR  0.35 ON 12-12      TO 1/4 MILE OR LESS
LOWEST:     33 ON 17                               3 = THUNDER
                        SNOW, ICE PELLETS, HAIL    4 = ICE PELLETS
                        TOTAL MONTH:   0.0 INCH    5 = HAIL
                        GRTST 24HR     0.0         6 = FREEZING RAIN OR DRIZZLE
                        GRTST DEPTH:   0           7 = DUSTSTORM OR SANDSTORM:
                                                       VSBY 1/2 MILE OR LESS
                                                   8 = SMOKE OR HAZE
[NO. OF DAYS WITH]      [WEATHER - DAYS WITH]      9 = BLOWING SNOW
                                                   X = TORNADO
MAX 32 OR BELOW:   0    0.01 INCH OR MORE:   6
MAX 90 OR ABOVE:   5    0.10 INCH OR MORE:   2
MIN 32 OR BELOW:   0    0.50 INCH OR MORE:   0
MIN  0 OR BELOW:   0    1.00 INCH OR MORE:   0

[HDD (BASE 65) ]
TOTAL THIS MO.    90    CLEAR  (SCALE 0-3)  16
DPTR FM NORMAL    -1    PTCLDY (SCALE 4-7)   1
TOTAL FM JUL 1    97    CLOUDY (SCALE 8-10)  1
DPTR FM NORMAL   -31

[CDD (BASE 65) ]
TOTAL THIS MO.    83
DPTR FM NORMAL    30    [PRESSURE DATA]
TOTAL FM JAN 1   707    HIGHEST SLP M ON M
DPTR FM NORMAL    82    LOWEST  SLP 29.76 ON 12

[REMARKS]
