000
CXUS56 KMFR 011000
CF6RBG
PRELIMINARY LOCAL CLIMATOLOGICAL DATA (WS FORM: F-6)

                                          STATION:   ROSEBURG OR
                                          MONTH:     JUNE
                                          YEAR:      2015
                                          LATITUDE:   43 13 N
                                          LONGITUDE: 123 22 W

  TEMPERATURE IN F:       :PCPN:    SNOW:  WIND      :SUNSHINE: SKY     :PK WND
================================================================================
1   2   3   4   5  6A  6B    7    8   9   10  11  12  13   14  15   16   17  18
                                     12Z  AVG MX 2MIN
DY MAX MIN AVG DEP HDD CDD  WTR  SNW DPTH SPD SPD DIR MIN PSBL S-S WX    SPD DR
================================================================================

 1  62  54  58  -3   7   0 0.24    M    M  4.1 10  20   M    M  10 1      12 340
 2  69  55  62   1   3   0    T    M    M  2.9 13 330   M    M   9        17 330
 3  70  56  63   1   2   0 0.00    M    M  5.9 15 320   M    M   8        19 330
 4  76  53  65   3   0   0 0.00    M    M  6.9 18  10   M    M   4        24  10
 5  88  52  70   8   0   5 0.00    M    M  7.1 21  10   M    M   0        29  10
 6  93  59  76  14   0  11 0.00    M    M  5.5 20  10   M    M   0        27 360
 7  95  60  78  16   0  13 0.00    M    M  5.0 20  10   M    M   0        24 360
 8  99  63  81  19   0  16 0.00    M    M  3.7 20 360   M    M   0        24  10
 9  94  67  81  19   0  16    T    M    M  7.4 21  10   M    M   1 3      31 330
10  86  59  73  10   0   8 0.00    M    M  5.8 17  10   M    M   0        22  10
11  88  54  71   8   0   6 0.00    M    M  8.5 25  10   M    M   0        33  20
12  81  59  70   7   0   5 0.00    M    M 11.5 23  10   M    M   0        29  10
13  82  53  68   5   0   3 0.00    M    M  8.2 21  20   M    M   0        27 360
14  86  55  71   8   0   6 0.00    M    M  6.6 16  20   M    M   0        21 320
15  79  54  67   3   0   2 0.00    M    M  4.7 14 330   M    M   0        19 330
16  79  53  66   2   0   1 0.00    M    M  4.5 12  30   M    M   5         M  M
17  88  52  70   6   0   5 0.00    M    M  4.8 16  10   M    M   0        18 360
18  86  57  72   8   0   7 0.00    M    M  5.0 16 310   M    M   0        24  30
19  83  52  68   4   0   3 0.00    M    M  6.3 17  10   M    M   2        19 330
20  86  59  73   8   0   8 0.00    M    M  6.7 16  10   M    M   0        22  20
21  84  56  70   5   0   5 0.00    M    M  4.6 16 310   M    M   0        21 300
22  84  53  69   4   0   4 0.00  0.0    0  5.3 16  10   M    M   2        20  10
23  87  52  70   5   0   5 0.00    M    M  3.5 14 320   M    M   0        17 320
24  90  56  73   7   0   8 0.00    M    M  3.9 15 330   M    M   0        21 330
25  96  58  77  11   0  12    T    M    M  6.5 20  10   M    M   0        24  10
26 100  66  83  17   0  18 0.00    M    M  4.3 13 330   M    M   0        18  10
27 101  74  88  22   0  23 0.00    M    M  4.4 13 330   M    M   0        26 330
28  88  68  78  11   0  13 0.00    M    M  4.8 15 270   M    M   0        25 340
29  94  63  79  12   0  14 0.00    M    M  7.1 15 330   M    M   0        25 340
30  97  61  79  12   0  14 0.00    M    M  6.1 20  20   M    M   0        25  10
================================================================================
SM 2591 1733        12 231  0.24     0.0 171.6          M       41
================================================================================
AV 86.4 57.8                               5.7 FASTST   M    M   1    MAX(MPH)
                                 MISC ---->  # 25  10               # 33   20
================================================================================
NOTES:
# LAST OF SEVERAL OCCURRENCES

COLUMN 17 PEAK WIND IN M.P.H.

PRELIMINARY LOCAL CLIMATOLOGICAL DATA (WS FORM: F-6) , PAGE 2

                                          STATION:  ROSEBURG OR
                                          MONTH:    JUNE
                                          YEAR:     2015
                                          LATITUDE:   43 13 N
                                          LONGITUDE: 123 22 W

[TEMPERATURE DATA]      [PRECIPITATION DATA]       SYMBOLS USED IN COLUMN 16

AVERAGE MONTHLY: 72.1   TOTAL FOR MONTH:   0.24    1 = FOG OR MIST
DPTR FM NORMAL:   8.2   DPTR FM NORMAL:   -0.89    2 = FOG REDUCING VISIBILITY
HIGHEST:   101 ON 27    GRTST 24HR  0.26 ON 31- 1      TO 1/4 MILE OR LESS
LOWEST:     52 ON 23,19                            3 = THUNDER
                        SNOW, ICE PELLETS, HAIL    4 = ICE PELLETS
                        TOTAL MONTH:   0.0 INCH    5 = HAIL
                        GRTST 24HR     0.0         6 = FREEZING RAIN OR DRIZZLE
                        GRTST DEPTH:   0           7 = DUSTSTORM OR SANDSTORM:
                                                       VSBY 1/2 MILE OR LESS
                                                   8 = SMOKE OR HAZE
[NO. OF DAYS WITH]      [WEATHER - DAYS WITH]      9 = BLOWING SNOW
                                                   X = TORNADO
MAX 32 OR BELOW:   0    0.01 INCH OR MORE:   1
MAX 90 OR ABOVE:  10    0.10 INCH OR MORE:   1
MIN 32 OR BELOW:   0    0.50 INCH OR MORE:   0
MIN  0 OR BELOW:   0    1.00 INCH OR MORE:   0

[HDD (BASE 65) ]
TOTAL THIS MO.    12    CLEAR  (SCALE 0-3)  25
DPTR FM NORMAL   -71    PTCLDY (SCALE 4-7)   3
TOTAL FM JUL 1  2846    CLOUDY (SCALE 8-10)  2
DPTR FM NORMAL -1220

[CDD (BASE 65) ]
TOTAL THIS MO.   231
DPTR FM NORMAL   181    [PRESSURE DATA]
TOTAL FM JAN 1   261    HIGHEST SLP M ON M
DPTR FM NORMAL   191    LOWEST  SLP  0.00 ON 14

[REMARKS]
#FINAL-06-15#
