000
CXUS56 KSTO 281455
CF6RDD
PRELIMINARY LOCAL CLIMATOLOGICAL DATA (WS FORM: F-6)

                                          STATION:   REDDING AIRPORT CA
                                          MONTH:     DECEMBER
                                          YEAR:      2014
                                          LATITUDE:   40 30 N
                                          LONGITUDE: 122 18 W

  TEMPERATURE IN F:       :PCPN:    SNOW:  WIND      :SUNSHINE: SKY     :PK WND
================================================================================
1   2   3   4   5  6A  6B    7    8   9   10  11  12  13   14  15   16   17  18
                                     12Z  AVG MX 2MIN
DY MAX MIN AVG DEP HDD CDD  WTR  SNW DPTH SPD SPD DIR MIN PSBL S-S WX    SPD DR
================================================================================

 1  56  50  53   6  12   0 0.08  0.0    0  2.9  7  20   M    M   9 1       9  10
 2  55  49  52   5  13   0 0.34    M    0  3.6 10  10   M    M   8 1      12  10
 3  56  52  54   7  11   0 1.39  0.0    0  3.5 10 360   M    M  10 1      13 360
 4  61  53  57  10   8   0 0.44  0.0    0  2.2  7 250   M    M   9 1       9 260
 5  61  55  58  12   7   0 0.43  0.0    0 10.3 32 160   M    M  10 1      41 170
 6  62  50  56  10   9   0 0.01  0.0    0  5.0 24 180   M    M   7        29 170
 7  60  48  54   8  11   0 0.01    M    0  1.6  8  70   M    M   8 1       9  80
 8  57  54  56  10   9   0 0.15  0.0    0  3.6 10  20   M    M  10 1      13 250
 9  59  54  57  11   8   0 0.02  0.0    0  1.7  7  80   M    M  10 1       8 300
10  57  53  55   9  10   0 1.17  0.0    0  9.0 23 180   M    M  10 1      31 190
11  57  49  53   7  12   0 2.17    M    0 25.3 41 160   M    M  10 1      63 140
12  50  47  49   3  16   0 0.16    M    0  7.7 15 160   M    M  10 1      17 170
13  56  41  49   4  16   0 0.00  0.0    0  2.4  6 350   M    M   5 1       6 350
14  50  38  44  -1  21   0    T    M    0  1.7  7  50   M    M   5 12      8  50
15  47  43  45   0  20   0 1.07    M    0  5.5 14  20   M    M  10 1      20  20
16  51  43  47   2  18   0 0.57    M    0  4.6 18 150   M    M  10 1      21 160
17  51  49  50   5  15   0 0.67    M    0  7.8 22 170   M    M  10 1      27 170
18  52  48  50   5  15   0 0.42    M    0  3.2 12 180   M    M  10 1      17 200
19  53  50  52   7  13   0 0.65  0.0    0 13.1 26 180   M    M  10 1      34 160
20  54  51  53   8  12   0 0.46  0.0    0 12.7 22 170   M    M  10 1      27 160
21  56  53  55  10  10   0 0.03  0.0    0  3.5 15 190   M    M  10 1      19 180
22  69  52  61  16   4   0 0.00  0.0    0  3.5  9 340   M    M   4 1      13 350
23  72  48  60  15   5   0 0.00  0.0    0  5.4 13 350   M    M   0        16 360
24  60  40  50   5  15   0 0.13    M    0  6.2 22 300   M    M   6 1      31 300
25  57  32  45   0  20   0 0.00  0.0    0  4.5 13  10   M    M   0        16 320
26  56  33  45   0  20   0 0.00  0.0    0  8.7 25  40   M    M   0        32  10
27  53  30  42  -3  23   0 0.00  0.0    0  2.8  9 360   M    M   0        12 350
================================================================================
SM 1528 1265       353   0 10.37     0.0 162.0          M      201
================================================================================
AV 56.6 46.9                               6.0 FASTST   M    M   7    MAX(MPH)
                                 MISC ---->  # 41 160               # 63  140
================================================================================
NOTES:
# LAST OF SEVERAL OCCURRENCES

COLUMN 17 PEAK WIND IN M.P.H.

PRELIMINARY LOCAL CLIMATOLOGICAL DATA (WS FORM: F-6) , PAGE 2

                                          STATION:  REDDING AIRPORT CA
                                          MONTH:    DECEMBER
                                          YEAR:     2014
                                          LATITUDE:   40 30 N
                                          LONGITUDE: 122 18 W

[TEMPERATURE DATA]      [PRECIPITATION DATA]       SYMBOLS USED IN COLUMN 16

AVERAGE MONTHLY: 51.7   TOTAL FOR MONTH:  10.37    1 = FOG OR MIST
DPTR FM NORMAL:   6.1   DPTR FM NORMAL:    4.96    2 = FOG REDUCING VISIBILITY
HIGHEST:    72 ON 23    GRTST 24HR  3.22 ON 10-11      TO 1/4 MILE OR LESS
LOWEST:     30 ON 27                               3 = THUNDER
                        SNOW, ICE PELLETS, HAIL    4 = ICE PELLETS
                        TOTAL MONTH:   0.0 INCH    5 = HAIL
                        GRTST 24HR     0.0         6 = FREEZING RAIN OR DRIZZLE
                        GRTST DEPTH:   0           7 = DUSTSTORM OR SANDSTORM:
                                                       VSBY 1/2 MILE OR LESS
                                                   8 = SMOKE OR HAZE
[NO. OF DAYS WITH]      [WEATHER - DAYS WITH]      9 = BLOWING SNOW
                                                   X = TORNADO
MAX 32 OR BELOW:   0    0.01 INCH OR MORE:  20
MAX 90 OR ABOVE:   0    0.10 INCH OR MORE:  15
MIN 32 OR BELOW:   2    0.50 INCH OR MORE:   7
MIN  0 OR BELOW:   0    1.00 INCH OR MORE:   4

[HDD (BASE 65) ]
TOTAL THIS MO.   353    CLEAR  (SCALE 0-3)   4
DPTR FM NORMAL  -172    PTCLDY (SCALE 4-7)   6
TOTAL FM JUL 1   747    CLOUDY (SCALE 8-10) 17
DPTR FM NORMAL  -300

[CDD (BASE 65) ]
TOTAL THIS MO.     0
DPTR FM NORMAL     0    [PRESSURE DATA]
TOTAL FM JAN 1  2175    HIGHEST SLP M ON M
DPTR FM NORMAL   328    LOWEST  SLP 29.39 ON 11

[REMARKS]
