000
CXUS56 KBOI 291002
CF6REO
PRELIMINARY LOCAL CLIMATOLOGICAL DATA (WS FORM: F-6)

                                          STATION:   ROME OR
                                          MONTH:     JULY
                                          YEAR:      2015
                                          LATITUDE:   42 35 N
                                          LONGITUDE: 117 52 W

  TEMPERATURE IN F:       :PCPN:    SNOW:  WIND      :SUNSHINE: SKY     :PK WND
================================================================================
1   2   3   4   5  6A  6B    7    8   9   10  11  12  13   14  15   16   17  18
                                     12Z  AVG MX 2MIN
DY MAX MIN AVG DEP HDD CDD  WTR  SNW DPTH SPD SPD DIR MIN PSBL S-S WX    SPD DR
================================================================================

 1 104  62  83  14   0  18 0.00    M    M  7.1 20 230   M    M   0        27 210
 2 106  66  86  17   0  21 0.00    M    M  7.9 18 340   M    M   0        24 320
 3 104  63  84  15   0  19 0.00    M    M  8.5 30 220   M    M   0        36 220
 4 102  74  88  18   0  23 0.00    M    M 10.1 30 150   M    M   0        39 150
 5  81  68  75   5   0  10 0.00    M    M 12.3 23 200   M    M   0        29 210
 6  92  65  79   9   0  14 0.00    M    M  7.3 20 350   M    M   0        24 340
 7  94  59  77   7   0  12 0.00    M    M  8.8 32  80   M    M   0        37  80
 8  75  59  67  -4   0   2 0.08    M    M  6.3 18 150   M    M   0        23 160
 9  87  58  73   2   0   8 0.14    M    M  7.2 18 190   M    M   0        24 190
10  83  54  69  -2   0   4 0.00    M    M  7.0 23 150   M    M   0        28 150
11  79  54  67  -4   0   2 0.00    M    M  6.9 24 130   M    M   0        28 130
12  84  52  68  -4   0   3 0.09    M    M  5.8 24 180   M    M   0        31 160
13  86  51  69  -3   0   4 0.00    M    M  6.2 21 340   M    M   0        30 340
14  88  53  71  -1   0   6 0.00    M    M  7.3 24  20   M    M   0        32 350
15  90  52  71  -1   0   6 0.00    M    M  6.2 16 240   M    M   0        24 230
16  92  53  73   1   0   8 0.00    M    M  8.9 20 290   M    M   0        25 280
17  82  52  67  -5   0   2 0.00    M    M  7.6 22  20   M    M   0        29  20
18  88  49  69  -3   0   4 0.00    M    M  6.0 16 130   M    M   0        20 140
19  93  49  71  -1   0   6 0.00    M    M  4.5 16 260   M    M   0        23 260
20  96  56  76   4   0  11 0.00    M    M  5.4 17 280   M    M   0        23 290
21  94  57  76   4   0  11 0.03    M    M  9.7 45 230   M    M   0        56 230
22  86  55  71  -2   0   6 0.13    M    M  7.7 25 140   M    M   0        37 140
23  89  52  71  -2   0   6 0.00    M    M  5.2 22 220   M    M   0        27 230
24  91  51  71  -2   0   6 0.00    M    M  7.0 20 250   M    M   0        29 250
25  92  56  74   1   0   9 0.00    M    M  8.0 28 220   M    M   0        37 210
26  86  58  72  -1   0   7 0.00    M    M  9.6 24 310   M    M   0        31 310
27  76  51  64  -9   1   0 0.00    M    M  8.6 20 290   M    M   0        26 240
28  82  38  60 -12   5   0 0.00    M    M  5.6 13  10   M    M   0        18  20
================================================================================
SM 2502 1567         6 228  0.47    M    208.7          M        0
================================================================================
AV 89.4 56.0                               7.5 FASTST   M    M   0    MAX(MPH)
                                 MISC ---->  # 45 230               # 56  230
================================================================================
NOTES:
# LAST OF SEVERAL OCCURRENCES

COLUMN 17 PEAK WIND IN M.P.H.

PRELIMINARY LOCAL CLIMATOLOGICAL DATA (WS FORM: F-6) , PAGE 2

                                          STATION:  ROME OR
                                          MONTH:    JULY
                                          YEAR:     2015
                                          LATITUDE:   42 35 N
                                          LONGITUDE: 117 52 W

[TEMPERATURE DATA]      [PRECIPITATION DATA]       SYMBOLS USED IN COLUMN 16

AVERAGE MONTHLY: 72.7   TOTAL FOR MONTH:   0.47    1 = FOG OR MIST
DPTR FM NORMAL:   1.2   DPTR FM NORMAL:    0.14    2 = FOG REDUCING VISIBILITY
HIGHEST:   106 ON  2    GRTST 24HR  0.14 ON  9- 9      TO 1/4 MILE OR LESS
LOWEST:     38 ON 28                               3 = THUNDER
                        SNOW, ICE PELLETS, HAIL    4 = ICE PELLETS
                        TOTAL MONTH:    M          5 = HAIL
                        GRTST 24HR    M  ON   M    6 = FREEZING RAIN OR DRIZZLE
                        GRTST DEPTH:  M  ON   M    7 = DUSTSTORM OR SANDSTORM:
                                                       VSBY 1/2 MILE OR LESS
                                                   8 = SMOKE OR HAZE
[NO. OF DAYS WITH]      [WEATHER - DAYS WITH]      9 = BLOWING SNOW
                                                   X = TORNADO
MAX 32 OR BELOW:   0    0.01 INCH OR MORE:   5
MAX 90 OR ABOVE:  13    0.10 INCH OR MORE:   2
MIN 32 OR BELOW:   0    0.50 INCH OR MORE:   0
MIN  0 OR BELOW:   0    1.00 INCH OR MORE:   0

[HDD (BASE 65) ]
TOTAL THIS MO.     6    CLEAR  (SCALE 0-3)  28
DPTR FM NORMAL    -5    PTCLDY (SCALE 4-7)   0
TOTAL FM JUL 1     6    CLOUDY (SCALE 8-10)  0
DPTR FM NORMAL    -5

[CDD (BASE 65) ]
TOTAL THIS MO.   228
DPTR FM NORMAL    33    [PRESSURE DATA]
TOTAL FM JAN 1   477    HIGHEST SLP M ON M
DPTR FM NORMAL   210    LOWEST  SLP 29.62 ON M

[REMARKS]
