000
CXUS53 KMPX 251000
CF6RGK
PRELIMINARY LOCAL CLIMATOLOGICAL DATA (WS FORM: F-6)

                                          STATION:   RED_WING MN
                                          MONTH:     OCTOBER
                                          YEAR:      2014
                                          LATITUDE:   44 34 N
                                          LONGITUDE:  92 29 W

  TEMPERATURE IN F:       :PCPN:    SNOW:  WIND      :SUNSHINE: SKY     :PK WND
================================================================================
1   2   3   4   5  6A  6B    7    8   9   10  11  12  13   14  15   16   17  18
                                     12Z  AVG MX 2MIN
DY MAX MIN AVG DEP HDD CDD  WTR  SNW DPTH SPD SPD DIR MIN PSBL S-S WX    SPD DR
================================================================================

 1  57  50  54   M  11   0 0.75    M    M  8.2 18 120   M    M   9 1      24 120
 2  61  52  57   M   8   0 0.19    M    M  3.3 10 360   M    M   9 1      21 360
 3  54  37  46   M  19   0 0.13    M    M 14.5 21 300   M    M  10 1      30 290
 4  52  36  44   M  21   0 0.11    M    M 11.7 20 280   M    M   6        29 290
 5  54  30  42   M  23   0 0.00    M    M  4.4 16 290   M    M   5        20 290
 6  63  30  47   M  18   0 0.00    M    M  6.4 16 260   M    M   4 1      22 260
 7  63  37  50   M  15   0 0.00    M    M  6.3 17 310   M    M   4        25 310
 8  61  36  49   M  16   0 0.00    M    M  6.3 18 290   M    M   1        25 310
 9  55  28  42   M  23   0 0.00    M    M  3.8  9 320   M    M   0         M  M
10  55  30  43   M  22   0 0.00    M    M  3.1  9 290   M    M   4 12      M  M
11  57  27  42   M  23   0 0.00    M    M  2.2  7 140   M    M   2 12      M  M
12  61  43  52   M  13   0 0.00    M    M  8.9 15 140   M    M   4        23 140
13  57  52  55   M  10   0 0.11    M    M  3.3  9  20   M    M  10 1      16  20
14  64  50  57   M   8   0 0.05    M    M 10.4 18  10   M    M   4        30  10
15  66  36  51   M  14   0 0.00    M    M  4.2 12 360   M    M   0        18  40
16  73  34  54   M  11   0 0.00    M    M  4.1  9 180   M    M   1         M  M
17  57  48  53   M  12   0 0.00    M    M  8.4 16 310   M    M  10        24 290
18  55  34  45   M  20   0 0.00    M    M  4.3  8 270   M    M   4         M  M
19  68  34  51   M  14   0 0.00    M    M  5.8 15 250   M    M   0        20 220
20  64  39  52   M  13   0 0.00    M    M  5.5 13 310   M    M   0        20 320
21  57  32  45   M  20   0 0.00    M    M  5.5 12 130   M    M   0         M  M
22  54  41  48   M  17   0 0.00    M    M 11.0 14 150   M    M   0        22 150
23  59  48  54   M  11   0 0.00    M    M  4.6  7 140   M    M   5 1       M  M
24  61  45  53   M  12   0 0.00    M    M  4.6 13 130   M    M   7 12     16 240
================================================================================
SM 1428  929       374   0  1.34    M    150.8          M       99
================================================================================
AV 59.5 38.7                               6.3 FASTST   M    M   4    MAX(MPH)
                                 MISC ---->    21   M                 30    M
================================================================================
NOTES:
# LAST OF SEVERAL OCCURRENCES

COLUMN 17 PEAK WIND IN M.P.H.

PRELIMINARY LOCAL CLIMATOLOGICAL DATA (WS FORM: F-6) , PAGE 2

                                          STATION:  RED_WING MN
                                          MONTH:    OCTOBER
                                          YEAR:     2014
                                          LATITUDE:   44 34 N
                                          LONGITUDE:  92 29 W

[TEMPERATURE DATA]      [PRECIPITATION DATA]       SYMBOLS USED IN COLUMN 16

AVERAGE MONTHLY: 49.1   TOTAL FOR MONTH:   1.34    1 = FOG OR MIST
DPTR FM NORMAL:     M   DPTR FM NORMAL:       M    2 = FOG REDUCING VISIBILITY
HIGHEST:    73 ON 16    GRTST 24HR  0.75 ON  1- 1      TO 1/4 MILE OR LESS
LOWEST:     27 ON 11                               3 = THUNDER
                        SNOW, ICE PELLETS, HAIL    4 = ICE PELLETS
                        TOTAL MONTH:    M          5 = HAIL
                        GRTST 24HR    M  ON   M    6 = FREEZING RAIN OR DRIZZLE
                        GRTST DEPTH:  M  ON   M    7 = DUSTSTORM OR SANDSTORM:
                                                       VSBY 1/2 MILE OR LESS
                                                   8 = SMOKE OR HAZE
[NO. OF DAYS WITH]      [WEATHER - DAYS WITH]      9 = BLOWING SNOW
                                                   X = TORNADO
MAX 32 OR BELOW:   0    0.01 INCH OR MORE:   6
MAX 90 OR ABOVE:   0    0.10 INCH OR MORE:   5
MIN 32 OR BELOW:   6    0.50 INCH OR MORE:   1
MIN  0 OR BELOW:   0    1.00 INCH OR MORE:   0

[HDD (BASE 65) ]
TOTAL THIS MO.   374    CLEAR  (SCALE 0-3)   9
DPTR FM NORMAL     M    PTCLDY (SCALE 4-7)  10
TOTAL FM JUL 1   535    CLOUDY (SCALE 8-10)  5
DPTR FM NORMAL     M

[CDD (BASE 65) ]
TOTAL THIS MO.     0
DPTR FM NORMAL     M    [PRESSURE DATA]
TOTAL FM JAN 1   645    HIGHEST SLP M ON M
DPTR FM NORMAL     M    LOWEST  SLP M ON M

[REMARKS]
