000
CXUS53 KMPX 171000
CF6RGK
PRELIMINARY LOCAL CLIMATOLOGICAL DATA (WS FORM: F-6)

                                          STATION:   RED_WING MN
                                          MONTH:     JANUARY
                                          YEAR:      2017
                                          LATITUDE:   44 34 N
                                          LONGITUDE:  92 29 W

  TEMPERATURE IN F:       :PCPN:    SNOW:  WIND      :SUNSHINE: SKY     :PK WND
================================================================================
1   2   3   4   5  6A  6B    7    8   9   10  11  12  13   14  15   16   17  18
                                     12Z  AVG MX 2MIN
DY MAX MIN AVG DEP HDD CDD  WTR  SNW DPTH SPD SPD DIR MIN PSBL S-S WX    SPD DR
================================================================================

 1  30  19  25   M  40   0    M    M    M  4.0 10 250   M    M   3        16 260
 2  34  28  31   M  34   0    M    M    M  7.4 14 120   M    M  10         M  M
 3  34   5  20   M  45   0    M    M    M 10.2 18 290   M    M   7 1      27 290
 4   5  -2   2   M  63   0    M    M    M 11.4 17 280   M    M   1 8      23 290
 5   3  -6  -1   M  66   0    M    M    M  7.9 13 280   M    M   4 8      16 280
 6   5 -11  -3   M  68   0    M    M    M  2.9  8 280   M    M   1         M  M
 7  10  -9   1   M  64   0    M    M    M  4.6 13 330   M    M   0        17 320
 8  19  -9   5   M  60   0    M    M    M  5.0 14 150   M    M   4        18 140
 9  27  18  23   M  42   0    M    M    M  6.6 17 130   M    M   7        20 170
10  28   7  18   M  47   0    M    M    M 10.8 23 300   M    M   5 8      36 300
11  10   7   9   M  56   0    M    M    M  3.8 10 260   M    M   8         M  M
12  16  -2   7   M  58   0    M    M    M  7.6 20 280   M    M   4        29 280
13   9  -8   1   M  64   0    M    M    M  2.8  8 160   M    M   6         M  M
14  21  -4   9   M  56   0    M    M    M  1.9  8 130   M    M   0         M  M
15  27  -6  11   M  54   0    M    M    M  2.2  6 120   M    M   0         M  M
16  34  10  22   M  43   0    M    M    M  2.2  5  70   M    M   6 1       M  M
================================================================================
SM  312   37       860   0    M     M     91.3          M       66
================================================================================
AV 19.5  2.3                               5.7 FASTST   M    M   4    MAX(MPH)
                                 MISC ---->  # 23 300                 36    M
================================================================================
NOTES:
# LAST OF SEVERAL OCCURRENCES

COLUMN 17 PEAK WIND IN M.P.H.

PRELIMINARY LOCAL CLIMATOLOGICAL DATA (WS FORM: F-6) , PAGE 2

                                          STATION:  RED_WING MN
                                          MONTH:    JANUARY
                                          YEAR:     2017
                                          LATITUDE:   44 34 N
                                          LONGITUDE:  92 29 W

[TEMPERATURE DATA]      [PRECIPITATION DATA]       SYMBOLS USED IN COLUMN 16

AVERAGE MONTHLY: 10.9   TOTAL FOR MONTH:      M    1 = FOG OR MIST
DPTR FM NORMAL:     M   DPTR FM NORMAL:       M    2 = FOG REDUCING VISIBILITY
HIGHEST:    34 ON 16, 3 GRTST 24HR    M  ON   M        TO 1/4 MILE OR LESS
LOWEST:    -11 ON  6                               3 = THUNDER
                        SNOW, ICE PELLETS, HAIL    4 = ICE PELLETS
                        TOTAL MONTH:    M          5 = HAIL
                        GRTST 24HR    M  ON   M    6 = FREEZING RAIN OR DRIZZLE
                        GRTST DEPTH:  M  ON   M    7 = DUSTSTORM OR SANDSTORM:
                                                       VSBY 1/2 MILE OR LESS
                                                   8 = SMOKE OR HAZE
[NO. OF DAYS WITH]      [WEATHER - DAYS WITH]      9 = BLOWING SNOW
                                                   X = TORNADO
MAX 32 OR BELOW:  13    0.01 INCH OR MORE:   0
MAX 90 OR ABOVE:   0    0.10 INCH OR MORE:   0
MIN 32 OR BELOW:  16    0.50 INCH OR MORE:   0
MIN  0 OR BELOW:   9    1.00 INCH OR MORE:   0

[HDD (BASE 65) ]
TOTAL THIS MO.   860    CLEAR  (SCALE 0-3)   6
DPTR FM NORMAL     M    PTCLDY (SCALE 4-7)   9
TOTAL FM JUL 1  3302    CLOUDY (SCALE 8-10)  1
DPTR FM NORMAL     M

[CDD (BASE 65) ]
TOTAL THIS MO.     0
DPTR FM NORMAL     M    [PRESSURE DATA]
TOTAL FM JAN 1     0    HIGHEST SLP M ON M
DPTR FM NORMAL     M    LOWEST  SLP M ON M

[REMARKS]
