000
CXUS53 KGRB 210651
CF6RHI
PRELIMINARY LOCAL CLIMATOLOGICAL DATA (WS FORM: F-6)

                                          STATION:   RHINELANDER WI
                                          MONTH:     SEPTEMBER
                                          YEAR:      2017
                                          LATITUDE:   45 37 N
                                          LONGITUDE:  89 27 W

  TEMPERATURE IN F:       :PCPN:    SNOW:  WIND      :SUNSHINE: SKY     :PK WND
================================================================================
1   2   3   4   5  6A  6B    7    8   9   10  11  12  13   14  15   16   17  18
                                     12Z  AVG MX 2MIN
DY MAX MIN AVG DEP HDD CDD  WTR  SNW DPTH SPD SPD DIR MIN PSBL S-S WX    SPD DR
================================================================================

 1  68  36  52  -9  13   0 0.00  0.0    0  5.1 14 200   M    M   1 12     20 140
 2  58  50  54  -7  11   0 0.78  0.0    0  8.1 14 210   M    M   8 1238   19 190
 3  80  45  63   2   2   0 0.00  0.0    0  8.7 16 220   M    M   0 12     24 230
 4  69  49  59  -1   6   0    T  0.0    0  9.1 18 290   M    M   4 1      25 340
 5  55  41  48 -12  17   0 0.22  0.0    0  7.7 16 350   M    M   7 1      26 340
 6  61  42  52  -8  13   0 0.11  0.0    0  4.1 14 360   M    M   9 12     20 350
 7  59  39  49 -10  16   0 0.04  0.0    0  3.8 13 280   M    M   8 12     17 270
 8  63  34  49 -10  16   0 0.00  0.0    0  3.7 12  90   M    M   1        16  80
 9  67  33  50  -8  15   0 0.00  0.0    0  5.1 14 150   M    M   0 12     19 180
10  71  47  59   1   6   0 0.00  0.0    0  6.5 15 190   M    M   1        19 200
11  76  51  64   7   1   0 0.00  0.0    0  8.0 18 210   M    M   1 12     24 210
12  78  48  63   6   2   0 0.00  0.0    0  1.8  9 140   M    M   3 12     12 140
13  82  46  64   7   1   0 0.00  0.0    0  2.7 13 230   M    M   2 12     16 230
14  81  50  66  10   0   1 0.00  0.0    0  4.7 15 190   M    M   1 12     20 200
15  82  63  73  17   0   8    T  0.0    0  7.4 12 190   M    M   4        20 190
16  81  69  75  20   0  10 0.05  0.0    0  7.1 17 220   M    M   3 13     25 200
17  71  42  57   2   8   0 0.12  0.0    0  8.7 20 280   M    M   4 1      26 280
18  64  38  51  -3  14   0 0.05  0.0    0  4.3 12 130   M    M   6 12     16 120
19  76  51  64  10   1   0 0.00  0.0    0  8.2 17 120   M    M   4        22 130
20  72  55  64  10   1   0 0.30  0.0    0  5.9 21 270   M    M   7 123    25 280
================================================================================
SM 1414  929       143  19  1.67     0.0 120.7          M       74
================================================================================
AV 70.7 46.5                               6.0 FASTST   M    M   4    MAX(MPH)
                                 MISC ---->  # 21 270               # 26  340
================================================================================
NOTES:
# LAST OF SEVERAL OCCURRENCES

COLUMN 17 PEAK WIND IN M.P.H.

PRELIMINARY LOCAL CLIMATOLOGICAL DATA (WS FORM: F-6) , PAGE 2

                                          STATION:  RHINELANDER WI
                                          MONTH:    SEPTEMBER
                                          YEAR:     2017
                                          LATITUDE:   45 37 N
                                          LONGITUDE:  89 27 W

[TEMPERATURE DATA]      [PRECIPITATION DATA]       SYMBOLS USED IN COLUMN 16

AVERAGE MONTHLY: 58.6   TOTAL FOR MONTH:   1.67    1 = FOG OR MIST
DPTR FM NORMAL:   1.0   DPTR FM NORMAL:   -1.11    2 = FOG REDUCING VISIBILITY
HIGHEST:    82 ON 15,13 GRTST 24HR  0.78 ON  2- 2      TO 1/4 MILE OR LESS
LOWEST:     33 ON  9                               3 = THUNDER
                        SNOW, ICE PELLETS, HAIL    4 = ICE PELLETS
                        TOTAL MONTH:   0.0 INCH    5 = HAIL
                        GRTST 24HR     0.0         6 = FREEZING RAIN OR DRIZZLE
                        GRTST DEPTH:   0           7 = DUSTSTORM OR SANDSTORM:
                                                       VSBY 1/2 MILE OR LESS
                                                   8 = SMOKE OR HAZE
[NO. OF DAYS WITH]      [WEATHER - DAYS WITH]      9 = BLOWING SNOW
                                                   X = TORNADO
MAX 32 OR BELOW:   0    0.01 INCH OR MORE:   8
MAX 90 OR ABOVE:   0    0.10 INCH OR MORE:   5
MIN 32 OR BELOW:   0    0.50 INCH OR MORE:   1
MIN  0 OR BELOW:   0    1.00 INCH OR MORE:   0

[HDD (BASE 65) ]
TOTAL THIS MO.   143    CLEAR  (SCALE 0-3)   9
DPTR FM NORMAL   -22    PTCLDY (SCALE 4-7)  10
TOTAL FM JUL 1   309    CLOUDY (SCALE 8-10)  1
DPTR FM NORMAL    17

[CDD (BASE 65) ]
TOTAL THIS MO.    19
DPTR FM NORMAL     3    [PRESSURE DATA]
TOTAL FM JAN 1   181    HIGHEST SLP M ON M
DPTR FM NORMAL   -76    LOWEST  SLP 29.64 ON  4

[REMARKS]
