000
CXUS53 KGRB 200637
CF6RHI
PRELIMINARY LOCAL CLIMATOLOGICAL DATA (WS FORM: F-6)

                                          STATION:   RHINELANDER WI
                                          MONTH:     SEPTEMBER
                                          YEAR:      2014
                                          LATITUDE:   45 37 N
                                          LONGITUDE:  89 27 W

  TEMPERATURE IN F:       :PCPN:    SNOW:  WIND      :SUNSHINE: SKY     :PK WND
================================================================================
1   2   3   4   5  6A  6B    7    8   9   10  11  12  13   14  15   16   17  18
                                     12Z  AVG MX 2MIN
DY MAX MIN AVG DEP HDD CDD  WTR  SNW DPTH SPD SPD DIR MIN PSBL S-S WX    SPD DR
================================================================================

 1  74  51  63   2   2   0 0.50  0.0    0  8.9 22 220   M    M   3 13     31 220
 2  75  48  62   1   3   0 0.00  0.0    0  5.8 16 260   M    M   1 1      21 260
 3  70  50  60  -1   5   0 0.99  0.0    0  6.1 15 320   M    M   1 13     21 220
 4  71  61  66   6   0   1 2.01  0.0    0  4.3  8 110   M    M  10 13      M  M
 5  63  47  55  -5  10   0 0.00  0.0    0  7.7 16 280   M    M   5 3      22 290
 6  69  42  56  -4   9   0 0.00  0.0    0  7.0 16 290   M    M   0        22 300
 7  74  49  62   3   3   0 0.00  0.0    0  6.8 20 260   M    M   0 1      27 260
 8  71  48  60   1   5   0 0.02  0.0    0  6.0 20 210   M    M   3 1      26 220
 9  77  52  65   7   0   0 0.07  0.0    0  4.3 12 190   M    M   5 1      16 190
10  64  39  52  -6  13   0 1.84    T    0  9.5 20 340   M    M  10 1      32 350
11  51  31  41 -16  24   0    T  0.0    0  5.7 14 360   M    M   7        22 330
12  48  29  39 -18  26   0 0.24  0.0    0  2.1  9 360   M    M   8 12     14  10
13  55  29  42 -15  23   0    T  0.0    0  4.1 14 190   M    M   6 12     17 190
14  62  38  50  -6  15   0 0.00  0.0    0  9.3 22 220   M    M   6 1      28 270
15  59  32  46 -10  19   0 0.00  0.0    0  5.2 15 290   M    M   3 12     20 290
16  66  31  49  -6  16   0 0.00  0.0    0  8.2 18 270   M    M   0        25 270
17  70  40  55   0  10   0 0.00  0.0    0  6.4 13 290   M    M   2        18 300
18  57  38  48  -6  17   0 0.00  0.0    0  6.0 12 100   M    M   7 1      15  90
19  68  47  58   4   7   0 0.00  0.0    0 11.9 24 200   M    M   5 1      36 210
================================================================================
SM 1244  802       207   1  5.67    T    125.3          M       82
================================================================================
AV 65.5 42.2                               6.6 FASTST   M    M   4    MAX(MPH)
                                 MISC ---->  # 24 200               # 36  210
================================================================================
NOTES:
# LAST OF SEVERAL OCCURRENCES

COLUMN 17 PEAK WIND IN M.P.H.

PRELIMINARY LOCAL CLIMATOLOGICAL DATA (WS FORM: F-6) , PAGE 2

                                          STATION:  RHINELANDER WI
                                          MONTH:    SEPTEMBER
                                          YEAR:     2014
                                          LATITUDE:   45 37 N
                                          LONGITUDE:  89 27 W

[TEMPERATURE DATA]      [PRECIPITATION DATA]       SYMBOLS USED IN COLUMN 16

AVERAGE MONTHLY: 53.8   TOTAL FOR MONTH:   5.67    1 = FOG OR MIST
DPTR FM NORMAL:  -3.9   DPTR FM NORMAL:    3.03    2 = FOG REDUCING VISIBILITY
HIGHEST:    77 ON  9    GRTST 24HR  2.64 ON  3- 4      TO 1/4 MILE OR LESS
LOWEST:     29 ON 13,12                            3 = THUNDER
                        SNOW, ICE PELLETS, HAIL    4 = ICE PELLETS
                        TOTAL MONTH:    T          5 = HAIL
                        GRTST 24HR    T  ON 10-10  6 = FREEZING RAIN OR DRIZZLE
                        GRTST DEPTH:   0           7 = DUSTSTORM OR SANDSTORM:
                                                       VSBY 1/2 MILE OR LESS
                                                   8 = SMOKE OR HAZE
[NO. OF DAYS WITH]      [WEATHER - DAYS WITH]      9 = BLOWING SNOW
                                                   X = TORNADO
MAX 32 OR BELOW:   0    0.01 INCH OR MORE:   7
MAX 90 OR ABOVE:   0    0.10 INCH OR MORE:   5
MIN 32 OR BELOW:   5    0.50 INCH OR MORE:   4
MIN  0 OR BELOW:   0    1.00 INCH OR MORE:   2

[HDD (BASE 65) ]
TOTAL THIS MO.   207    CLEAR  (SCALE 0-3)   9
DPTR FM NORMAL    54    PTCLDY (SCALE 4-7)   8
TOTAL FM JUL 1   407    CLOUDY (SCALE 8-10)  2
DPTR FM NORMAL   127

[CDD (BASE 65) ]
TOTAL THIS MO.     1
DPTR FM NORMAL   -15    [PRESSURE DATA]
TOTAL FM JAN 1   148    HIGHEST SLP M ON M
DPTR FM NORMAL  -109    LOWEST  SLP 29.42 ON 10

[REMARKS]
SNOWFALL AND PRECIPITATION AMOUNTS, AND SNOWDEPTH DURING
MIXED OR ALL SNOW EVENTS PROVIDED BY WJFW-TV.
