000
CXUS55 KRIW 290945
CF6RIW
PRELIMINARY LOCAL CLIMATOLOGICAL DATA (WS FORM: F-6)

                                          STATION:   RIVERTON WY
                                          MONTH:     APRIL
                                          YEAR:      2017
                                          LATITUDE:   43  2 N
                                          LONGITUDE: 108 27 W

  TEMPERATURE IN F:       :PCPN:    SNOW:  WIND      :SUNSHINE: SKY     :PK WND
================================================================================
1   2   3   4   5  6A  6B    7    8   9   10  11  12  13   14  15   16   17  18
                                     12Z  AVG MX 2MIN
DY MAX MIN AVG DEP HDD CDD  WTR  SNW DPTH SPD SPD DIR MIN PSBL S-S WX    SPD DR
================================================================================

 1  48  36  42   2  23   0 0.01  0.0    0  5.6 15 170   M    M   5 1      19 180
 2  44  31  38  -3  27   0 0.10    T    0  8.0 21 360   M    M   6 12     27 350
 3  45  28  37  -4  28   0 0.03  0.6    T  9.0 20  10   M    M   7 12     24  10
 4  39  25  32  -9  33   0 0.35  2.0    1 11.6 25  10   M    M   6 12     31  10
 5  51   M   M   M   M   M 0.00  0.0    T  9.3 13 320   M    M   0        17 240
 6  60  30  45   3  20   0 0.00  0.0    0  7.7 20 310   M    M   0        23 310
 7  66  35  51   9  14   0 0.00  0.0    0  9.3 31 270   M    M   1        37 280
 8  57  37  47   5  18   0 0.04  0.0    0 14.4 31 320   M    M   6 1      38 320
 9  41  27  34  -8  31   0 0.22  2.0    0 13.6 36 300   M    M   7 12     44 300
10  51  24  38  -4  27   0 0.00  0.0    0  7.1 17 250   M    M   0        23 200
11  59  29  44   1  21   0 0.00  0.0    0  6.9 16 250   M    M   2        17 240
12  64  35  50   7  15   0 0.00  0.0    0  6.9 15 100   M    M   0        22 110
13  75  34  55  12  10   0 0.00  0.0    0 12.1 38 200   M    M   0        45 200
14  61  37  49   5  16   0 0.00  0.0    0 14.2 31 240   M    M   0        41 230
15  54  32  43  -1  22   0 0.00  0.0    0 14.9 30 300   M    M   0        38 310
16  61  30  46   2  19   0 0.00  0.0    0  8.0 17  80   M    M   0        23  70
17  67  31  49   5  16   0 0.00  0.0    0 11.3 35 270   M    M   0        42 270
18  62  39  51   6  14   0 0.34  0.0    0  6.5 18 160   M    M   4 1      21 170
19  54  37  46   1  19   0 0.37  0.0    0  9.1 23  10   M    M   5 13     28  20
20  59  33  46   1  19   0 0.00  0.0    0  8.7 35 310   M    M   2 1      42 310
21  42  35  39  -7  26   0 0.28  0.0    0 15.5 35 300   M    M   9 1      41 310
22  60  35  48   2  17   0 0.00  0.0    0  5.5 24 180   M    M   5        32 170
23  68  39  54   8  11   0 0.00  0.0    0  8.3 25 230   M    M   1        30 220
24  59  38  49   2  16   0 0.05  0.0    0 10.4 29 310   M    M   5 1      36 300
25  45  32  39  -8  26   0 0.26    T    0 10.3 25 350   M    M   5 1      31  10
26  56  27  42  -5  23   0    T    T    0  5.1 21 270   M    M   5 12     33 320
27  47  32  40  -8  25   0 0.27  0.4    T 13.3 30 300   M    M   8 1      37 290
28  33  28  31 -17  34   0 0.87  9.5    5 10.4 26  30   M    M  10 12     33  40
================================================================================
SM 1528  876       570   0  3.19    14.5 273.0          M       99
================================================================================
AV 54.6 32.4                               9.8 FASTST   M    M   4    MAX(MPH)
                                 MISC ---->  # 38 200               # 45  200
================================================================================
NOTES:
# LAST OF SEVERAL OCCURRENCES

COLUMN 17 PEAK WIND IN M.P.H.

PRELIMINARY LOCAL CLIMATOLOGICAL DATA (WS FORM: F-6) , PAGE 2

                                          STATION:  RIVERTON WY
                                          MONTH:    APRIL
                                          YEAR:     2017
                                          LATITUDE:   43  2 N
                                          LONGITUDE: 108 27 W

[TEMPERATURE DATA]      [PRECIPITATION DATA]       SYMBOLS USED IN COLUMN 16

AVERAGE MONTHLY: 43.5   TOTAL FOR MONTH:   3.19    1 = FOG OR MIST
DPTR FM NORMAL:  -0.4   DPTR FM NORMAL:    2.01    2 = FOG REDUCING VISIBILITY
HIGHEST:    75 ON 13    GRTST 24HR  2.64 ON 31- 1      TO 1/4 MILE OR LESS
LOWEST:     24 ON 10                               3 = THUNDER
                        SNOW, ICE PELLETS, HAIL    4 = ICE PELLETS
                        TOTAL MONTH:  14.5 INCHES  5 = HAIL
                        GRTST 24HR   9.5 ON 28-28  6 = FREEZING RAIN OR DRIZZLE
                        GRTST DEPTH:   5 ON 28     7 = DUSTSTORM OR SANDSTORM:
                                                       VSBY 1/2 MILE OR LESS
                                                   8 = SMOKE OR HAZE
[NO. OF DAYS WITH]      [WEATHER - DAYS WITH]      9 = BLOWING SNOW
                                                   X = TORNADO
MAX 32 OR BELOW:   0    0.01 INCH OR MORE:  13
MAX 90 OR ABOVE:   0    0.10 INCH OR MORE:   9
MIN 32 OR BELOW:  14    0.50 INCH OR MORE:   1
MIN  0 OR BELOW:   0    1.00 INCH OR MORE:   0

[HDD (BASE 65) ]
TOTAL THIS MO.   570    CLEAR  (SCALE 0-3)  13
DPTR FM NORMAL   -20    PTCLDY (SCALE 4-7)  12
TOTAL FM JUL 1  7148    CLOUDY (SCALE 8-10)  3
DPTR FM NORMAL  -214

[CDD (BASE 65) ]
TOTAL THIS MO.     0
DPTR FM NORMAL     0    [PRESSURE DATA]
TOTAL FM JAN 1     0    HIGHEST SLP M ON M
DPTR FM NORMAL     0    LOWEST  SLP 29.54 ON 27

[REMARKS]
