000
CXUS54 KCRP 311300
CF6RKP
PRELIMINARY LOCAL CLIMATOLOGICAL DATA (WS FORM: F-6)

                                          STATION:   ROCKPORT
                                          MONTH:     JULY
                                          YEAR:      2015
                                          LATITUDE:   28  4 N
                                          LONGITUDE:  97  3 W

  TEMPERATURE IN F:       :PCPN:    SNOW:  WIND      :SUNSHINE: SKY     :PK WND
================================================================================
1   2   3   4   5  6A  6B    7    8   9   10  11  12  13   14  15   16   17  18
                                     12Z  AVG MX 2MIN
DY MAX MIN AVG DEP HDD CDD  WTR  SNW DPTH SPD SPD DIR MIN PSBL S-S WX    SPD DR
================================================================================

 1  90  73  82  -3   0  17 0.18  0.0    0  8.0 18 140   M    M   3 1      27 190
 2  90  79  85   0   0  20    T  0.0    0 11.8 21 140   M    M   2        27 140
 3  91  79  85   0   0  20    T  0.0    0 10.1 20 140   M    M   4 18     24 150
 4  90  80  85   0   0  20    T  0.0    0 10.6 21 140   M    M   4        27 140
 5  90  81  86   1   0  21    T  0.0    0 11.6 20 150   M    M   3        28 150
 6  90  81  86   1   0  21 0.00  0.0    0 11.7 21 150   M    M   5 18     31 170
 7  90  82  86   1   0  21    T  0.0    0 13.0 21 150   M    M   6 8      29 160
 8  90  81  86   1   0  21    T  0.0    0 13.8 22 140   M    M   3        30 150
 9  92  80  86   1   0  21    T  0.0    0 11.9 20 150   M    M   2 1      24 150
10  92  80  86   1   0  21 0.00  0.0    0 10.9 17 120   M    M   1 18     24 150
11  93  80  87   2   0  22 0.00  0.0    0  9.2 16 140   M    M   2 8      21 140
12  92  80  86   1   0  21 0.00  0.0    0  9.0 17 140   M    M   2 8      22 130
13  91  79  85   0   0  20 0.00  0.0    0  9.7 17 150   M    M   1 8      24 170
14  91  80  86   1   0  21 0.00  0.0    0  9.7 18 150   M    M   3 8      25 140
15  92  80  86   1   0  21 0.00  0.0    0  9.9 16 130   M    M   3 8      23 140
16  91  80  86   1   0  21 0.00  0.0    0  9.9 16 150   M    M   2 8      23 140
17  92  82  87   2   0  22 0.00  0.0    0 10.7 20 150   M    M   4 8      25 140
18  92  83  88   3   0  23 0.00  0.0    0 11.9 18 140   M    M   4 8      25 140
19  92  82  87   2   0  22 0.00  0.0    0 10.2 18 140   M    M   4 18     23 130
20  92  79  86   1   0  21 0.00  0.0    0  8.6 18 130   M    M   2        23 140
21  92  81  87   2   0  22 0.00  0.0    0 10.2 18 150   M    M   3 8      24 150
22  93  82  88   3   0  23 0.00  0.0    0 12.1 21 150   M    M   2 8      27 140
23  92  82  87   2   0  22 0.00  0.0    0 11.7 20 140   M    M   3        25 140
24  93  82  88   3   0  23 0.00  0.0    0 11.0 18 140   M    M   3        22 140
25  92  82  87   2   0  22 0.00  0.0    0  9.9 17 140   M    M   3 8      22 150
26  93  81  87   2   0  22 0.00  0.0    0 11.3 20 140   M    M   5 8      24 140
27  93  82  88   3   0  23 0.00  0.0    0 11.9 20 140   M    M   5 8      24 130
28  93  82  88   3   0  23 0.00  0.0    0 12.5 20 150   M    M   3 8      28 140
29  93  82  88   3   0  23 0.00  0.0    0  9.2 17 140   M    M   5 18     23 130
30  94  76  85   0   0  20 0.00  0.0    0  5.1 13 150   M    M   1 1      17 140
================================================================================
SM 2751 2413         0 640  0.18     0.0 317.2          M       93
================================================================================
AV 91.7 80.4                              10.6 FASTST   M    M   3    MAX(MPH)
                                 MISC ---->  # 22 140               # 31  170
================================================================================
NOTES:
# LAST OF SEVERAL OCCURRENCES

COLUMN 17 PEAK WIND IN M.P.H.

PRELIMINARY LOCAL CLIMATOLOGICAL DATA (WS FORM: F-6) , PAGE 2

                                          STATION:  ROCKPORT
                                          MONTH:    JULY
                                          YEAR:     2015
                                          LATITUDE:   28  4 N
                                          LONGITUDE:  97  3 W

[TEMPERATURE DATA]      [PRECIPITATION DATA]       SYMBOLS USED IN COLUMN 16

AVERAGE MONTHLY: 86.1   TOTAL FOR MONTH:   0.18    1 = FOG OR MIST
DPTR FM NORMAL:   1.1   DPTR FM NORMAL:   -3.04    2 = FOG REDUCING VISIBILITY
HIGHEST:    94 ON 30    GRTST 24HR  0.18 ON  1- 1      TO 1/4 MILE OR LESS
LOWEST:     73 ON  1                               3 = THUNDER
                        SNOW, ICE PELLETS, HAIL    4 = ICE PELLETS
                        TOTAL MONTH:   0.0 INCH    5 = HAIL
                        GRTST 24HR     0.0         6 = FREEZING RAIN OR DRIZZLE
                        GRTST DEPTH:   0           7 = DUSTSTORM OR SANDSTORM:
                                                       VSBY 1/2 MILE OR LESS
                                                   8 = SMOKE OR HAZE
[NO. OF DAYS WITH]      [WEATHER - DAYS WITH]      9 = BLOWING SNOW
                                                   X = TORNADO
MAX 32 OR BELOW:   0    0.01 INCH OR MORE:   1
MAX 90 OR ABOVE:  30    0.10 INCH OR MORE:   1
MIN 32 OR BELOW:   0    0.50 INCH OR MORE:   0
MIN  0 OR BELOW:   0    1.00 INCH OR MORE:   0

[HDD (BASE 65) ]
TOTAL THIS MO.     0    CLEAR  (SCALE 0-3)  17
DPTR FM NORMAL     0    PTCLDY (SCALE 4-7)  13
TOTAL FM JUL 1     0    CLOUDY (SCALE 8-10)  0
DPTR FM NORMAL     0

[CDD (BASE 65) ]
TOTAL THIS MO.   640
DPTR FM NORMAL    40    [PRESSURE DATA]
TOTAL FM JAN 1  2045    HIGHEST SLP M ON M
DPTR FM NORMAL    68    LOWEST  SLP 29.75 ON 21

[REMARKS]
