000
CXUS55 KRIW 290945
CF6RKS
PRELIMINARY LOCAL CLIMATOLOGICAL DATA (WS FORM: F-6)

                                          STATION:   ROCK SPRINGS WY
                                          MONTH:     JULY
                                          YEAR:      2015
                                          LATITUDE:   41 35 N
                                          LONGITUDE: 109  4 W

  TEMPERATURE IN F:       :PCPN:    SNOW:  WIND      :SUNSHINE: SKY     :PK WND
================================================================================
1   2   3   4   5  6A  6B    7    8   9   10  11  12  13   14  15   16   17  18
                                     12Z  AVG MX 2MIN
DY MAX MIN AVG DEP HDD CDD  WTR  SNW DPTH SPD SPD DIR MIN PSBL S-S WX    SPD DR
================================================================================

 1  89  57  73   7   0   8 0.00  0.0    0  7.6 22 290   M    M   2        31 270
 2  87  58  73   7   0   8 0.00  0.0    0  8.4 29  70   M    M   0 3      36  70
 3  88  55  72   5   0   7 0.00  0.0    0  6.3 17 300   M    M   0        22 300
 4  88  62  75   8   0  10 0.00  0.0    0 11.4 29 230   M    M   2        34 240
 5  71  56  64  -3   1   0 0.17  0.0    0  9.3 23 260   M    M   7 1      27 260
 6  75  52  64  -4   1   0 0.90  0.0    0  8.0 29 320   M    M   5 138    34 320
 7  70  53  62  -6   3   0 0.32  0.0    0  5.5 22  40   M    M   6 123    27  50
 8  73  52  63  -5   2   0 0.48  0.0    0  5.8 21 250   M    M   3 13     26 260
 9  75  53  64  -4   1   0    T  0.0    0  7.2 29 210   M    M   3 3      38 220
10  71  55  63  -5   2   0 0.06  0.0    0  7.6 36 260   M    M   4 3      42 260
11  78  51  65  -4   0   0    T  0.0    0 11.2 36 200   M    M   3        43 200
12  82  55  69   0   0   4 0.00  0.0    0  8.9 24 250   M    M   1        29 260
13  86  54  70   1   0   5 0.00  0.0    0  8.3 23 270   M    M   1        30 250
14  81  56  69   0   0   4    T  0.0    0  9.1 35 220   M    M   3 3      43 220
15  80  53  67  -2   0   2 0.02  0.0    0  8.6 43 300   M    M   4 3      65 310
16  82  49  66  -4   0   1 0.06  0.0    0  7.6 32 220   M    M   3 3      44 230
17  79  55  67  -3   0   2 0.09  0.0    0 10.4 36 310   M    M   3 3      48 270
18  74  52  63  -7   2   0 0.02  0.0    0  7.6 20 350   M    M   3 3      26 340
19  77  53  65  -5   0   0 0.00  0.0    0 13.1 25 250   M    M   0        34 270
20  75  51  63  -7   2   0    T  0.0    0  7.1 26 290   M    M   3        33 270
21  79  47  63  -7   2   0 0.00  0.0    0  7.7 23 240   M    M   1 13     28 240
22  80  58  69  -1   0   4 0.00  0.0    0 11.5 31 210   M    M   3        37 220
23  80  51  66  -4   0   1    T  0.0    0  8.8 21 260   M    M   2        29 250
24  85  53  69  -1   0   4 0.00  0.0    0  7.4 21 260   M    M   2        32 270
25  84  53  69  -1   0   4 0.00  0.0    0  7.1 21 270   M    M   1        26 270
26  89  56  73   3   0   8 0.00  0.0    0  9.6 35 260   M    M   1        49 240
27  83  55  69  -1   0   4    T  0.0    0 20.7 41 270   M    M   1 3      51 280
28  71  46  59 -11   6   0 0.00  0.0    0 10.7 23 260   M    M   0        28 280
================================================================================
SM 2232 1501        22  76  2.12     0.0 252.5          M       67
================================================================================
AV 79.7 53.6                               9.0 FASTST   M    M   2    MAX(MPH)
                                 MISC ---->  # 43 300               # 65  310
================================================================================
NOTES:
# LAST OF SEVERAL OCCURRENCES

COLUMN 17 PEAK WIND IN M.P.H.

PRELIMINARY LOCAL CLIMATOLOGICAL DATA (WS FORM: F-6) , PAGE 2

                                          STATION:  ROCK SPRINGS WY
                                          MONTH:    JULY
                                          YEAR:     2015
                                          LATITUDE:   41 35 N
                                          LONGITUDE: 109  4 W

[TEMPERATURE DATA]      [PRECIPITATION DATA]       SYMBOLS USED IN COLUMN 16

AVERAGE MONTHLY: 66.7   TOTAL FOR MONTH:   2.12    1 = FOG OR MIST
DPTR FM NORMAL:  -2.2   DPTR FM NORMAL:    1.55    2 = FOG REDUCING VISIBILITY
HIGHEST:    89 ON 26, 1 GRTST 24HR  1.13 ON  6- 7      TO 1/4 MILE OR LESS
LOWEST:     46 ON 28                               3 = THUNDER
                        SNOW, ICE PELLETS, HAIL    4 = ICE PELLETS
                        TOTAL MONTH:   0.0 INCH    5 = HAIL
                        GRTST 24HR     0.0         6 = FREEZING RAIN OR DRIZZLE
                        GRTST DEPTH:   0           7 = DUSTSTORM OR SANDSTORM:
                                                       VSBY 1/2 MILE OR LESS
                                                   8 = SMOKE OR HAZE
[NO. OF DAYS WITH]      [WEATHER - DAYS WITH]      9 = BLOWING SNOW
                                                   X = TORNADO
MAX 32 OR BELOW:   0    0.01 INCH OR MORE:   9
MAX 90 OR ABOVE:   0    0.10 INCH OR MORE:   4
MIN 32 OR BELOW:   0    0.50 INCH OR MORE:   1
MIN  0 OR BELOW:   0    1.00 INCH OR MORE:   0

[HDD (BASE 65) ]
TOTAL THIS MO.    22    CLEAR  (SCALE 0-3)  20
DPTR FM NORMAL     3    PTCLDY (SCALE 4-7)   8
TOTAL FM JUL 1    22    CLOUDY (SCALE 8-10)  0
DPTR FM NORMAL     3

[CDD (BASE 65) ]
TOTAL THIS MO.    76
DPTR FM NORMAL   -49    [PRESSURE DATA]
TOTAL FM JAN 1   164    HIGHEST SLP M ON M
DPTR FM NORMAL     3    LOWEST  SLP 29.74 ON 27

[REMARKS]
