000
CXUS51 KRNK 221032
CF6RNK

PRELIMINARY LOCAL CLIMATOLOGICAL DATA (WS FORM: F-6)

                                          STATION:   BLACKSBURG VA
                                          MONTH:     DECEMBER
                                          YEAR:      2014
                                          LATITUDE:   37 13 N
                                          LONGITUDE:  80 25 W

  TEMPERATURE IN F:       :PCPN:    SNOW:  WIND      :SUNSHINE: SKY     :PK WND
================================================================================
1   2   3   4   5  6A  6B    7    8   9   10  11  12  13   14  15   16   17  18
                                     12Z  AVG MX 2MIN
DY MAX MIN AVG DEP HDD CDD  WTR  SNW DPTH SPD SPD DIR MIN PSBL S-S WX    SPD DR
================================================================================

 1  63  34  49  11  16   0 0.02  0.0    0  2.4 12 230   M    M   5 1      20 230
 2  49  34  42   5  23   0 0.74  0.0    0  5.5 13 100   M    M  10 12     20  90
 3  60  36  48  11  17   0 0.02  0.0    0  5.6 17 320   M    M   6 1      25 310
 4  44  33  39   2  26   0 0.15  0.0    0  2.8  8 100   M    M   6 1       M  M
 5  43  35  39   3  26   0 0.05  0.0    0  4.3  9 120   M    M   9 1       M  M
 6  54  40  47  11  18   0 0.26  0.0    0  3.7 18 340   M    M   9 1      26 340
 7  47  29  38   2  27   0 0.00  0.0    0  6.3 14 340   M    M   2        18 340
 8  34  28  31  -4  34   0 0.05  0.1    T  4.6 13  90   M    M   5 14     20  90
 9  43  31  37   2  28   0 0.01    T    0  5.6 16 320   M    M  10 1      23 310
10  38  28  33  -2  32   0 0.01    T    0 12.6 25 310   M    M  10        40 300
11  37  25  31  -3  34   0 0.00  0.0    0 11.9 18 290   M    M   3        28 290
12  45  28  37   3  28   0 0.00  0.0    0 12.8 21 300   M    M   0        28 290
13  45  30  38   4  27   0 0.00  0.0    0  9.2 14 290   M    M   1        24 280
14  41  31  36   2  29   0 0.00  0.0    0  7.5 14 290   M    M   5 1      18 290
15  52  24  38   4  27   0 0.00  0.0    0  0.3  6 100   M    M   2 12      M  M
16  56  31  44  11  21   0 0.03  0.0    0  4.6 20 290   M    M   7        29 290
17  46  32  39   6  26   0 0.00  0.0    0 12.2 18 290   M    M   5        31 280
18  41  27  34   1  31   0 0.00  0.0    0  7.9 14 300   M    M   5        22 280
19  40  27  34   1  31   0 0.00  0.0    0  6.1 15 290   M    M   1        18 290
20  35  25  30  -3  35   0    T    T    0  0.3  3 100   M    M   8         M  M
21  44  34  39   7  26   0    T  0.0    0  2.8 10  90   M    M  10         M  M
================================================================================
SM  957  642       562   0  1.34     0.1 129.0          M      119
================================================================================
AV 45.6 30.6                               6.1 FASTST   M    M   6    MAX(MPH)
                                 MISC ---->  # 25 310               # 40  300
================================================================================
NOTES:
# LAST OF SEVERAL OCCURRENCES

COLUMN 17 PEAK WIND IN M.P.H.

PRELIMINARY LOCAL CLIMATOLOGICAL DATA (WS FORM: F-6) , PAGE 2

                                          STATION:  BLACKSBURG VA
                                          MONTH:    DECEMBER
                                          YEAR:     2014
                                          LATITUDE:   37 13 N
                                          LONGITUDE:  80 25 W

[TEMPERATURE DATA]      [PRECIPITATION DATA]       SYMBOLS USED IN COLUMN 16

AVERAGE MONTHLY: 38.1   TOTAL FOR MONTH:   1.34    1 = FOG OR MIST
DPTR FM NORMAL:   3.4   DPTR FM NORMAL:   -0.69    2 = FOG REDUCING VISIBILITY
HIGHEST:    63 ON  1    GRTST 24HR  0.74 ON  2- 2      TO 1/4 MILE OR LESS
LOWEST:     24 ON 15                               3 = THUNDER
                        SNOW, ICE PELLETS, HAIL    4 = ICE PELLETS
                        TOTAL MONTH:   0.1 INCH    5 = HAIL
                        GRTST 24HR   0.1 ON   M    6 = FREEZING RAIN OR DRIZZLE
                        GRTST DEPTH:   T           7 = DUSTSTORM OR SANDSTORM:
                                                       VSBY 1/2 MILE OR LESS
                                                   8 = SMOKE OR HAZE
[NO. OF DAYS WITH]      [WEATHER - DAYS WITH]      9 = BLOWING SNOW
                                                   X = TORNADO
MAX 32 OR BELOW:   0    0.01 INCH OR MORE:  10
MAX 90 OR ABOVE:   0    0.10 INCH OR MORE:   3
MIN 32 OR BELOW:  14    0.50 INCH OR MORE:   1
MIN  0 OR BELOW:   0    1.00 INCH OR MORE:   0

[HDD (BASE 65) ]
TOTAL THIS MO.   562    CLEAR  (SCALE 0-3)   5
DPTR FM NORMAL   -73    PTCLDY (SCALE 4-7)  10
TOTAL FM JUL 1  1755    CLOUDY (SCALE 8-10)  6
DPTR FM NORMAL   -60

[CDD (BASE 65) ]
TOTAL THIS MO.     0
DPTR FM NORMAL     0    [PRESSURE DATA]
TOTAL FM JAN 1   609    HIGHEST SLP M ON M
DPTR FM NORMAL    36    LOWEST  SLP M ON M

[REMARKS]
