000
CXUS51 KRNK 300630
CF6RNK

PRELIMINARY LOCAL CLIMATOLOGICAL DATA (WS FORM: F-6)

                                          STATION:   BLACKSBURG VA
                                          MONTH:     APRIL
                                          YEAR:      2016
                                          LATITUDE:   37 13 N
                                          LONGITUDE:  80 25 W

  TEMPERATURE IN F:       :PCPN:    SNOW:  WIND      :SUNSHINE: SKY     :PK WND
================================================================================
1   2   3   4   5  6A  6B    7    8   9   10  11  12  13   14  15   16   17  18
                                     12Z  AVG MX 2MIN
DY MAX MIN AVG DEP HDD CDD  WTR  SNW DPTH SPD SPD DIR MIN PSBL S-S WX    SPD DR
================================================================================

 1  74  54  64  18   1   0 0.35  0.0    0  5.6 16 250   M    M   6 1      29 260
 2  58  38  48   1  17   0 0.04  0.0    0 12.1 28 280   M    M   8        45 310
 3  58  28  43  -4  22   0    T  0.0    0 10.4 24 300   M    M   1        37 280
 4  71  34  53   6  12   0    T  0.0    0  7.3 24 310   M    M   2        30 300
 5  47  28  38 -10  27   0    T    T    0  9.6 22 320   M    M   2        31 300
 6  53  24  39  -9  26   0 0.00  0.0    0  6.4 14 200   M    M   0        22 190
 7  58  37  48   0  17   0 0.22    T    0  8.7 24 260   M    M   9 5      39 260
 8  49  33  41  -7  24   0 0.05    T    0 10.0 15 290   M    M   8        25 270
 9  37  25  31 -18  34   0 0.05  0.6    0 12.2 25 320   M    M   9        41 320
10  59  19  39 -10  26   0    T  0.0    0  3.2 10 170   M    M   4         M  M
11  67  41  54   5  11   0    T  0.0    0  4.8 18 180   M    M   5        25 190
12  61  36  49  -1  16   0 0.01  0.0    0  5.7 14 330   M    M   5        21 290
13  62  31  47  -3  18   0 0.00  0.0    0  3.5 12  80   M    M   0         M  M
14  64  32  48  -2  17   0 0.00  0.0    0  3.8 10  90   M    M   0         M  M
15  63  34  49  -2  16   0 0.00  0.0    0  5.1 13  80   M    M   0        20  70
16  67  31  49  -2  16   0 0.00  0.0    0  2.7 10  80   M    M   0         M  M
17  76  33  55   4  10   0 0.00  0.0    0  2.6 10 110   M    M   0         M  M
18  83  38  61   9   4   0 0.00  0.0    0  2.1 10 340   M    M   0         M  M
19  81  44  63  11   2   0 0.00  0.0    0  3.7 16 320   M    M   0        22 310
20  72  53  63  11   2   0 0.00  0.0    0  6.6 14 110   M    M   1        18 110
21  73  47  60   8   5   0 0.00  0.0    0  5.7 14 200   M    M   3        22 190
22  63  50  57   4   8   0 0.41  0.0    0  2.3 14 280   M    M   9        17 290
23  67  42  55   2  10   0 0.00  0.0    0  7.5 21 330   M    M   5        26 330
24  76  37  57   4   8   0 0.00  0.0    0  2.2  9 150   M    M   1 1       M  M
25  79  44  62   8   3   0 0.00  0.0    0  3.9 13 300   M    M   1        20 240
26  80  51  66  12   0   1 0.12  0.0    0  4.4 14 360   M    M   4        25 360
27  78  57  68  14   0   3 0.03  0.0    0  2.3 10 320   M    M   7        17 320
28  81  59  70  16   0   5 0.27  0.0    0  4.8 15 260   M    M   6 13     26 240
29  79  53  66  11   0   1 0.00  0.0    0  5.2 17 310   M    M   2 12     28 300
================================================================================
SM 1936 1133       352  10  1.55     0.6 164.4          M       98
================================================================================
AV 66.8 39.1                               5.7 FASTST   M    M   3    MAX(MPH)
                                 MISC ---->  # 28 280               # 45  310
================================================================================
NOTES:
# LAST OF SEVERAL OCCURRENCES

COLUMN 17 PEAK WIND IN M.P.H.

PRELIMINARY LOCAL CLIMATOLOGICAL DATA (WS FORM: F-6) , PAGE 2

                                          STATION:  BLACKSBURG VA
                                          MONTH:    APRIL
                                          YEAR:     2016
                                          LATITUDE:   37 13 N
                                          LONGITUDE:  80 25 W

[TEMPERATURE DATA]      [PRECIPITATION DATA]       SYMBOLS USED IN COLUMN 16

AVERAGE MONTHLY: 52.9   TOTAL FOR MONTH:   1.55    1 = FOG OR MIST
DPTR FM NORMAL:   2.3   DPTR FM NORMAL:   -1.82    2 = FOG REDUCING VISIBILITY
HIGHEST:    83 ON 18    GRTST 24HR  0.41 ON 22-22      TO 1/4 MILE OR LESS
LOWEST:     19 ON 10                               3 = THUNDER
                        SNOW, ICE PELLETS, HAIL    4 = ICE PELLETS
                        TOTAL MONTH:   0.6 INCH    5 = HAIL
                        GRTST 24HR   0.6 ON   M    6 = FREEZING RAIN OR DRIZZLE
                        GRTST DEPTH:   0           7 = DUSTSTORM OR SANDSTORM:
                                                       VSBY 1/2 MILE OR LESS
                                                   8 = SMOKE OR HAZE
[NO. OF DAYS WITH]      [WEATHER - DAYS WITH]      9 = BLOWING SNOW
                                                   X = TORNADO
MAX 32 OR BELOW:   0    0.01 INCH OR MORE:  10
MAX 90 OR ABOVE:   0    0.10 INCH OR MORE:   5
MIN 32 OR BELOW:   8    0.50 INCH OR MORE:   0
MIN  0 OR BELOW:   0    1.00 INCH OR MORE:   0

[HDD (BASE 65) ]
TOTAL THIS MO.   352    CLEAR  (SCALE 0-3)  16
DPTR FM NORMAL   -68    PTCLDY (SCALE 4-7)  10
TOTAL FM JUL 1  4272    CLOUDY (SCALE 8-10)  3
DPTR FM NORMAL  -923

[CDD (BASE 65) ]
TOTAL THIS MO.    10
DPTR FM NORMAL    10    [PRESSURE DATA]
TOTAL FM JAN 1    10    HIGHEST SLP M ON M
DPTR FM NORMAL    10    LOWEST  SLP M ON M

[REMARKS]
