000
CXUS56 KSGX 221445
CF6RNM
PRELIMINARY LOCAL CLIMATOLOGICAL DATA (WS FORM: F-6)

                                          STATION:   RAMONA AIRPORT CA
                                          MONTH:     OCTOBER
                                          YEAR:      2014
                                          LATITUDE:   33  2 N
                                          LONGITUDE: 116 55 W

  TEMPERATURE IN F:       :PCPN:    SNOW:  WIND      :SUNSHINE: SKY     :PK WND
================================================================================
1   2   3   4   5  6A  6B    7    8   9   10  11  12  13   14  15   16   17  18
                                     12Z  AVG MX 2MIN
DY MAX MIN AVG DEP HDD CDD  WTR  SNW DPTH SPD SPD DIR MIN PSBL S-S WX    SPD DR
================================================================================

 1  84  49  67   0   0   2 0.00  0.0    0  3.7 14 270   M    M   0        18 280
 2  96  52  74   8   0   9 0.00  0.0    0  6.7 18  70   M    M   0        23  80
 3  98  53  76  10   0  11 0.00  0.0    0  5.8 17 310   M    M   0        24 300
 4  98  49  74   8   0   9 0.00  0.0    0  3.7 17 270   M    M   0        22 290
 5  95  50  73   7   0   8 0.00  0.0    0  4.3 15 260   M    M   0        24 260
 6  94  51  73   7   0   8 0.00  0.0    0  3.2 15 270   M    M   0        18 270
 7  93  58  76  11   0  11    T  0.0    0  3.0 15 250   M    M   1        18 260
 8  87  53  70   5   0   5 0.00  0.0    0  4.5 15 270   M    M   0 1      21 270
 9  82  52  67   2   0   2 0.00  0.0    0  5.1 16 280   M    M   3 18     23 270
10  83  46  65   0   0   0 0.00  0.0    0  4.4 14 310   M    M   1 12     20 310
11  85  48  67   3   0   2 0.00  0.0    0  4.5 14 310   M    M   2 128    18 210
12  82  47  65   1   0   0 0.00  0.0    0  4.4 15 300   M    M   0 12     21 310
13  85  45  65   1   0   0 0.00  0.0    0  4.5 16 310   M    M   1 128    20 310
14  82  44  63  -1   2   0 0.00  0.0    0  4.0 16 270   M    M   3 12     19 270
15  75  53  64   0   1   0 0.00  0.0    0  4.3 17 270   M    M   5        22 340
16  77  56  67   4   0   2 0.00  0.0    0  4.9 16 280   M    M   6        22 280
17  77  56  67   4   0   2    T  0.0    0  4.5 16 250   M    M   7        20 270
18  75  53  64   1   1   0 0.00  0.0    0  4.2 15 270   M    M   4 1      20 270
19  78  49  64   1   1   0 0.00  0.0    0  3.4 15 290   M    M   2 12     18 280
20  78  50  64   1   1   0 0.00  0.0    0  3.5 15 270   M    M   4 18     18 270
21  82  48  65   3   0   0 0.00  0.0    0  4.3 16 270   M    M   4 128    20 290
================================================================================
SM 1786 1062         6  71    T      0.0  90.9          M       43
================================================================================
AV 85.0 50.6                               4.3 FASTST   M    M   2    MAX(MPH)
                                 MISC ---->  # 18  70               # 24  300
================================================================================
NOTES:
# LAST OF SEVERAL OCCURRENCES

COLUMN 17 PEAK WIND IN M.P.H.

PRELIMINARY LOCAL CLIMATOLOGICAL DATA (WS FORM: F-6) , PAGE 2

                                          STATION:  RAMONA AIRPORT CA
                                          MONTH:    OCTOBER
                                          YEAR:     2014
                                          LATITUDE:   33  2 N
                                          LONGITUDE: 116 55 W

[TEMPERATURE DATA]      [PRECIPITATION DATA]       SYMBOLS USED IN COLUMN 16

AVERAGE MONTHLY: 67.8   TOTAL FOR MONTH:      T    1 = FOG OR MIST
DPTR FM NORMAL:   3.3   DPTR FM NORMAL:   -0.42    2 = FOG REDUCING VISIBILITY
HIGHEST:    98 ON  4, 3 GRTST 24HR    T  ON 17-17      TO 1/4 MILE OR LESS
LOWEST:     44 ON 14                               3 = THUNDER
                        SNOW, ICE PELLETS, HAIL    4 = ICE PELLETS
                        TOTAL MONTH:   0.0 INCH    5 = HAIL
                        GRTST 24HR     0.0         6 = FREEZING RAIN OR DRIZZLE
                        GRTST DEPTH:   0           7 = DUSTSTORM OR SANDSTORM:
                                                       VSBY 1/2 MILE OR LESS
                                                   8 = SMOKE OR HAZE
[NO. OF DAYS WITH]      [WEATHER - DAYS WITH]      9 = BLOWING SNOW
                                                   X = TORNADO
MAX 32 OR BELOW:   0    0.01 INCH OR MORE:   0
MAX 90 OR ABOVE:   6    0.10 INCH OR MORE:   0
MIN 32 OR BELOW:   0    0.50 INCH OR MORE:   0
MIN  0 OR BELOW:   0    1.00 INCH OR MORE:   0

[HDD (BASE 65) ]
TOTAL THIS MO.     6    CLEAR  (SCALE 0-3)  15
DPTR FM NORMAL   -48    PTCLDY (SCALE 4-7)   6
TOTAL FM JUL 1     6    CLOUDY (SCALE 8-10)  0
DPTR FM NORMAL   -66

[CDD (BASE 65) ]
TOTAL THIS MO.    71
DPTR FM NORMAL    30    [PRESSURE DATA]
TOTAL FM JAN 1  1105    HIGHEST SLP M ON M
DPTR FM NORMAL   271    LOWEST  SLP 29.75 ON  1

[REMARKS]
