000
CXUS55 KREV 280848
CF6RNO
PRELIMINARY LOCAL CLIMATOLOGICAL DATA (WS FORM: F-6)

                                          STATION:   RENO TAHOE AIRPORT NV
                                          MONTH:     APRIL
                                          YEAR:      2016
                                          LATITUDE:   39 30 N
                                          LONGITUDE: 119 47 W

  TEMPERATURE IN F:       :PCPN:    SNOW:  WIND      :SUNSHINE: SKY     :PK WND
================================================================================
1   2   3   4   5  6A  6B    7    8   9   10  11  12  13   14  15   16   17  18
                                     12Z  AVG MX 2MIN
DY MAX MIN AVG DEP HDD CDD  WTR  SNW DPTH SPD SPD DIR MIN PSBL S-S WX    SPD DR
================================================================================

 1  70  38  54   6  11   0 0.00  0.0    0  3.1 12  60   M    M   M        18 100
 2  76  39  58  10   7   0 0.00  0.0    0  4.8 22 300   M    M   M        27 300
 3  75  44  60  12   5   0 0.00  0.0    0  7.8 23 290   M    M   M        29 290
 4  74  47  61  13   4   0 0.00  0.0    0  7.3 23 290   M    M   M        29 300
 5  68  39  54   6  11   0 0.00  0.0    0  4.2 14  90   M    M   M        19  70
 6  74  41  58   9   7   0 0.00  0.0    0  4.8 17  90   M    M   M        21  50
 7  78  44  61  12   4   0 0.00  0.0    0  4.0 16  90   M    M   M        20  80
 8  76  47  62  13   3   0 0.00  0.0    0  5.9 22 300   M    M   M        27 300
 9  67  46  57   8   8   0 0.58  0.0    0  9.6 31 190   M    M   M 1      35 200
10  59  45  52   3  13   0 0.09  0.0    0  5.8 17 310   M    M   M 1      24 320
11  69  49  59   9   6   0 0.01  0.0    0  4.5 16 300   M    M   M 3      23 300
12  66  44  55   5  10   0    T  0.0    0  7.8 25 290   M    M   M        32 290
13  66  46  56   6   9   0 0.00  0.0    0 12.4 38 170   M    M   M        47 170
14  55  36  46  -4  19   0 0.00  0.0    0 14.3 30 270   M    M   M        39 270
15  57  37  47  -3  18   0 0.00  0.0    0  8.9 21  10   M    M   M        27  10
16  67  35  51   0  14   0 0.00  0.0    0  4.9 15  60   M    M   M        20  60
17  74  38  56   5   9   0 0.00  0.0    0  4.6 15  60   M    M   M        23 140
18  78  39  59   8   6   0 0.00  0.0    0  4.0 14  10   M    M   M        19  10
19  80  45  63  11   2   0 0.00  0.0    0  4.0 18 300   M    M   M        26 300
20  80  49  65  13   0   0 0.00  0.0    0  5.4 23 220   M    M   M        29 230
21  77  45  61   9   4   0 0.00  0.0    0 10.0 31 220   M    M   M        37 240
22  63  40  52   0  13   0 0.10  0.0    0 17.8 45 220   M    M   M 1      53 220
23  62  39  51  -2  14   0 0.00  0.0    0 10.8 23 310   M    M   M        28 280
24  59  41  50  -3  15   0    T  0.0    0  9.0 28 350   M    M   M        35 340
25  54  37  46  -7  19   0    T    T    0 13.8 20 330   M    M   M        31 320
26  63  33  48  -6  17   0 0.00  0.0    0  6.9 18 290   M    M   M        27 290
27  59  42  51  -3  14   0 0.02  0.0    0  6.4 22 350   M    M   M        28 300
================================================================================
SM 1846 1125       262   0  0.80    T    202.8          M        M
================================================================================
AV 68.4 41.7                               7.5 FASTST   M    M -nan   MAX(MPH)
                                 MISC ---->  # 45 220               # 53  220
================================================================================
NOTES:
# LAST OF SEVERAL OCCURRENCES

COLUMN 17 PEAK WIND IN M.P.H.

PRELIMINARY LOCAL CLIMATOLOGICAL DATA (WS FORM: F-6) , PAGE 2

                                          STATION:  RENO TAHOE AIRPORT NV
                                          MONTH:    APRIL
                                          YEAR:     2016
                                          LATITUDE:   39 30 N
                                          LONGITUDE: 119 47 W

[TEMPERATURE DATA]      [PRECIPITATION DATA]       SYMBOLS USED IN COLUMN 16

AVERAGE MONTHLY: 55.0   TOTAL FOR MONTH:   0.80    1 = FOG OR MIST
DPTR FM NORMAL:   4.5   DPTR FM NORMAL:    0.38    2 = FOG REDUCING VISIBILITY
HIGHEST:    80 ON 20,19 GRTST 24HR  0.67 ON  9-10      TO 1/4 MILE OR LESS
LOWEST:     33 ON 26                               3 = THUNDER
                        SNOW, ICE PELLETS, HAIL    4 = ICE PELLETS
                        TOTAL MONTH:    T          5 = HAIL
                        GRTST 24HR    T  ON 25-25  6 = FREEZING RAIN OR DRIZZLE
                        GRTST DEPTH:   0           7 = DUSTSTORM OR SANDSTORM:
                                                       VSBY 1/2 MILE OR LESS
                                                   8 = SMOKE OR HAZE
[NO. OF DAYS WITH]      [WEATHER - DAYS WITH]      9 = BLOWING SNOW
                                                   X = TORNADO
MAX 32 OR BELOW:   0    0.01 INCH OR MORE:   5
MAX 90 OR ABOVE:   0    0.10 INCH OR MORE:   2
MIN 32 OR BELOW:   0    0.50 INCH OR MORE:   1
MIN  0 OR BELOW:   0    1.00 INCH OR MORE:   0

[HDD (BASE 65) ]
TOTAL THIS MO.   262    CLEAR  (SCALE 0-3)   0
DPTR FM NORMAL  -132    PTCLDY (SCALE 4-7)   0
TOTAL FM JUL 1  4110    CLOUDY (SCALE 8-10)  0
DPTR FM NORMAL  -520

[CDD (BASE 65) ]
TOTAL THIS MO.     0
DPTR FM NORMAL     0    [PRESSURE DATA]
TOTAL FM JAN 1     0    HIGHEST SLP M ON M
DPTR FM NORMAL     0    LOWEST  SLP 29.55 ON 22

[REMARKS]
