000
CXUS55 KABQ 261000
CF6ROW
PRELIMINARY LOCAL CLIMATOLOGICAL DATA (WS FORM: F-6)

                                          STATION:   ROSWELL NM
                                          MONTH:     DECEMBER
                                          YEAR:      2014
                                          LATITUDE:   33 17 N
                                          LONGITUDE: 104 32 W

  TEMPERATURE IN F:       :PCPN:    SNOW:  WIND      :SUNSHINE: SKY     :PK WND
================================================================================
1   2   3   4   5  6A  6B    7    8   9   10  11  12  13   14  15   16   17  18
                                     12Z  AVG MX 2MIN
DY MAX MIN AVG DEP HDD CDD  WTR  SNW DPTH SPD SPD DIR MIN PSBL S-S WX    SPD DR
================================================================================

 1  45  21  33 -10  32   0 0.00  0.0    0  9.7 22  30   M    M   0        26  30
 2  48  20  34  -9  31   0 0.00  0.0    0  3.0  8 130   M    M   0        10 140
 3  73  36  55  12  10   0 0.00  0.0    0  4.1  9 230   M    M   1        12 110
 4  54  38  46   4  19   0    T  0.0    0  3.4 13 150   M    M   3        15 150
 5  72  35  54  12  11   0 0.00  0.0    0  7.1 23 330   M    M   0        28 320
 6  62  39  51   9  14   0 0.00  0.0    0  5.8 16 150   M    M   0        19 130
 7  61  36  49   7  16   0 0.01  0.0    0  6.4 17 160   M    M   2 12     20 160
 8  64  35  50   9  15   0 0.00  0.0    0  4.8 13 150   M    M   4 12     16 150
 9  55  33  44   3  21   0 0.00  0.0    0  6.2 13 170   M    M   5 128    17 190
10  59  39  49   8  16   0 0.00  0.0    0  3.5 12 150   M    M   7 12     15 160
11  62  36  49   8  16   0 0.00  0.0    0  7.5 17 170   M    M   3 12     20 170
12  65  39  52  12  13   0 0.00  0.0    0  4.4 10 160   M    M   5 12     13 160
13  68  34  51  11  14   0 0.00  0.0    0  8.0 22 160   M    M   0        28 150
14  59  34  47   7  18   0 0.00  0.0    0 13.2 31 280   M    M   1 1      39 260
15  60  27  44   4  21   0 0.00  0.0    0  5.0 15 280   M    M   0        23  20
16  50  29  40   0  25   0 0.00  0.0    0  3.6 12 150   M    M   1        15 140
17  63  27  45   5  20   0 0.00  0.0    0  5.9 22 260   M    M   1        26 240
18  56  28  42   2  23   0 0.00  0.0    0  5.3 14 330   M    M   3        17 320
19  60  28  44   4  21   0 0.00  0.0    0  4.5 17 310   M    M   1        21 310
20  56  23  40   1  25   0 0.00  0.0    0  5.3 13 150   M    M   0        16 150
21  67  27  47   8  18   0 0.00  0.0    0  7.8 23 280   M    M   0        28 280
22  72  38  55  16  10   0 0.05  0.0    0 13.9 39 330   M    M   1 38     55 330
23  49  29  39   0  26   0 0.01  0.0    0 11.0 24 340   M    M   6 1      32 360
24  53  20  37  -2  28   0 0.00  0.0    0  6.4 15 220   M    M   0        20 210
25  68  29  49  10  16   0 0.00  0.0    0 10.2 31 200   M    M   0        39 210
================================================================================
SM 1501  780       479   0  0.07     0.0 166.0          M       44
================================================================================
AV 60.0 31.2                               6.6 FASTST   M    M   2    MAX(MPH)
                                 MISC ---->  # 39 330               # 55  330
================================================================================
NOTES:
# LAST OF SEVERAL OCCURRENCES

COLUMN 17 PEAK WIND IN M.P.H.

PRELIMINARY LOCAL CLIMATOLOGICAL DATA (WS FORM: F-6) , PAGE 2

                                          STATION:  ROSWELL NM
                                          MONTH:    DECEMBER
                                          YEAR:     2014
                                          LATITUDE:   33 17 N
                                          LONGITUDE: 104 32 W

[TEMPERATURE DATA]      [PRECIPITATION DATA]       SYMBOLS USED IN COLUMN 16

AVERAGE MONTHLY: 45.6   TOTAL FOR MONTH:   0.07    1 = FOG OR MIST
DPTR FM NORMAL:   5.0   DPTR FM NORMAL:   -0.46    2 = FOG REDUCING VISIBILITY
HIGHEST:    73 ON  3    GRTST 24HR  0.06 ON 22-23      TO 1/4 MILE OR LESS
LOWEST:     20 ON 24, 2                            3 = THUNDER
                        SNOW, ICE PELLETS, HAIL    4 = ICE PELLETS
                        TOTAL MONTH:   0.0 INCH    5 = HAIL
                        GRTST 24HR     0.0         6 = FREEZING RAIN OR DRIZZLE
                        GRTST DEPTH:   0           7 = DUSTSTORM OR SANDSTORM:
                                                       VSBY 1/2 MILE OR LESS
                                                   8 = SMOKE OR HAZE
[NO. OF DAYS WITH]      [WEATHER - DAYS WITH]      9 = BLOWING SNOW
                                                   X = TORNADO
MAX 32 OR BELOW:   0    0.01 INCH OR MORE:   3
MAX 90 OR ABOVE:   0    0.10 INCH OR MORE:   0
MIN 32 OR BELOW:  12    0.50 INCH OR MORE:   0
MIN  0 OR BELOW:   0    1.00 INCH OR MORE:   0

[HDD (BASE 65) ]
TOTAL THIS MO.   479    CLEAR  (SCALE 0-3)  19
DPTR FM NORMAL  -131    PTCLDY (SCALE 4-7)   6
TOTAL FM JUL 1  1136    CLOUDY (SCALE 8-10)  0
DPTR FM NORMAL  -120

[CDD (BASE 65) ]
TOTAL THIS MO.     0
DPTR FM NORMAL     0    [PRESSURE DATA]
TOTAL FM JAN 1  1928    HIGHEST SLP M ON M
DPTR FM NORMAL   139    LOWEST  SLP 29.54 ON 25

[REMARKS]
