000
CXUS55 KABQ 221000
CF6ROW
PRELIMINARY LOCAL CLIMATOLOGICAL DATA (WS FORM: F-6)

                                          STATION:   ROSWELL NM
                                          MONTH:     SEPTEMBER
                                          YEAR:      2017
                                          LATITUDE:   33 17 N
                                          LONGITUDE: 104 32 W

  TEMPERATURE IN F:       :PCPN:    SNOW:  WIND      :SUNSHINE: SKY     :PK WND
================================================================================
1   2   3   4   5  6A  6B    7    8   9   10  11  12  13   14  15   16   17  18
                                     12Z  AVG MX 2MIN
DY MAX MIN AVG DEP HDD CDD  WTR  SNW DPTH SPD SPD DIR MIN PSBL S-S WX    SPD DR
================================================================================

 1  92  57  75  -2   0  10 0.00  0.0    0  7.8 18 180   M    M   0        25 150
 2  96  62  79   3   0  14 0.00  0.0    0  5.2 14  40   M    M   0        18  50
 3  94  64  79   3   0  14 0.00  0.0    0  5.4 13 140   M    M   0        16 140
 4  93  59  76   0   0  11 0.00  0.0    0  3.9 14 120   M    M   0        18 110
 5  86  64  75  -1   0  10 0.00  0.0    0  8.4 21  20   M    M   1        25  20
 6  85  57  71  -4   0   6 0.00  0.0    0 10.4 21 140   M    M   2        28 140
 7  93  59  76   1   0  11 0.00  0.0    0  8.1 17 200   M    M   0        22 170
 8  92  58  75   0   0  10 0.00  0.0    0  9.2 20 150   M    M   0        25 140
 9  88  55  72  -2   0   7 0.00  0.0    0  6.9 17 170   M    M   0        31 170
10  87  59  73  -1   0   8 0.00  0.0    0  7.2 16 140   M    M   0        22 140
11  91  55  73  -1   0   8 0.00  0.0    0  5.0 13 170   M    M   0        17 130
12  95  60  78   5   0  13    T  0.0    0  5.0 14 160   M    M   0        16 200
13  99  64  82   9   0  17    T  0.0    0  6.8 20 280   M    M   0        25 270
14  98  65  82   9   0  17 0.00  0.0    0  6.5 24 290   M    M   0 3      29 290
15  97  67  82  10   0  17 0.00  0.0    0  9.0 23 230   M    M   1        29 200
16  95  66  81   9   0  16 0.00  0.0    0  9.1 28 180   M    M   2 3      36 170
17  93  59  76   4   0  11 0.05  0.0    0  5.9 37 340   M    M   1 378    47 340
18  95  59  77   6   0  12 0.00  0.0    0  5.6 15 150   M    M   0        19 150
19  98  62  80   9   0  15 0.00  0.0    0 10.0 25 230   M    M   1        33 250
20  96  60  78   7   0  13 0.00  0.0    0  9.4 24 180   M    M   0        31 180
21  98  59  79   9   0  14 0.00  0.0    0 10.3 28 200   M    M   1        37 210
================================================================================
SM 1961 1270         0 254  0.05     0.0 155.1          M        9
================================================================================
AV 93.4 60.5                               7.4 FASTST   M    M   0    MAX(MPH)
                                 MISC ---->  # 37 340               # 47  340
================================================================================
NOTES:
# LAST OF SEVERAL OCCURRENCES

COLUMN 17 PEAK WIND IN M.P.H.

PRELIMINARY LOCAL CLIMATOLOGICAL DATA (WS FORM: F-6) , PAGE 2

                                          STATION:  ROSWELL NM
                                          MONTH:    SEPTEMBER
                                          YEAR:     2017
                                          LATITUDE:   33 17 N
                                          LONGITUDE: 104 32 W

[TEMPERATURE DATA]      [PRECIPITATION DATA]       SYMBOLS USED IN COLUMN 16

AVERAGE MONTHLY: 76.9   TOTAL FOR MONTH:   0.05    1 = FOG OR MIST
DPTR FM NORMAL:   3.3   DPTR FM NORMAL:   -1.07    2 = FOG REDUCING VISIBILITY
HIGHEST:    99 ON 13    GRTST 24HR  0.05 ON 17-17      TO 1/4 MILE OR LESS
LOWEST:     55 ON 11, 9                            3 = THUNDER
                        SNOW, ICE PELLETS, HAIL    4 = ICE PELLETS
                        TOTAL MONTH:   0.0 INCH    5 = HAIL
                        GRTST 24HR     0.0         6 = FREEZING RAIN OR DRIZZLE
                        GRTST DEPTH:   0           7 = DUSTSTORM OR SANDSTORM:
                                                       VSBY 1/2 MILE OR LESS
                                                   8 = SMOKE OR HAZE
[NO. OF DAYS WITH]      [WEATHER - DAYS WITH]      9 = BLOWING SNOW
                                                   X = TORNADO
MAX 32 OR BELOW:   0    0.01 INCH OR MORE:   1
MAX 90 OR ABOVE:  17    0.10 INCH OR MORE:   0
MIN 32 OR BELOW:   0    0.50 INCH OR MORE:   0
MIN  0 OR BELOW:   0    1.00 INCH OR MORE:   0

[HDD (BASE 65) ]
TOTAL THIS MO.     0    CLEAR  (SCALE 0-3)  21
DPTR FM NORMAL    -4    PTCLDY (SCALE 4-7)   0
TOTAL FM JUL 1     0    CLOUDY (SCALE 8-10)  0
DPTR FM NORMAL    -4

[CDD (BASE 65) ]
TOTAL THIS MO.   254
DPTR FM NORMAL    68    [PRESSURE DATA]
TOTAL FM JAN 1  2045    HIGHEST SLP M ON M
DPTR FM NORMAL   335    LOWEST  SLP 29.62 ON 21

[REMARKS]
