000
CXUS53 KARX 210930
CF6RST
PRELIMINARY LOCAL CLIMATOLOGICAL DATA (WS FORM: F-6)

                                          STATION:   ROCHESTER MN
                                          MONTH:     SEPTEMBER
                                          YEAR:      2014
                                          LATITUDE:   43 55 N
                                          LONGITUDE:  92 30 W

  TEMPERATURE IN F:       :PCPN:    SNOW:  WIND      :SUNSHINE: SKY     :PK WND
================================================================================
1   2   3   4   5  6A  6B    7    8   9   10  11  12  13   14  15   16   17  18
                                     12Z  AVG MX 2MIN
DY MAX MIN AVG DEP HDD CDD  WTR  SNW DPTH SPD SPD DIR MIN PSBL S-S WX    SPD DR
================================================================================

 1  76  58  67   1   0   2 1.28  0.0    0  9.3 23 200   M    M   4 13     31 200
 2  76  57  67   1   0   2    T  0.0    0  7.5 15 260   M    M   2        21 280
 3  81  56  69   3   0   4 0.00  0.0    0 11.9 24 180   M    M   2        31 180
 4  85  69  77  11   0  12 0.00  0.0    0 11.5 22 190   M    M   6        29 190
 5  70  49  60  -5   5   0    T  0.0    0  9.2 17 330   M    M   4        22 330
 6  74  47  61  -4   4   0 0.00  0.0    0  8.1 13 290   M    M   0        18 290
 7  73  51  62  -2   3   0 0.00  0.0    0  7.9 17 210   M    M   1        24 210
 8  70  53  62  -2   3   0 0.00  0.0    0 10.7 23 170   M    M   3        30 160
 9  74  61  68   4   0   3 0.04  0.0    0 11.2 21 190   M    M   9 1      29 190
10  65  46  56  -7   9   0 1.22  0.0    0 16.3 25 350   M    M  10 1      37 360
11  56  42  49 -14  16   0 0.00  0.0    0 10.4 17  10   M    M   7        26  30
12  51  38  45 -18  20   0 0.12  0.0    0  5.5 15  30   M    M   8 1      18  20
13  59  34  47 -15  18   0 0.00  0.0    0  6.2 15 200   M    M   1 1      21 210
14  69  45  57  -5   8   0 0.01  0.0    0 10.0 20 240   M    M   7        27 240
15  61  43  52  -9  13   0 0.34  0.0    0  6.5 18  10   M    M   6 1      23  10
16  66  38  52  -9  13   0 0.00  0.0    0  6.7 12 240   M    M   1        19 230
17  73  47  60   0   5   0 0.00  0.0    0  5.0  9 180   M    M   4        11 210
18  72  48  60   0   5   0 0.00  0.0    0  7.6 14 200   M    M   1 1      19 150
19  76  53  65   5   0   0 0.10  0.0    0 18.3 31 180   M    M   1 13     43 180
20  76  54  65   6   0   0 0.35  0.0    0 12.4 24 310   M    M   1 13     34 300
================================================================================
SM 1403  989       122  23  3.46     0.0 192.2          M       78
================================================================================
AV 70.2 49.5                               9.6 FASTST   M    M   4    MAX(MPH)
                                 MISC ---->  # 31 180               # 43  180
================================================================================
NOTES:
# LAST OF SEVERAL OCCURRENCES

COLUMN 17 PEAK WIND IN M.P.H.

PRELIMINARY LOCAL CLIMATOLOGICAL DATA (WS FORM: F-6) , PAGE 2

                                          STATION:  ROCHESTER MN
                                          MONTH:    SEPTEMBER
                                          YEAR:     2014
                                          LATITUDE:   43 55 N
                                          LONGITUDE:  92 30 W

[TEMPERATURE DATA]      [PRECIPITATION DATA]       SYMBOLS USED IN COLUMN 16

AVERAGE MONTHLY: 59.8   TOTAL FOR MONTH:   3.46    1 = FOG OR MIST
DPTR FM NORMAL:  -3.2   DPTR FM NORMAL:    1.10    2 = FOG REDUCING VISIBILITY
HIGHEST:    85 ON  4    GRTST 24HR  1.61 ON 31- 1      TO 1/4 MILE OR LESS
LOWEST:     34 ON 13                               3 = THUNDER
                        SNOW, ICE PELLETS, HAIL    4 = ICE PELLETS
                        TOTAL MONTH:   0.0 INCH    5 = HAIL
                        GRTST 24HR     0.0         6 = FREEZING RAIN OR DRIZZLE
                        GRTST DEPTH:   0           7 = DUSTSTORM OR SANDSTORM:
                                                       VSBY 1/2 MILE OR LESS
                                                   8 = SMOKE OR HAZE
[NO. OF DAYS WITH]      [WEATHER - DAYS WITH]      9 = BLOWING SNOW
                                                   X = TORNADO
MAX 32 OR BELOW:   0    0.01 INCH OR MORE:   8
MAX 90 OR ABOVE:   0    0.10 INCH OR MORE:   6
MIN 32 OR BELOW:   0    0.50 INCH OR MORE:   2
MIN  0 OR BELOW:   0    1.00 INCH OR MORE:   2

[HDD (BASE 65) ]
TOTAL THIS MO.   122    CLEAR  (SCALE 0-3)  10
DPTR FM NORMAL    37    PTCLDY (SCALE 4-7)   7
TOTAL FM JUL 1   147    CLOUDY (SCALE 8-10)  3
DPTR FM NORMAL    24

[CDD (BASE 65) ]
TOTAL THIS MO.    23
DPTR FM NORMAL   -22    [PRESSURE DATA]
TOTAL FM JAN 1   483    HIGHEST SLP M ON M
DPTR FM NORMAL   -87    LOWEST  SLP 29.48 ON 10

[REMARKS]
