000
CXUS54 KTSA 220940
CF6RVS
PRELIMINARY LOCAL CLIMATOLOGICAL DATA (WS FORM: F-6)

                                          STATION:   TULSA-RIVERSIDE  OKLAHOMA
                                          MONTH:     FEBRUARY
                                          YEAR:      2018
                                          LATITUDE:   36  2 N
                                          LONGITUDE:  95 59 W

  TEMPERATURE IN F:       :PCPN:    SNOW:  WIND      :SUNSHINE: SKY     :PK WND
================================================================================
1   2   3   4   5  6A  6B    7    8   9   10  11  12  13   14  15   16   17  18
                                     12Z  AVG MX 2MIN
DY MAX MIN AVG DEP HDD CDD  WTR  SNW DPTH SPD SPD DIR MIN PSBL S-S WX    SPD DR
================================================================================

 1  50  28  39   0  26   0 0.00  0.0    0 13.2 24  30   M    M   1 8      33  10
 2  47  21  34  -5  31   0 0.00  0.0    0  5.9 12 170   M    M   0        16 170
 3  52  31  42   3  23   0 0.00  0.0    0  7.0 20 180   M    M   2        25 180
 4  38  16  27 -12  38   0 0.00  0.0    0  9.8 22  10   M    M   2        32  10
 5  39  13  26 -13  39   0 0.00  0.0    0  6.3 17 190   M    M   3        21 200
 6  30  19  25 -15  40   0 0.00  0.0    0  9.1 17  30   M    M   6 8      23 360
 7  42  20  31  -9  34   0 0.00  0.0    0  5.5 14  20   M    M   1        20  20
 8  61  19  40   0  25   0 0.00  0.0    0  6.0 18 210   M    M   0 8      25 210
 9  68  32  50  10  15   0 0.00  0.0    0  8.0 22  10   M    M   3 8      29  20
10  38  21  30 -10  35   0    T  0.0    0 10.8 18  30   M    M  10 168    26  30
11  34  17  26 -15  39   0 0.00  0.0    0  5.0 14  10   M    M   5        18 340
12  45  13  29 -12  36   0 0.00  0.0    0  4.6 13  80   M    M   1        18 110
13  52  31  42   1  23   0 0.00  0.0    0  7.5 15 170   M    M   6 8      20 170
14  69  43  56  15   9   0 0.00  0.0    0  9.1 17 190   M    M   6 1      23 200
15  81  58  70  28   0   5    T  0.0    0 12.4 23 200   M    M   2 8      31 200
16  58  37  48   6  17   0 0.03  0.0    0 10.8 25  10   M    M   4 8      41  10
17  61  36  49   7  16   0 0.52  0.0    0  3.4 14 170   M    M   4 1      18 170
18  62  31  47   5  18   0    T    M    0 11.1 25 190   M    M   6 12     38 190
19  73  54  64  21   1   0 0.34  0.0    0 15.1 26 190   M    M  10 138    40 180
20  71  28  50   7  15   0 1.13  0.0    0 12.0 22 180   M    M  10 136    32 200
21  30  25  28 -15  37   0 0.07    M    0 11.3 18  30   M    M  10 16     28  20
================================================================================
SM 1101  593       517   5  2.09     0.0 183.9          M       92
================================================================================
AV 52.4 28.2                               8.8 FASTST   M    M   4    MAX(MPH)
                                 MISC ---->  # 26 190               # 41   10
================================================================================
NOTES:
# LAST OF SEVERAL OCCURRENCES

COLUMN 17 PEAK WIND IN M.P.H.

PRELIMINARY LOCAL CLIMATOLOGICAL DATA (WS FORM: F-6) , PAGE 2

                                          STATION:  TULSA-RIVERSIDE  OKLAHOMA
                                          MONTH:    FEBRUARY
                                          YEAR:     2018
                                          LATITUDE:   36  2 N
                                          LONGITUDE:  95 59 W

[TEMPERATURE DATA]      [PRECIPITATION DATA]       SYMBOLS USED IN COLUMN 16

AVERAGE MONTHLY: 40.3   TOTAL FOR MONTH:   2.09    1 = FOG OR MIST
DPTR FM NORMAL:  -0.4   DPTR FM NORMAL:    0.33    2 = FOG REDUCING VISIBILITY
HIGHEST:    81 ON 15    GRTST 24HR  1.13 ON 20-20      TO 1/4 MILE OR LESS
LOWEST:     13 ON 12, 5                            3 = THUNDER
                        SNOW, ICE PELLETS, HAIL    4 = ICE PELLETS
                        TOTAL MONTH:   0.0 INCH    5 = HAIL
                        GRTST 24HR     0.0         6 = FREEZING RAIN OR DRIZZLE
                        GRTST DEPTH:   0           7 = DUSTSTORM OR SANDSTORM:
                                                       VSBY 1/2 MILE OR LESS
                                                   8 = SMOKE OR HAZE
[NO. OF DAYS WITH]      [WEATHER - DAYS WITH]      9 = BLOWING SNOW
                                                   X = TORNADO
MAX 32 OR BELOW:   2    0.01 INCH OR MORE:   5
MAX 90 OR ABOVE:   0    0.10 INCH OR MORE:   3
MIN 32 OR BELOW:  16    0.50 INCH OR MORE:   2
MIN  0 OR BELOW:   0    1.00 INCH OR MORE:   1

[HDD (BASE 65) ]
TOTAL THIS MO.   517    CLEAR  (SCALE 0-3)  10
DPTR FM NORMAL     8    PTCLDY (SCALE 4-7)   7
TOTAL FM JUL 1  2601    CLOUDY (SCALE 8-10)  4
DPTR FM NORMAL  -256

[CDD (BASE 65) ]
TOTAL THIS MO.     5
DPTR FM NORMAL     5    [PRESSURE DATA]
TOTAL FM JAN 1     5    HIGHEST SLP M ON M
DPTR FM NORMAL     5    LOWEST  SLP 29.77 ON 19

[REMARKS]
