000
CXUS53 KMPX 270700
CF6RWF
PRELIMINARY LOCAL CLIMATOLOGICAL DATA (WS FORM: F-6)

                                          STATION:   REDWOOD FALLS MN
                                          MONTH:     FEBRUARY
                                          YEAR:      2017
                                          LATITUDE:   44 32 N
                                          LONGITUDE:  95  5 W

  TEMPERATURE IN F:       :PCPN:    SNOW:  WIND      :SUNSHINE: SKY     :PK WND
================================================================================
1   2   3   4   5  6A  6B    7    8   9   10  11  12  13   14  15   16   17  18
                                     12Z  AVG MX 2MIN
DY MAX MIN AVG DEP HDD CDD  WTR  SNW DPTH SPD SPD DIR MIN PSBL S-S WX    SPD DR
================================================================================

 1  31  11  21   5  44   0    M    M    M 15.1 24 320   M    M   3        32 330
 2  19  10  15  -1  50   0    M    M    M 13.4 26 300   M    M   3        35 290
 3  26   7  17   1  48   0    M    M    M 10.5 18 280   M    M   0        23 290
 4  36  16  26  10  39   0    M    M    M 16.3 26 200   M    M   4        35 210
 5  25  14  20   4  45   0    M    M    M  7.6 20 310   M    M   3        27 310
 6  35  21  28  11  37   0    M    M    M  8.2 15 130   M    M   3 18     19 130
 7  30   5  18   1  47   0    M    M    M 15.3 26 320   M    M   8        36 320
 8  16   0   8  -9  57   0    M    M    M 11.6 21 300   M    M   2        26 290
 9  27   3  15  -2  50   0    M    M    M 12.8 24 160   M    M   2        29 170
10  58  21  40  22  25   0    M    M    M 11.5 21 150   M    M   2        26 160
11  46  36  41  23  24   0    M    M    M  6.5 16 270   M    M   7 1      21 270
12  42  29  36  18  29   0    M    M    M 13.5 24 310   M    M   1        36 310
13  51  29  40  21  25   0    M    M    M 12.7 20 280   M    M   0        26 250
14  44  25  35  16  30   0    M    M    M 15.6 28 320   M    M   0        40 320
15  42  18  30  11  35   0    M    M    M  7.6 14 330   M    M   0        20 330
16  50  29  40  20  25   0    M    M    M  8.6 14 150   M    M   0 1      16 130
17  67  31  49  29  16   0    M    M    M  9.8 22 250   M    M   0        28 270
18  59  36  48  28  17   0    M    M    M  6.6 14 280   M    M   0        19 270
19  62  34  48  27  17   0    M    M    M 13.3 24 150   M    M   0 1      30 150
20  55  38  47  26  18   0 0.17    M    0 13.1 25 260   M    M   5 18     32 260
21  64  32  48  27  17   0    M    M    M  9.6 30 220   M    M   0 1      37 220
22  59  36  48  26  17   0    M    M    M  9.3 23 320   M    M   5        31 330
23  36  29  33  11  32   0    M    M    M  9.9 18  30   M    M   7        28 360
24  29  19  24   1  41   0    M    M    M 15.5 24 360   M    M   5        36 340
25  36  16  26   3  39   0    M    M    M 12.8 24 220   M    M   3        30 330
26  36  22  29   6  36   0    M    M    M  8.8 22 280   M    M   4        26 280
================================================================================
SM 1081  567       860   0  0.17    M    295.5          M       67
================================================================================
AV 41.6 21.8                              11.4 FASTST   M    M   3    MAX(MPH)
                                 MISC ---->  # 30 220               # 40  320
================================================================================
NOTES:
# LAST OF SEVERAL OCCURRENCES

COLUMN 17 PEAK WIND IN M.P.H.

PRELIMINARY LOCAL CLIMATOLOGICAL DATA (WS FORM: F-6) , PAGE 2

                                          STATION:  REDWOOD FALLS MN
                                          MONTH:    FEBRUARY
                                          YEAR:     2017
                                          LATITUDE:   44 32 N
                                          LONGITUDE:  95  5 W

[TEMPERATURE DATA]      [PRECIPITATION DATA]       SYMBOLS USED IN COLUMN 16

AVERAGE MONTHLY: 31.7   TOTAL FOR MONTH:   0.17    1 = FOG OR MIST
DPTR FM NORMAL:  12.7   DPTR FM NORMAL:   -0.31    2 = FOG REDUCING VISIBILITY
HIGHEST:    67 ON 17    GRTST 24HR  0.17 ON 20-20      TO 1/4 MILE OR LESS
LOWEST:      0 ON  8                               3 = THUNDER
                        SNOW, ICE PELLETS, HAIL    4 = ICE PELLETS
                        TOTAL MONTH:    M          5 = HAIL
                        GRTST 24HR    M  ON   M    6 = FREEZING RAIN OR DRIZZLE
                        GRTST DEPTH:   0           7 = DUSTSTORM OR SANDSTORM:
                                                       VSBY 1/2 MILE OR LESS
                                                   8 = SMOKE OR HAZE
[NO. OF DAYS WITH]      [WEATHER - DAYS WITH]      9 = BLOWING SNOW
                                                   X = TORNADO
MAX 32 OR BELOW:   8    0.01 INCH OR MORE:   1
MAX 90 OR ABOVE:   0    0.10 INCH OR MORE:   1
MIN 32 OR BELOW:  21    0.50 INCH OR MORE:   0
MIN  0 OR BELOW:   1    1.00 INCH OR MORE:   0

[HDD (BASE 65) ]
TOTAL THIS MO.   860    CLEAR  (SCALE 0-3)  17
DPTR FM NORMAL  -335    PTCLDY (SCALE 4-7)   9
TOTAL FM JUL 1  4832    CLOUDY (SCALE 8-10)  0
DPTR FM NORMAL -1106

[CDD (BASE 65) ]
TOTAL THIS MO.     0
DPTR FM NORMAL     0    [PRESSURE DATA]
TOTAL FM JAN 1     0    HIGHEST SLP M ON M
DPTR FM NORMAL     0    LOWEST  SLP 29.40 ON 17

[REMARKS]
