000
CXUS55 KCYS 241000
CF6RWL
PRELIMINARY LOCAL CLIMATOLOGICAL DATA (WS FORM: F-6)

                                          STATION:   RAWLINS WYOMING AIRPORT
                                          MONTH:     JUNE
                                          YEAR:      2017
                                          LATITUDE:   41 47 N
                                          LONGITUDE: 107 12 W

  TEMPERATURE IN F:       :PCPN:    SNOW:  WIND      :SUNSHINE: SKY     :PK WND
================================================================================
1   2   3   4   5  6A  6B    7    8   9   10  11  12  13   14  15   16   17  18
                                     12Z  AVG MX 2MIN
DY MAX MIN AVG DEP HDD CDD  WTR  SNW DPTH SPD SPD DIR MIN PSBL S-S WX    SPD DR
================================================================================

 1  80  42  61   7   4   0    T    M    M  9.1 28 160   M    M   3 3      35 160
 2  74  44  59   4   6   0    T    M    M 11.7 24  10   M    M   6 3      30 360
 3  77  38  58   3   7   0 0.00    M    M  5.0 13  80   M    M   0        18  90
 4  83  42  63   8   2   0 0.00    M    M  6.3 14 360   M    M   0        20 330
 5   M   M   M   M   M   M    T    M    M  6.5 27 150   M    M   1        31 150
 6  79  51  65   9   0   0 0.03    M    M  9.6 24 320   M    M   2 3      32 320
 7  83  46  65   9   0   0    T    M    M  5.8 26 340   M    M   3 3      35 340
 8  86  42  64   7   1   0 0.00    M    M  8.1 24 220   M    M   0        32 220
 9  85  50  68  11   0   3 0.00    M    M 20.2 40 240   M    M   0        48 220
10  84  51  68  11   0   3 0.00    M    M 16.4 36 210   M    M   0        55 190
11  81  42  62   4   3   0 0.00    M    M  7.2 26 230   M    M   1        38 250
12  84  41  63   5   2   0 0.00    M    M 15.0 48 270   M    M   0        63 280
13  59  30  45 -13  20   0    T    M    M 21.4 43 240   M    M   4        50 250
14  72  42  57  -2   8   0 0.00    M    M 18.1 36 260   M    M   0        47 250
15  79  42  61   2   4   0 0.00    M    M 12.8 35 270   M    M   1        46 270
16  81  52  67   7   0   2 0.00    M    M 20.8 39 260   M    M   0        51 280
17  75  45  60   0   5   0 0.05    M    M 17.6 32 290   M    M   5        43 290
18  79  37  58  -2   7   0 0.00    M    M 12.3 31 280   M    M   0        41 280
19  83  42  63   3   2   0 0.00    M    M  8.5 20 270   M    M   0        29 290
20  91  47  69   8   0   4 0.00    M    M  8.7 29 350   M    M   1 3      37 340
21  90  58  74  13   0   9 0.00    M    M 15.4 37 250   M    M   1 3      44 250
22  84  54  69   7   0   4 0.00    M    M 13.9 28 280   M    M   0        38 280
23  74  43  59  -3   6   0 0.00    M    M 11.7 24  60   M    M   0        31 270
================================================================================
SM 1763  981        77  25  0.08    M    282.1          M       28
================================================================================
AV 80.1 44.6                              12.3 FASTST   M    M   1    MAX(MPH)
                                 MISC ---->  # 48 270               # 63  280
================================================================================
NOTES:
# LAST OF SEVERAL OCCURRENCES

COLUMN 17 PEAK WIND IN M.P.H.

PRELIMINARY LOCAL CLIMATOLOGICAL DATA (WS FORM: F-6) , PAGE 2

                                          STATION:  RAWLINS WYOMING AIRPORT
                                          MONTH:    JUNE
                                          YEAR:     2017
                                          LATITUDE:   41 47 N
                                          LONGITUDE: 107 12 W

[TEMPERATURE DATA]      [PRECIPITATION DATA]       SYMBOLS USED IN COLUMN 16

AVERAGE MONTHLY: 62.4   TOTAL FOR MONTH:   0.08    1 = FOG OR MIST
DPTR FM NORMAL:   4.3   DPTR FM NORMAL:   -0.77    2 = FOG REDUCING VISIBILITY
HIGHEST:    91 ON 20    GRTST 24HR  0.05 ON 17-17      TO 1/4 MILE OR LESS
LOWEST:     30 ON 13                               3 = THUNDER
                        SNOW, ICE PELLETS, HAIL    4 = ICE PELLETS
                        TOTAL MONTH:    M          5 = HAIL
                        GRTST 24HR    M  ON   M    6 = FREEZING RAIN OR DRIZZLE
                        GRTST DEPTH:  M  ON   M    7 = DUSTSTORM OR SANDSTORM:
                                                       VSBY 1/2 MILE OR LESS
                                                   8 = SMOKE OR HAZE
[NO. OF DAYS WITH]      [WEATHER - DAYS WITH]      9 = BLOWING SNOW
                                                   X = TORNADO
MAX 32 OR BELOW:   0    0.01 INCH OR MORE:   2
MAX 90 OR ABOVE:   2    0.10 INCH OR MORE:   0
MIN 32 OR BELOW:   1    0.50 INCH OR MORE:   0
MIN  0 OR BELOW:   0    1.00 INCH OR MORE:   0

[HDD (BASE 65) ]
TOTAL THIS MO.    77    CLEAR  (SCALE 0-3)  20
DPTR FM NORMAL   -92    PTCLDY (SCALE 4-7)   3
TOTAL FM JUL 1  7512    CLOUDY (SCALE 8-10)  0
DPTR FM NORMAL  -860

[CDD (BASE 65) ]
TOTAL THIS MO.    25
DPTR FM NORMAL    18    [PRESSURE DATA]
TOTAL FM JAN 1    25    HIGHEST SLP M ON M
DPTR FM NORMAL    18    LOWEST  SLP 29.41 ON 10

[REMARKS]
