000
CXUS55 KCYS 201000
CF6RWL
PRELIMINARY LOCAL CLIMATOLOGICAL DATA (WS FORM: F-6)

                                          STATION:   RAWLINS WYOMING AIRPORT
                                          MONTH:     AUGUST
                                          YEAR:      2017
                                          LATITUDE:   41 47 N
                                          LONGITUDE: 107 12 W

  TEMPERATURE IN F:       :PCPN:    SNOW:  WIND      :SUNSHINE: SKY     :PK WND
================================================================================
1   2   3   4   5  6A  6B    7    8   9   10  11  12  13   14  15   16   17  18
                                     12Z  AVG MX 2MIN
DY MAX MIN AVG DEP HDD CDD  WTR  SNW DPTH SPD SPD DIR MIN PSBL S-S WX    SPD DR
================================================================================

 1  86  50  68   0   0   3 0.00    M    M  6.2 26 290   M    M   0        33 290
 2  84  53  69   1   0   4 0.00    M    M 10.2 24  40   M    M   1        31  30
 3  80  50  65  -3   0   0 0.00    M    M 10.3 24  50   M    M   0        29  50
 4  88  46  67   0   0   2 0.00    M    M 12.0 29 280   M    M   0        37 290
 5  87  55  71   4   0   6    T    M    M 12.8 25 250   M    M   2 3      36 240
 6  80  51  66  -1   0   1 0.00    M    M 13.2 25  60   M    M   1        31  50
 7  77  51  64  -3   1   0 0.00    M    M 10.8 25  70   M    M   2        33  70
 8  79  51  65  -2   0   0 0.26    M    M  6.6 29 350   M    M   5 138    36 350
 9  75  49  62  -5   3   0 0.21    M    M  3.3 26 290   M    M   3 13     32 290
10  72  52  62  -5   3   0 0.02    M    M  5.0 12 330   M    M   4        14  60
11  80  46  63  -3   2   0 0.00    M    M  5.8 25 310   M    M   1 3      30 310
12  81  49  65  -1   0   0 0.00    M    M 10.4 36 330   M    M   1        44 340
13  82  48  65  -1   0   0    T    M    M 11.2 36 270   M    M   1        44 270
14  83  50  67   1   0   2 0.04    M    M  9.2 30 300   M    M   2 3      36 300
15  72  49  61  -5   4   0 0.26    M    M  8.8 35 250   M    M   4 13     47 250
16  74  43  59  -7   6   0 0.00    M    M  5.1 16 230   M    M   3        20 230
17  80  48  64  -1   1   0 0.00    M    M 11.3 28 280   M    M   1        35 270
18  83  43  63  -2   2   0 0.00    M    M  9.1 24 290   M    M   0        32 260
19  85  52  69   4   0   4 0.00    M    M  9.8 25 240   M    M   0        32 260
================================================================================
SM 1528  936        22  22  0.79    M    171.1          M       31
================================================================================
AV 80.4 49.3                               9.0 FASTST   M    M   2    MAX(MPH)
                                 MISC ---->  # 36 330               # 47  250
================================================================================
NOTES:
# LAST OF SEVERAL OCCURRENCES

COLUMN 17 PEAK WIND IN M.P.H.

PRELIMINARY LOCAL CLIMATOLOGICAL DATA (WS FORM: F-6) , PAGE 2

                                          STATION:  RAWLINS WYOMING AIRPORT
                                          MONTH:    AUGUST
                                          YEAR:     2017
                                          LATITUDE:   41 47 N
                                          LONGITUDE: 107 12 W

[TEMPERATURE DATA]      [PRECIPITATION DATA]       SYMBOLS USED IN COLUMN 16

AVERAGE MONTHLY: 64.8   TOTAL FOR MONTH:   0.79    1 = FOG OR MIST
DPTR FM NORMAL:  -1.7   DPTR FM NORMAL:    0.31    2 = FOG REDUCING VISIBILITY
HIGHEST:    88 ON  4    GRTST 24HR  0.26 ON 15-15      TO 1/4 MILE OR LESS
LOWEST:     43 ON 18,16                            3 = THUNDER
                        SNOW, ICE PELLETS, HAIL    4 = ICE PELLETS
                        TOTAL MONTH:    M          5 = HAIL
                        GRTST 24HR    M  ON   M    6 = FREEZING RAIN OR DRIZZLE
                        GRTST DEPTH:  M  ON   M    7 = DUSTSTORM OR SANDSTORM:
                                                       VSBY 1/2 MILE OR LESS
                                                   8 = SMOKE OR HAZE
[NO. OF DAYS WITH]      [WEATHER - DAYS WITH]      9 = BLOWING SNOW
                                                   X = TORNADO
MAX 32 OR BELOW:   0    0.01 INCH OR MORE:   5
MAX 90 OR ABOVE:   0    0.10 INCH OR MORE:   3
MIN 32 OR BELOW:   0    0.50 INCH OR MORE:   0
MIN  0 OR BELOW:   0    1.00 INCH OR MORE:   0

[HDD (BASE 65) ]
TOTAL THIS MO.    22    CLEAR  (SCALE 0-3)  16
DPTR FM NORMAL    -2    PTCLDY (SCALE 4-7)   3
TOTAL FM JUL 1    27    CLOUDY (SCALE 8-10)  0
DPTR FM NORMAL   -32

[CDD (BASE 65) ]
TOTAL THIS MO.    22
DPTR FM NORMAL   -28    [PRESSURE DATA]
TOTAL FM JAN 1   214    HIGHEST SLP M ON M
DPTR FM NORMAL    47    LOWEST  SLP 29.68 ON 14

[REMARKS]
