000
CXUS55 KPIH 281200
CF6RXE

PRELIMINARY LOCAL CLIMATOLOGICAL DATA (WS FORM: F-6)

                                          STATION:   REXBURG ID
                                          MONTH:     MAY
                                          YEAR:      2017
                                          LATITUDE:   43 49 N
                                          LONGITUDE: 111 48 W

  TEMPERATURE IN F:       :PCPN:    SNOW:  WIND      :SUNSHINE: SKY     :PK WND
================================================================================
1   2   3   4   5  6A  6B    7    8   9   10  11  12  13   14  15   16   17  18
                                     12Z  AVG MX 2MIN
DY MAX MIN AVG DEP HDD CDD  WTR  SNW DPTH SPD SPD DIR MIN PSBL S-S WX    SPD DR
================================================================================

 1  56  35  46  -2  19   0 0.00    M    M  8.2 22 200   M    M   6        30 200
 2  62  41  52   4  13   0 0.00    M    M  9.3 20 210   M    M   6        25 200
 3  64  33  49   0  16   0 0.00    M    M  5.9 15 200   M    M   0        20 200
 4  74  36  55   6  10   0 0.00    M    M  3.1  8 270   M    M   0        13 240
 5  81  40  61  12   4   0 0.00    M    M  5.9 18 230   M    M   0        24 220
 6  74  47  61  11   4   0    T    M    M  7.2 25 150   M    M   1        36 150
 7  61  43  52   2  13   0 0.02    M    M  7.9 20 220   M    M   6 1      24 220
 8  68  45  57   7   8   0 0.00    M    M  4.0 13 190   M    M   5        18 180
 9  68  44  56   6   9   0 0.09    M    M  6.0 23  10   M    M   2 3      31  20
10  73  37  55   4  10   0 0.00    M    M  3.6  9 190   M    M   0        12 200
11  77  41  59   8   6   0 0.00    M    M  6.4 16 240   M    M   0        26 220
12  80  40  60   9   5   0    T    M    M 15.5 33 210   M    M   2        48 220
13  53  37  45  -7  20   0 0.01    M    M 12.7 23 200   M    M   6        32 210
14  59  32  46  -6  19   0 0.00    M    M  5.3 12 220   M    M   1        14 260
15  61  38  50  -2  15   0 0.00    M    M  8.7 18 200   M    M   0        22 220
16  59  41  50  -3  15   0 0.22    M    M 12.8 28 240   M    M   6 1      37 240
17  46  32  39 -14  26   0 0.07    M    M 14.6 28 210   M    M  10 1      39 210
18   M   M   M   M   M   M    M    M    M   M   M   M   M    M   1         M  M
19  58  34  46  -8  19   0 0.00    M    M  6.2 13 230   M    M   6        16 220
20  64  35  50  -4  15   0 0.39    M    M  6.1 22  70   M    M   4 13     30 300
21  69  37  53  -1  12   0 0.00    M    M  6.8 15  40   M    M   0        19  20
22  74  37  56   2   9   0 0.00    M    M  5.6 13  70   M    M   2        20  80
23  75  40  58   4   7   0 0.00    M    M  7.4 16 180   M    M   0        24 180
24  74  45  60   5   5   0 0.00    M    M 18.4 45 220   M    M   0        63 230
25  61  35  48  -7  17   0 0.00    M    M  5.3 13  40   M    M   2        18  30
26  46  39  43 -12  22   0 0.28    M    M  4.9 13  30   M    M   8 1      18  20
27  66  35  51  -5  14   0 0.00    M    M  3.3  9 230   M    M   4        12 250
================================================================================
SM 1703  999       332   0  1.08    M    201.1          M       78
================================================================================
AV 65.5 38.4                               7.7 FASTST   M    M   3    MAX(MPH)
                                 MISC ---->  # 45 220               # 63  230
================================================================================
NOTES:
# LAST OF SEVERAL OCCURRENCES
PRECIPITATION SUSPECT DURING FREEZING/FROZEN EVENTS

COLUMN 17 PEAK WIND IN M.P.H.

PRELIMINARY LOCAL CLIMATOLOGICAL DATA (WS FORM: F-6) , PAGE 2

                                          STATION:  REXBURG ID
                                          MONTH:    MAY
                                          YEAR:     2017
                                          LATITUDE:   43 49 N
                                          LONGITUDE: 111 48 W

[TEMPERATURE DATA]      [PRECIPITATION DATA]       SYMBOLS USED IN COLUMN 16

AVERAGE MONTHLY: 52.0   TOTAL FOR MONTH:   1.08    1 = FOG OR MIST
DPTR FM NORMAL:   0.0   DPTR FM NORMAL:   -0.41    2 = FOG REDUCING VISIBILITY
HIGHEST:    81 ON  5    GRTST 24HR  0.39 ON 20-20      TO 1/4 MILE OR LESS
LOWEST:     32 ON 17,14                            3 = THUNDER
                        SNOW, ICE PELLETS, HAIL    4 = ICE PELLETS
                        TOTAL MONTH:    M          5 = HAIL
                        GRTST 24HR    M  ON   M    6 = FREEZING RAIN OR DRIZZLE
                        GRTST DEPTH:  M  ON   M    7 = DUSTSTORM OR SANDSTORM:
                                                       VSBY 1/2 MILE OR LESS
                                                   8 = SMOKE OR HAZE
[NO. OF DAYS WITH]      [WEATHER - DAYS WITH]      9 = BLOWING SNOW
                                                   X = TORNADO
MAX 32 OR BELOW:   0    0.01 INCH OR MORE:   7
MAX 90 OR ABOVE:   0    0.10 INCH OR MORE:   3
MIN 32 OR BELOW:   2    0.50 INCH OR MORE:   0
MIN  0 OR BELOW:   0    1.00 INCH OR MORE:   0

[HDD (BASE 65) ]
TOTAL THIS MO.   332    CLEAR  (SCALE 0-3)  16
DPTR FM NORMAL   -24    PTCLDY (SCALE 4-7)  10
TOTAL FM JUL 1  7524    CLOUDY (SCALE 8-10)  1
DPTR FM NORMAL  -397

[CDD (BASE 65) ]
TOTAL THIS MO.     0
DPTR FM NORMAL     0    [PRESSURE DATA]
TOTAL FM JAN 1     0    HIGHEST SLP M ON M
DPTR FM NORMAL     0    LOWEST  SLP 29.44 ON 24

[REMARKS]
