000
CXUS56 KSTO 201425
CF6SAC
PRELIMINARY LOCAL CLIMATOLOGICAL DATA (WS FORM: F-6)

                                          STATION:   SACRAMENTO EXEC. AIRPORT CA
                                          MONTH:     FEBRUARY
                                          YEAR:      2018
                                          LATITUDE:   38 31 N
                                          LONGITUDE: 121 30 W

  TEMPERATURE IN F:       :PCPN:    SNOW:  WIND      :SUNSHINE: SKY     :PK WND
================================================================================
1   2   3   4   5  6A  6B    7    8   9   10  11  12  13   14  15   16   17  18
                                     12Z  AVG MX 2MIN
DY MAX MIN AVG DEP HDD CDD  WTR  SNW DPTH SPD SPD DIR MIN PSBL S-S WX    SPD DR
================================================================================

 1  68  42  55   7  10   0 0.00  0.0    0  2.3 12 350   M    M   0        18 340
 2  70  40  55   6  10   0 0.00  0.0    M  1.0 10 320   M    M   0 18     12 320
 3  74  40  57   8   8   0 0.00  0.0    0  1.3  8  40   M    M   1 128    10 220
 4  72  43  58   9   7   0 0.00  0.0    0  1.5  8 290   M    M   2 128    10 290
 5  74  41  58   9   7   0 0.00  0.0    0  1.5  6 110   M    M   3 128     8 320
 6  73  42  58   9   7   0 0.00  0.0    0  7.8 22 340   M    M   0 1      28 350
 7  71  44  58   8   7   0 0.00  0.0    0  3.4 13 350   M    M   0        15 330
 8  73  41  57   7   8   0 0.00  0.0    0  0.6  7 330   M    M   0 128     9 320
 9  74  41  58   8   7   0 0.00  0.0    0  1.1  8 280   M    M   0 1       9 280
10  66  42  54   4  11   0 0.00  0.0    0 10.9 30 330   M    M   0 1      40 330
11  60  32  46  -4  19   0 0.00  0.0    0  6.2 23 240   M    M   0        35 210
12  60  35  48  -2  17   0 0.00  0.0    0  7.6 20 330   M    M   2        24 350
13  64  39  52   1  13   0 0.00  0.0    0  8.1 14 340   M    M   0         M  M
14  65  32  49  -2  16   0 0.00  0.0    0  6.0 20 220   M    M   0        26 230
15  63  36  50  -1  15   0 0.00  0.0    0  9.9 24 350   M    M   0        30 320
16  64  32  48  -3  17   0 0.00  0.0    0  1.3 10 340   M    M   0        15 340
17  68  35  52   1  13   0 0.00  0.0    0  3.6  8 150   M    M   0        11 160
18  61  39  50  -2  15   0 0.00  0.0    0 11.6 25 280   M    M   0        35 280
19  53  29  41 -11  24   0 0.00  0.0    0  5.4 20 310   M    M   0        24 320
================================================================================
SM 1273  725       231   0  0.00     0.0  91.1          M        8
================================================================================
AV 67.0 38.2                               4.8 FASTST   M    M   0    MAX(MPH)
                                 MISC ---->  # 30 330               # 40  330
================================================================================
NOTES:
# LAST OF SEVERAL OCCURRENCES

COLUMN 17 PEAK WIND IN M.P.H.

PRELIMINARY LOCAL CLIMATOLOGICAL DATA (WS FORM: F-6) , PAGE 2

                                          STATION:  SACRAMENTO EXEC. AIRPORT CA
                                          MONTH:    FEBRUARY
                                          YEAR:     2018
                                          LATITUDE:   38 31 N
                                          LONGITUDE: 121 30 W

[TEMPERATURE DATA]      [PRECIPITATION DATA]       SYMBOLS USED IN COLUMN 16

AVERAGE MONTHLY: 52.6   TOTAL FOR MONTH:   0.00    1 = FOG OR MIST
DPTR FM NORMAL:   2.5   DPTR FM NORMAL:   -2.37    2 = FOG REDUCING VISIBILITY
HIGHEST:    74 ON  9, 5 GRTST 24HR  0.00 ON 19-19      TO 1/4 MILE OR LESS
LOWEST:     29 ON 19                               3 = THUNDER
                        SNOW, ICE PELLETS, HAIL    4 = ICE PELLETS
                        TOTAL MONTH:   0.0 INCH    5 = HAIL
                        GRTST 24HR     0.0         6 = FREEZING RAIN OR DRIZZLE
                        GRTST DEPTH:   0           7 = DUSTSTORM OR SANDSTORM:
                                                       VSBY 1/2 MILE OR LESS
                                                   8 = SMOKE OR HAZE
[NO. OF DAYS WITH]      [WEATHER - DAYS WITH]      9 = BLOWING SNOW
                                                   X = TORNADO
MAX 32 OR BELOW:   0    0.01 INCH OR MORE:   0
MAX 90 OR ABOVE:   0    0.10 INCH OR MORE:   0
MIN 32 OR BELOW:   4    0.50 INCH OR MORE:   0
MIN  0 OR BELOW:   0    1.00 INCH OR MORE:   0

[HDD (BASE 65) ]
TOTAL THIS MO.   231    CLEAR  (SCALE 0-3)  19
DPTR FM NORMAL   -52    PTCLDY (SCALE 4-7)   0
TOTAL FM JUL 1  1606    CLOUDY (SCALE 8-10)  0
DPTR FM NORMAL  -291

[CDD (BASE 65) ]
TOTAL THIS MO.     0
DPTR FM NORMAL     0    [PRESSURE DATA]
TOTAL FM JAN 1     0    HIGHEST SLP M ON M
DPTR FM NORMAL     0    LOWEST  SLP 29.75 ON 11

[REMARKS]
