000
CXUS56 KSTO 271355
CF6SAC
PRELIMINARY LOCAL CLIMATOLOGICAL DATA (WS FORM: F-6)

                                          STATION:   SACRAMENTO EXEC. AIRPORT CA
                                          MONTH:     MAY
                                          YEAR:      2015
                                          LATITUDE:   38 31 N
                                          LONGITUDE: 121 30 W

  TEMPERATURE IN F:       :PCPN:    SNOW:  WIND      :SUNSHINE: SKY     :PK WND
================================================================================
1   2   3   4   5  6A  6B    7    8   9   10  11  12  13   14  15   16   17  18
                                     12Z  AVG MX 2MIN
DY MAX MIN AVG DEP HDD CDD  WTR  SNW DPTH SPD SPD DIR MIN PSBL S-S WX    SPD DR
================================================================================

 1  92  55  74  12   0   9 0.00  0.0    0  4.4 15 230   M    M   0        20 220
 2  85  54  70   8   0   5 0.00  0.0    0  6.7 14 210   M    M   0        22 220
 3  75  52  64   1   1   0 0.00  0.0    0  9.3 16 210   M    M   0        25 230
 4  74  50  62  -1   3   0 0.00  0.0    0  9.2 15 210   M    M   2        22 190
 5  76  52  64   1   1   0 0.00  0.0    0  7.6 15 200   M    M   0        22 240
 6  81  51  66   3   0   1 0.00  0.0    0  6.8 18 220   M    M   1        23 220
 7  70  52  61  -3   4   0 0.07  0.0    0  8.3 28 360   M    M   4        33 360
 8  75  45  60  -4   5   0 0.00  0.0    0  4.6 15 200   M    M   0        21 200
 9  78  51  65   1   0   0 0.00  0.0    0  6.8 14 210   M    M   0        18 200
10  78  52  65   1   0   0 0.00  0.0    0  8.6 16 240   M    M   1        21 230
11  73  53  63  -1   2   0 0.00  0.0    0 10.5 21 230   M    M   0        29 230
12  73  50  62  -3   3   0 0.00  0.0    0  6.8 15 210   M    M   1        21 200
13  70  51  61  -4   4   0 0.00  0.0    0  9.1 17 220   M    M   0        23 210
14  74  49  62  -3   3   0 0.00  0.0    0  6.6 23 230   M    M   1        32 240
15  72  51  62  -3   3   0 0.00  0.0    0  8.7 18 230   M    M   1        24 220
16  76  52  64  -2   1   0 0.00  0.0    0  6.9 18 230   M    M   0        23 240
17  72  54  63  -3   2   0 0.00  0.0    0  9.4 18 230   M    M   0        23 220
18  73  53  63  -3   2   0 0.00  0.0    0  8.9 20 230   M    M   2        26 230
19  76  53  65  -1   0   0 0.00  0.0    0  8.9 17 230   M    M   3        22 210
20  74  52  63  -3   2   0 0.00  0.0    0 10.1 22 220   M    M   1        29 220
21  74  53  64  -3   1   0 0.00  0.0    0  8.9 20 220   M    M   2        24 230
22  75  55  65  -2   0   0    T  0.0    0  7.9 20 220   M    M   5        33 210
23  76  56  66  -1   0   1 0.00  0.0    0  7.2 15 230   M    M   5        25 310
24  82  54  68   1   0   3 0.00  0.0    0  7.6 20 210   M    M   0        29 210
25  77  53  65  -2   0   0 0.00  0.0    0 11.1 17 230   M    M   2        29 210
26  78  53  66  -2   0   1 0.00  0.0    0 10.0 18 230   M    M   2        26 210
================================================================================
SM 1979 1356        37  20  0.07     0.0 210.9          M       33
================================================================================
AV 76.1 52.2                               8.1 FASTST   M    M   1    MAX(MPH)
                                 MISC ---->  # 28 360               # 33  360
================================================================================
NOTES:
# LAST OF SEVERAL OCCURRENCES

COLUMN 17 PEAK WIND IN M.P.H.

PRELIMINARY LOCAL CLIMATOLOGICAL DATA (WS FORM: F-6) , PAGE 2

                                          STATION:  SACRAMENTO EXEC. AIRPORT CA
                                          MONTH:    MAY
                                          YEAR:     2015
                                          LATITUDE:   38 31 N
                                          LONGITUDE: 121 30 W

[TEMPERATURE DATA]      [PRECIPITATION DATA]       SYMBOLS USED IN COLUMN 16

AVERAGE MONTHLY: 64.1   TOTAL FOR MONTH:   0.07    1 = FOG OR MIST
DPTR FM NORMAL:  -0.8   DPTR FM NORMAL:   -0.52    2 = FOG REDUCING VISIBILITY
HIGHEST:    92 ON  1    GRTST 24HR  0.07 ON  7- 7      TO 1/4 MILE OR LESS
LOWEST:     45 ON  8                               3 = THUNDER
                        SNOW, ICE PELLETS, HAIL    4 = ICE PELLETS
                        TOTAL MONTH:   0.0 INCH    5 = HAIL
                        GRTST 24HR     0.0         6 = FREEZING RAIN OR DRIZZLE
                        GRTST DEPTH:   0           7 = DUSTSTORM OR SANDSTORM:
                                                       VSBY 1/2 MILE OR LESS
                                                   8 = SMOKE OR HAZE
[NO. OF DAYS WITH]      [WEATHER - DAYS WITH]      9 = BLOWING SNOW
                                                   X = TORNADO
MAX 32 OR BELOW:   0    0.01 INCH OR MORE:   1
MAX 90 OR ABOVE:   1    0.10 INCH OR MORE:   0
MIN 32 OR BELOW:   0    0.50 INCH OR MORE:   0
MIN  0 OR BELOW:   0    1.00 INCH OR MORE:   0

[HDD (BASE 65) ]
TOTAL THIS MO.    37    CLEAR  (SCALE 0-3)  23
DPTR FM NORMAL   -29    PTCLDY (SCALE 4-7)   3
TOTAL FM JUL 1  1621    CLOUDY (SCALE 8-10)  0
DPTR FM NORMAL  -983

[CDD (BASE 65) ]
TOTAL THIS MO.    20
DPTR FM NORMAL   -47    [PRESSURE DATA]
TOTAL FM JAN 1    69    HIGHEST SLP M ON M
DPTR FM NORMAL   -14    LOWEST  SLP 30.11 ON 14

[REMARKS]
