000
CXUS53 KIWX 190800
CF6SBN
PRELIMINARY LOCAL CLIMATOLOGICAL DATA (WS FORM: F-6)

                                          STATION:   SOUTH BEND
                                          MONTH:     OCTOBER
                                          YEAR:      2017
                                          LATITUDE:   41 42 N
                                          LONGITUDE:  86 19 W

  TEMPERATURE IN F:       :PCPN:    SNOW:  WIND      :SUNSHINE: SKY     :PK WND
================================================================================
1   2   3   4   5  6A  6B    7    8   9   10  11  12  13   14  15   16   17  18
                                     12Z  AVG MX 2MIN
DY MAX MIN AVG DEP HDD CDD  WTR  SNW DPTH SPD SPD DIR MIN PSBL S-S WX    SPD DR
================================================================================

 1  69  44  57   0   8   0 0.00  0.0    0  8.6 18 120   M    M   0        22 110
 2  81  56  69  12   0   4 0.00  0.0    0 10.3 21 160   M    M   0        24 170
 3  81  59  70  13   0   5 0.03  0.0    0 11.8 21 190   M    M   5 1      25 190
 4  76  61  69  13   0   4 0.20  0.0    0  7.6 17 310   M    M   9 13     22 230
 5  77  55  66  10   0   1 0.00  0.0    0  3.1 13 360   M    M   4        15 360
 6  70  55  63   7   2   0 0.35  0.0    0  6.6 15 160   M    M  10 138    17 180
 7  83  59  71  16   0   6 0.09  0.0    0 16.9 31 190   M    M   5        42 190
 8  77  52  65  10   0   0    T  0.0    0  8.3 23 270   M    M   2        30 270
 9  78  54  66  12   0   1 0.00  0.0    0  3.1 10 270   M    M   3        13 290
10  74  54  64  10   1   0 0.37  0.0    0  6.1 14  40   M    M   6 1      18  30
11  59  53  56   2   9   0 1.62  0.0    0  8.9 18  80   M    M  10 1      27  90
12  58  51  55   2  10   0 0.00  0.0    0  6.0 10 150   M    M  10 1      15 100
13  70  56  63  10   2   0 0.02  0.0    0  6.0 15 220   M    M   7 1      19 200
14  64  60  62   9   3   0 3.81  0.0    0  7.6 24 330   M    M   9 13     31 330
15  67  47  57   5   8   0 0.43  0.0    0 11.5 29 280   M    M   7 13     35 280
16  59  40  50  -2  15   0 0.01  0.0    0  5.9 16 300   M    M   3 1      24 280
17  69  43  56   4   9   0 0.00  0.0    0 11.5 22 220   M    M   0        28 240
18  68  44  56   5   9   0 0.00  0.0    0 10.9 22 190   M    M   0        26 200
================================================================================
SM 1280  943        76  21  6.93     0.0 150.7          M       90
================================================================================
AV 71.1 52.4                               8.4 FASTST   M    M   5    MAX(MPH)
                                 MISC ---->  # 31 190               # 42  190
================================================================================
NOTES:
# LAST OF SEVERAL OCCURRENCES

COLUMN 17 PEAK WIND IN M.P.H.

PRELIMINARY LOCAL CLIMATOLOGICAL DATA (WS FORM: F-6) , PAGE 2

                                          STATION:  SOUTH BEND
                                          MONTH:    OCTOBER
                                          YEAR:     2017
                                          LATITUDE:   41 42 N
                                          LONGITUDE:  86 19 W

[TEMPERATURE DATA]      [PRECIPITATION DATA]       SYMBOLS USED IN COLUMN 16

AVERAGE MONTHLY: 61.8   TOTAL FOR MONTH:   6.93    1 = FOG OR MIST
DPTR FM NORMAL:   7.5   DPTR FM NORMAL:    4.96    2 = FOG REDUCING VISIBILITY
HIGHEST:    83 ON  7    GRTST 24HR  3.81 ON 14-14      TO 1/4 MILE OR LESS
LOWEST:     40 ON 16                               3 = THUNDER
                        SNOW, ICE PELLETS, HAIL    4 = ICE PELLETS
                        TOTAL MONTH:   0.0 INCH    5 = HAIL
                        GRTST 24HR     0.0         6 = FREEZING RAIN OR DRIZZLE
                        GRTST DEPTH:   0           7 = DUSTSTORM OR SANDSTORM:
                                                       VSBY 1/2 MILE OR LESS
                                                   8 = SMOKE OR HAZE
[NO. OF DAYS WITH]      [WEATHER - DAYS WITH]      9 = BLOWING SNOW
                                                   X = TORNADO
MAX 32 OR BELOW:   0    0.01 INCH OR MORE:  10
MAX 90 OR ABOVE:   0    0.10 INCH OR MORE:   6
MIN 32 OR BELOW:   0    0.50 INCH OR MORE:   2
MIN  0 OR BELOW:   0    1.00 INCH OR MORE:   2

[HDD (BASE 65) ]
TOTAL THIS MO.    76    CLEAR  (SCALE 0-3)   7
DPTR FM NORMAL  -124    PTCLDY (SCALE 4-7)   6
TOTAL FM JUL 1   188    CLOUDY (SCALE 8-10)  5
DPTR FM NORMAL  -146

[CDD (BASE 65) ]
TOTAL THIS MO.    21
DPTR FM NORMAL    13    [PRESSURE DATA]
TOTAL FM JAN 1   691    HIGHEST SLP M ON M
DPTR FM NORMAL   -81    LOWEST  SLP 29.60 ON  7

[REMARKS]
