000
CXUS56 KSTO 181724
CF6SCK
PRELIMINARY LOCAL CLIMATOLOGICAL DATA (WS FORM: F-6)

                                          STATION:   STOCKTON AIRPORT CA
                                          MONTH:     MAY
                                          YEAR:      2017
                                          LATITUDE:   37 54 N
                                          LONGITUDE: 121 15 W

  TEMPERATURE IN F:       :PCPN:    SNOW:  WIND      :SUNSHINE: SKY     :PK WND
================================================================================
1   2   3   4   5  6A  6B    7    8   9   10  11  12  13   14  15   16   17  18
                                     12Z  AVG MX 2MIN
DY MAX MIN AVG DEP HDD CDD  WTR  SNW DPTH SPD SPD DIR MIN PSBL S-S WX    SPD DR
================================================================================

 1  92  58  75  12   0  10 0.00  0.0    0 13.9 26 320   M    M   0        34 320
 2  94  59  77  14   0  12 0.00  0.0    0 11.1 22 330   M    M   0        28 340
 3  96  59  78  14   0  13 0.00  0.0    0  6.3 13 300   M    M   0        19 290
 4  94  60  77  13   0  12 0.00  0.0    0  7.0 18 290   M    M   0 8      23 280
 5  79  53  66   2   0   1 0.00  0.0    0 14.1 29 260   M    M   0        35 260
 6  69  50  60  -4   5   0    T  0.0    0  8.8 23 260   M    M   5        26 260
 7  76  56  66   2   0   1 0.00  0.0    0  6.9 18 320   M    M   1        26 220
 8  87  49  68   3   0   3 0.00  0.0    0  6.0 20 310   M    M   0        24 330
 9  90  51  71   6   0   6 0.00  0.0    0  5.9 16 290   M    M   0        20 300
10  80  53  67   2   0   2 0.00  0.0    0 10.2 23 260   M    M   0        28 270
11  79  50  65   0   0   0 0.00  0.0    0 11.3 24 300   M    M   2        28 300
12  74  50  62  -4   3   0 0.00  0.0    0 14.8 26 300   M    M   0        31 300
13  74  45  60  -6   5   0 0.00  0.0    0 12.8 22 300   M    M   0        32 330
14  76  47  62  -4   3   0 0.00  0.0    0  9.6 24 270   M    M   0        28 270
15  78  48  63  -3   2   0 0.00  0.0    0 12.8 25 250   M    M   0        30 250
16  69  51  60  -6   5   0 0.00  0.0    0 14.2 26 260   M    M   4        32 250
17  80  47  64  -3   1   0 0.00  0.0    0 11.5 26 320   M    M   0 8      32 350
================================================================================
SM 1387  886        24  60    T      0.0 177.2          M       12
================================================================================
AV 81.6 52.1                              10.4 FASTST   M    M   1    MAX(MPH)
                                 MISC ---->  # 29 260               # 35  260
================================================================================
NOTES:
# LAST OF SEVERAL OCCURRENCES

COLUMN 17 PEAK WIND IN M.P.H.

PRELIMINARY LOCAL CLIMATOLOGICAL DATA (WS FORM: F-6) , PAGE 2

                                          STATION:  STOCKTON AIRPORT CA
                                          MONTH:    MAY
                                          YEAR:     2017
                                          LATITUDE:   37 54 N
                                          LONGITUDE: 121 15 W

[TEMPERATURE DATA]      [PRECIPITATION DATA]       SYMBOLS USED IN COLUMN 16

AVERAGE MONTHLY: 66.9   TOTAL FOR MONTH:      T    1 = FOG OR MIST
DPTR FM NORMAL:   2.0   DPTR FM NORMAL:   -0.34    2 = FOG REDUCING VISIBILITY
HIGHEST:    96 ON  3    GRTST 24HR    T  ON  6- 6      TO 1/4 MILE OR LESS
LOWEST:     45 ON 13                               3 = THUNDER
                        SNOW, ICE PELLETS, HAIL    4 = ICE PELLETS
                        TOTAL MONTH:   0.0 INCH    5 = HAIL
                        GRTST 24HR     0.0         6 = FREEZING RAIN OR DRIZZLE
                        GRTST DEPTH:   0           7 = DUSTSTORM OR SANDSTORM:
                                                       VSBY 1/2 MILE OR LESS
                                                   8 = SMOKE OR HAZE
[NO. OF DAYS WITH]      [WEATHER - DAYS WITH]      9 = BLOWING SNOW
                                                   X = TORNADO
MAX 32 OR BELOW:   0    0.01 INCH OR MORE:   0
MAX 90 OR ABOVE:   5    0.10 INCH OR MORE:   0
MIN 32 OR BELOW:   0    0.50 INCH OR MORE:   0
MIN  0 OR BELOW:   0    1.00 INCH OR MORE:   0

[HDD (BASE 65) ]
TOTAL THIS MO.    24    CLEAR  (SCALE 0-3)  15
DPTR FM NORMAL   -20    PTCLDY (SCALE 4-7)   2
TOTAL FM JUL 1  2108    CLOUDY (SCALE 8-10)  0
DPTR FM NORMAL  -512

[CDD (BASE 65) ]
TOTAL THIS MO.    60
DPTR FM NORMAL    18    [PRESSURE DATA]
TOTAL FM JAN 1    62    HIGHEST SLP M ON M
DPTR FM NORMAL     3    LOWEST  SLP 29.64 ON  7

[REMARKS]
