000
CXUS55 KSEW 290945
CF6SEA

PRELIMINARY LOCAL CLIMATOLOGICAL DATA (WS FORM: F-6)

                                          STATION:   SEATTLE-TACOMA WA AIRPORT
                                          MONTH:     JULY
                                          YEAR:      2014
                                          LATITUDE:   47 27 N
                                          LONGITUDE: 122 18 W

  TEMPERATURE IN F:       :PCPN:    SNOW:  WIND      :SUNSHINE: SKY     :PK WND
================================================================================
1   2   3   4   5  6A  6B    7    8   9   10  11  12  13   14  15   16   17  18
                                     12Z  AVG MX 2MIN
DY MAX MIN AVG DEP HDD CDD  WTR  SNW DPTH SPD SPD DIR MIN PSBL S-S WX    SPD DR
================================================================================

 1  94  60  77  13   0  12 0.00  0.0    0  7.9 15 350   M    M   4        18  10
 2  81  58  70   6   0   5 0.00  0.0    0  8.1 16 210   M    M   6        21 230
 3  71  57  64   0   1   0 0.00  0.0    0  6.9 12 230   M    M   8        16 330
 4  75  57  66   2   0   1 0.00  0.0    0  8.0  M 360   M    M   7         M 330
 5  76  56  66   2   0   1 0.00  0.0    0  5.0 14 200   M    M   8 1      18 230
 6  84  59  72   8   0   7 0.00  0.0    0  6.7 17 340   M    M   5        21 330
 7  81  64  73   8   0   8 0.00  0.0    0  9.1 15 340   M    M   5 1      33 340
 8  86  60  73   8   0   8 0.00  0.0    0  7.8 16 350   M    M   2        21 350
 9  80  57  69   4   0   4 0.00  0.0    0  5.1 15 250   M    M   2        25 320
10  84  55  70   5   0   5 0.00  0.0    0  5.0  9  10   M    M   2 1      16 270
11  88  59  74   9   0   9 0.00  0.0    0  5.0 11  35   M    M   2        15  35
12  90  62  76  11   0  11 0.00  0.0    0  4.8 12  20   M    M   3        14  20
13  85  59  72   6   0   7    T  0.0    0  5.9 17 360   M    M   5 3      21 350
14  82  59  71   5   0   6 0.00  0.0    0   M  10 250   M    M   3        11 250
15  88  57  73   7   0   8 0.00  0.0    0  5.2 15 360   M    M   3 12     24 210
16  88  58  73   7   0   8 0.00  0.0    0  5.3 13 200   M    M   0        21 100
17  80  57  69   3   0   4 0.00  0.0    0  8.2 18 280   M    M   6        26 170
18  75  53  64  -2   1   0 0.00  0.0    0  6.3 14 260   M    M   6        18 240
19  78  59  69   3   0   4 0.00  0.0    0 12.0 28 220   M    M   9 1      36 220
20  67  58  63  -3   2   0 0.00  0.0    0  6.3 20 320   M    M  10        26 300
21  75  56  66   0   0   1 0.00  0.0    0  4.8 12 260   M    M   6        15 220
22  70  56  63  -4   2   0 0.01  0.0    0  2.4  9 200   M    M   7 1      16 220
23  66  56  61  -6   4   0 0.76  0.0    0  7.3 14 150   M    M   9 13     25 210
24  69  55  62  -5   3   0    T  0.0    0 10.4 20 210   M    M   8        25 210
25  73  54  64  -3   1   0 0.00  0.0    0  6.0 13  20   M    M   5        17 250
26  79  56  68   1   0   3 0.00  0.0    0  8.0 16  20   M    M   1        17  20
27  83  59  71   4   0   6 0.00  0.0    0  9.1 15 350   M    M   1        18 360
28  87  59  73   6   0   8 0.00  0.0    0  8.2 15  40   M    M   0        22 360
================================================================================
SM 2235 1615        14 126  0.77     0.0 184.8          M      133
================================================================================
AV 79.8 57.7                               6.8 FASTST   M    M   5    MAX(MPH)
                                 MISC ---->  # 28 220               # 36  220
================================================================================
NOTES:
# LAST OF SEVERAL OCCURRENCES

COLUMN 17 PEAK WIND IN M.P.H.

PRELIMINARY LOCAL CLIMATOLOGICAL DATA (WS FORM: F-6) , PAGE 2

                                          STATION:  SEATTLE-TACOMA WA AIRPORT
                                          MONTH:    JULY
                                          YEAR:     2014
                                          LATITUDE:   47 27 N
                                          LONGITUDE: 122 18 W

[TEMPERATURE DATA]      [PRECIPITATION DATA]       SYMBOLS USED IN COLUMN 16

AVERAGE MONTHLY: 68.8   TOTAL FOR MONTH:   0.77    1 = FOG OR MIST
DPTR FM NORMAL:   3.1   DPTR FM NORMAL:    0.12    2 = FOG REDUCING VISIBILITY
HIGHEST:    94 ON  1    GRTST 24HR  0.76 ON 23-23      TO 1/4 MILE OR LESS
LOWEST:     53 ON 18                               3 = THUNDER
                        SNOW, ICE PELLETS, HAIL    4 = ICE PELLETS
                        TOTAL MONTH:   0.0 INCH    5 = HAIL
                        GRTST 24HR     0.0         6 = FREEZING RAIN OR DRIZZLE
                        GRTST DEPTH:   0           7 = DUSTSTORM OR SANDSTORM:
                                                       VSBY 1/2 MILE OR LESS
                                                   8 = SMOKE OR HAZE
[NO. OF DAYS WITH]      [WEATHER - DAYS WITH]      9 = BLOWING SNOW
                                                   X = TORNADO
MAX 32 OR BELOW:   0    0.01 INCH OR MORE:   2
MAX 90 OR ABOVE:   2    0.10 INCH OR MORE:   1
MIN 32 OR BELOW:   0    0.50 INCH OR MORE:   1
MIN  0 OR BELOW:   0    1.00 INCH OR MORE:   0

[HDD (BASE 65) ]
TOTAL THIS MO.    14    CLEAR  (SCALE 0-3)  11
DPTR FM NORMAL   -32    PTCLDY (SCALE 4-7)  12
TOTAL FM JUL 1    14    CLOUDY (SCALE 8-10)  5
DPTR FM NORMAL   -32

[CDD (BASE 65) ]
TOTAL THIS MO.   126
DPTR FM NORMAL    62    [PRESSURE DATA]
TOTAL FM JAN 1   152    HIGHEST SLP M ON M
DPTR FM NORMAL    61    LOWEST  SLP 29.73 ON  1

[REMARKS]
