750
CXUS54 KFWD 170730
CF6SEP
PRELIMINARY LOCAL CLIMATOLOGICAL DATA (WS FORM: F-6)

                                          STATION:   STEPHENVILLE
                                          MONTH:     AUGUST
                                          YEAR:      2017
                                          LATITUDE:   32 13 N
                                          LONGITUDE:  98 11 W

  TEMPERATURE IN F:       :PCPN:    SNOW:  WIND      :SUNSHINE: SKY     :PK WND
================================================================================
1   2   3   4   5  6A  6B    7    8   9   10  11  12  13   14  15   16   17  18
                                     12Z  AVG MX 2MIN
DY MAX MIN AVG DEP HDD CDD  WTR  SNW DPTH SPD SPD DIR MIN PSBL S-S WX    SPD DR
================================================================================

 1  89  74  82  -1   0  17 0.08  0.0    0  2.5  9 330   M    M   7         M  M
 2  77  71  74  -9   0   9 0.24  0.0    0  3.2 10  50   M    M   9        17  50
 3  91  68  80  -3   0  15 0.00  0.0    0  1.4  5  80   M    M   4         M  M
 4  95  69  82  -1   0  17 0.00  0.0    0  1.7  7 130   M    M   1         M  M
 5  98  71  85   2   0  20 0.00  0.0    0  5.4 12 170   M    M   1        18 180
 6 100  69  85   2   0  20 0.74  0.0    0  9.1 22  30   M    M   2 3      32  30
 7  90  71  81  -2   0  16 0.02  0.0    0  2.9 13  30   M    M   5        17  30
 8  88  72  80  -3   0  15 0.00  0.0    0  4.3  9  80   M    M   5         M  M
 9  90  68  79  -4   0  14 0.00  0.0    0  1.8  8 130   M    M   1         M  M
10  95  71  83   0   0  18 0.00  0.0    0  2.3  8 190   M    M   1         M  M
11  94  73  84   1   0  19 0.00  0.0    0  1.2  7 190   M    M   2         M  M
12  96  73  85   2   0  20 0.00  0.0    0  4.4 13  40   M    M   2        18  40
13  89  75  82  -1   0  17 0.06  0.0    0  2.2  7  90   M    M   4         M  M
14  92  75  84   1   0  19 0.13  0.0    0  3.7  9 170   M    M   3         M  M
15  91  76  84   1   0  19 0.00  0.0    0  2.7  6 180   M    M   1         M  M
16  92  76  84   1   0  19 0.00  0.0    0  7.2 14 200   M    M   1        22 200
================================================================================
SM 1467 1152         0 274  1.27     0.0  56.0          M       49
================================================================================
AV 91.7 72.0                               3.5 FASTST   M    M   3    MAX(MPH)
                                 MISC ---->    22   M                 32    M
================================================================================
NOTES:
# LAST OF SEVERAL OCCURRENCES

COLUMN 17 PEAK WIND IN M.P.H.

PRELIMINARY LOCAL CLIMATOLOGICAL DATA (WS FORM: F-6) , PAGE 2

                                          STATION:  STEPHENVILLE
                                          MONTH:    AUGUST
                                          YEAR:     2017
                                          LATITUDE:   32 13 N
                                          LONGITUDE:  98 11 W

[TEMPERATURE DATA]      [PRECIPITATION DATA]       SYMBOLS USED IN COLUMN 16

AVERAGE MONTHLY: 81.8   TOTAL FOR MONTH:   1.27    1 = FOG OR MIST
DPTR FM NORMAL:  -1.2   DPTR FM NORMAL:    0.10    2 = FOG REDUCING VISIBILITY
HIGHEST:   100 ON  6    GRTST 24HR  0.74 ON  6- 6      TO 1/4 MILE OR LESS
LOWEST:     68 ON  9, 3                            3 = THUNDER
                        SNOW, ICE PELLETS, HAIL    4 = ICE PELLETS
                        TOTAL MONTH:   0.0 INCH    5 = HAIL
                        GRTST 24HR     0.0         6 = FREEZING RAIN OR DRIZZLE
                        GRTST DEPTH:   0           7 = DUSTSTORM OR SANDSTORM:
                                                       VSBY 1/2 MILE OR LESS
                                                   8 = SMOKE OR HAZE
[NO. OF DAYS WITH]      [WEATHER - DAYS WITH]      9 = BLOWING SNOW
                                                   X = TORNADO
MAX 32 OR BELOW:   0    0.01 INCH OR MORE:   6
MAX 90 OR ABOVE:  12    0.10 INCH OR MORE:   3
MIN 32 OR BELOW:   0    0.50 INCH OR MORE:   1
MIN  0 OR BELOW:   0    1.00 INCH OR MORE:   0

[HDD (BASE 65) ]
TOTAL THIS MO.     0    CLEAR  (SCALE 0-3)   9
DPTR FM NORMAL     0    PTCLDY (SCALE 4-7)   6
TOTAL FM JUL 1     0    CLOUDY (SCALE 8-10)  1
DPTR FM NORMAL     0

[CDD (BASE 65) ]
TOTAL THIS MO.   274
DPTR FM NORMAL   -14    [PRESSURE DATA]
TOTAL FM JAN 1  1727    HIGHEST SLP M ON M
DPTR FM NORMAL   171    LOWEST  SLP M ON M

[REMARKS]
