000
CXUS53 KLSX 241600
CF6SET
PRELIMINARY LOCAL CLIMATOLOGICAL DATA (WS FORM: F-6)

                                          STATION:   ST_CHARLES MO
                                          MONTH:     JULY
                                          YEAR:      2016
                                          LATITUDE:   38 55 N
                                          LONGITUDE:  90 26 W

  TEMPERATURE IN F:       :PCPN:    SNOW:  WIND      :SUNSHINE: SKY     :PK WND
================================================================================
1   2   3   4   5  6A  6B    7    8   9   10  11  12  13   14  15   16   17  18
                                     12Z  AVG MX 2MIN
DY MAX MIN AVG DEP HDD CDD  WTR  SNW DPTH SPD SPD DIR MIN PSBL S-S WX    SPD DR
================================================================================

 1  84  65  75  -2   0  10    T  0.0    0  7.4 15  10   M    M   2 1      19  30
 2  68  61  65 -13   0   0 0.13  0.0    0  8.3 15  80   M    M   7 1      19  80
 3  70  59  65 -13   0   0 2.36  0.0    0  7.2 17 110   M    M  10 13     21 110
 4  79  69  74  -4   0   9 0.04  0.0    0  3.3 12  30   M    M   9 12     13  30
 5  92  68  80   2   0  15 0.00  0.0    0  3.8 12 170   M    M   4 12     14 170
 6  82  68  75  -3   0  10 0.80  0.0    0  7.1 30  40   M    M   5 123    39  50
 7  87  68  78   0   0  13 0.22  0.0    0  6.4 23 180   M    M   6 123    29 170
 8  91  70  81   3   0  16 0.04  0.0    0  5.7 14 330   M    M   2 3      17 280
 9  87  67  77  -1   0  12 0.00  0.0    0  3.8  9  30   M    M   0        12  30
10  90  69  80   2   0  15 0.00  0.0    0  6.6 17 160   M    M   2 3      23 170
11  93  72  83   5   0  18 0.00  0.0    0  9.1 18 150   M    M   0 1      23 150
12  86  74  80   2   0  15 0.00  0.0    0  6.1 25 330   M    M   2 3      36 320
13  92  70  81   3   0  16 0.77  0.0    0  6.8 38 270   M    M   5 13     50 270
14  91  72  82   4   0  17    T  0.0    0  3.8 12 280   M    M   3 3      16 280
15  87  70  79   1   0  14 0.00  0.0    0  6.2 16 340   M    M   0        20 340
16  85  66  76  -2   0  11 0.00  0.0    0  6.3 14 100   M    M   0        20 120
17  94  69  82   4   0  17 0.00  0.0    0  8.1 16 200   M    M   1        21 200
18  91  75  83   5   0  18 0.10  0.0    0  4.0 16 270   M    M   1 138    20 270
19  94  71  83   5   0  18 1.81  0.0    0  5.8 37 350   M    M   2 123    47 350
20  88  72  80   2   0  15 0.53  0.0    0  6.1 22  80   M    M   3 138    28  80
21  96  75  86   8   0  21 0.00  0.0    0  3.7 10 250   M    M   0 1      13 250
22  85  72  79   1   0  14 0.15  0.0    0  5.7 28  10   M    M   3 1      33  20
23  93  73  83   5   0  18 0.00  0.0    0  5.0 12 120   M    M   0 1      14 120
================================================================================
SM 2005 1595         0 312  6.95     0.0 136.3          M       67
================================================================================
AV 87.2 69.3                               5.9 FASTST   M    M   3    MAX(MPH)
                                 MISC ---->  # 38 270               # 50  270
================================================================================
NOTES:
# LAST OF SEVERAL OCCURRENCES

COLUMN 17 PEAK WIND IN M.P.H.

PRELIMINARY LOCAL CLIMATOLOGICAL DATA (WS FORM: F-6) , PAGE 2

                                          STATION:  ST_CHARLES MO
                                          MONTH:    JULY
                                          YEAR:     2016
                                          LATITUDE:   38 55 N
                                          LONGITUDE:  90 26 W

[TEMPERATURE DATA]      [PRECIPITATION DATA]       SYMBOLS USED IN COLUMN 16

AVERAGE MONTHLY: 78.3   TOTAL FOR MONTH:   6.95    1 = FOG OR MIST
DPTR FM NORMAL:   0.3   DPTR FM NORMAL:    3.63    2 = FOG REDUCING VISIBILITY
HIGHEST:    96 ON 21    GRTST 24HR  2.37 ON  2- 3      TO 1/4 MILE OR LESS
LOWEST:     59 ON  3                               3 = THUNDER
                        SNOW, ICE PELLETS, HAIL    4 = ICE PELLETS
                        TOTAL MONTH:   0.0 INCH    5 = HAIL
                        GRTST 24HR     0.0         6 = FREEZING RAIN OR DRIZZLE
                        GRTST DEPTH:   0           7 = DUSTSTORM OR SANDSTORM:
                                                       VSBY 1/2 MILE OR LESS
                                                   8 = SMOKE OR HAZE
[NO. OF DAYS WITH]      [WEATHER - DAYS WITH]      9 = BLOWING SNOW
                                                   X = TORNADO
MAX 32 OR BELOW:   0    0.01 INCH OR MORE:  11
MAX 90 OR ABOVE:  11    0.10 INCH OR MORE:   9
MIN 32 OR BELOW:   0    0.50 INCH OR MORE:   5
MIN  0 OR BELOW:   0    1.00 INCH OR MORE:   2

[HDD (BASE 65) ]
TOTAL THIS MO.     0    CLEAR  (SCALE 0-3)  15
DPTR FM NORMAL     0    PTCLDY (SCALE 4-7)   6
TOTAL FM JUL 1     0    CLOUDY (SCALE 8-10)  2
DPTR FM NORMAL     0

[CDD (BASE 65) ]
TOTAL THIS MO.   312
DPTR FM NORMAL    14    [PRESSURE DATA]
TOTAL FM JAN 1   794    HIGHEST SLP M ON M
DPTR FM NORMAL    88    LOWEST  SLP 29.77 ON  6

[REMARKS]
