000
CXUS55 KSEW 160945
CF6SEW

PRELIMINARY LOCAL CLIMATOLOGICAL DATA (WS FORM: F-6)

                                          STATION:   SEATTLE WA WFO
                                          MONTH:     APRIL
                                          YEAR:      2014
                                          LATITUDE:   47 41 N
                                          LONGITUDE: 122 15 W

  TEMPERATURE IN F:       :PCPN:    SNOW:  WIND      :SUNSHINE: SKY     :PK WND
================================================================================
1   2   3   4   5  6A  6B    7    8   9   10  11  12  13   14  15   16   17  18
                                     12Z  AVG MX 2MIN
DY MAX MIN AVG DEP HDD CDD  WTR  SNW DPTH SPD SPD DIR MIN PSBL S-S WX    SPD DR
================================================================================

 1  60  40  50   1  15   0 0.00  0.0    0   M   M   M   M    M   M         M  M
 2  59  45  52   3  13   0 0.00  0.0    0   M   M   M   M    M   M         M  M
 3  58  42  50   1  15   0 0.08  0.0    0   M   M   M   M    M   M         M  M
 4  59  45  52   3  13   0    T  0.0    0   M   M   M   M    M   M         M  M
 5  53  46  50   1  15   0 0.16  0.0    0   M   M   M   M    M   M         M  M
 6  56  47  52   3  13   0 0.00  0.0    0   M   M   M   M    M   M         M  M
 7  72  49  61  12   4   0 0.00  0.0    0   M   M   M   M    M   M         M  M
 8  65  46  56   7   9   0 0.35  0.0    M   M   M   M   M    M   M 1       M  M
 9  58  41  50   0  15   0 0.04  0.0    0   M   M   M   M    M   M         M  M
10  58  42  50   0  15   0 0.00  0.0    0   M   M   M   M    M   M         M  M
11  60  42  51   1  14   0 0.00  0.0    0   M   M   M   M    M   M         M  M
12  59  42  51   1  14   0 0.00  0.0    0   M   M   M   M    M   M         M  M
13  67  41  54   4  11   0 0.00  0.0    0   M   M   M   M    M   M         M  M
14  70  39  55   5  10   0 0.00  0.0    0   M   M   M   M    M   M         M  M
15  62  46  54   4  11   0 0.03  0.0    0   M   M   M   M    M   M         M  M
================================================================================
SM  916  653       187   0  0.66     0.0     M          M        M
================================================================================
AV 61.1 43.5                                 M FASTST   M    M   7    MAX(MPH)
                                 MISC ---->     M   M                  M    M
================================================================================
NOTES:
# LAST OF SEVERAL OCCURRENCES

COLUMN 17 PEAK WIND IN M.P.H.

PRELIMINARY LOCAL CLIMATOLOGICAL DATA (WS FORM: F-6) , PAGE 2

                                          STATION:  SEATTLE WA WFO
                                          MONTH:    APRIL
                                          YEAR:     2014
                                          LATITUDE:   47 41 N
                                          LONGITUDE: 122 15 W

[TEMPERATURE DATA]      [PRECIPITATION DATA]       SYMBOLS USED IN COLUMN 16

AVERAGE MONTHLY: 52.3   TOTAL FOR MONTH:   0.66    1 = FOG OR MIST
DPTR FM NORMAL:   2.8   DPTR FM NORMAL:   -0.86    2 = FOG REDUCING VISIBILITY
HIGHEST:    72 ON  7    GRTST 24HR  0.35 ON  8- 8      TO 1/4 MILE OR LESS
LOWEST:     39 ON 14                               3 = THUNDER
                        SNOW, ICE PELLETS, HAIL    4 = ICE PELLETS
                        TOTAL MONTH:   0.0 INCH    5 = HAIL
                        GRTST 24HR     0.0         6 = FREEZING RAIN OR DRIZZLE
                        GRTST DEPTH:   0           7 = DUSTSTORM OR SANDSTORM:
                                                       VSBY 1/2 MILE OR LESS
                                                   8 = SMOKE OR HAZE
[NO. OF DAYS WITH]      [WEATHER - DAYS WITH]      9 = BLOWING SNOW
                                                   X = TORNADO
MAX 32 OR BELOW:   0    0.01 INCH OR MORE:   5
MAX 90 OR ABOVE:   0    0.10 INCH OR MORE:   2
MIN 32 OR BELOW:   0    0.50 INCH OR MORE:   0
MIN  0 OR BELOW:   0    1.00 INCH OR MORE:   0

[HDD (BASE 65) ]
TOTAL THIS MO.   187    CLEAR  (SCALE 0-3)   0
DPTR FM NORMAL   -46    PTCLDY (SCALE 4-7)   0
TOTAL FM JUL 1  3975    CLOUDY (SCALE 8-10)  0
DPTR FM NORMAL     4

[CDD (BASE 65) ]
TOTAL THIS MO.     0
DPTR FM NORMAL     0    [PRESSURE DATA]
TOTAL FM JAN 1     0    HIGHEST SLP M ON M
DPTR FM NORMAL     0    LOWEST  SLP M ON M

[REMARKS]
