000
CXUS54 KHGX 231515
CF6SGR
PRELIMINARY LOCAL CLIMATOLOGICAL DATA (WS FORM: F-6)

                                          STATION:   SUGAR LAND/HULL FLD
                                          MONTH:     FEBRUARY
                                          YEAR:      2017
                                          LATITUDE:   29 37 N
                                          LONGITUDE:  95 39 W

  TEMPERATURE IN F:       :PCPN:    SNOW:  WIND      :SUNSHINE: SKY     :PK WND
================================================================================
1   2   3   4   5  6A  6B    7    8   9   10  11  12  13   14  15   16   17  18
                                     12Z  AVG MX 2MIN
DY MAX MIN AVG DEP HDD CDD  WTR  SNW DPTH SPD SPD DIR MIN PSBL S-S WX    SPD DR
================================================================================

 1  80  54  67  13   0   2 0.00  0.0    0  9.6 21 210   M    M   4 12     28 210
 2  69  53  61   7   4   0 0.00  0.0    0  7.1 18 320   M    M   8 12     23 320
 3  62  51  57   3   8   0 0.00  0.0    0 11.9 20  30   M    M   9        22  30
 4  64  50  57   3   8   0 0.00  0.0    0  9.3 16  80   M    M  10 1      20  80
 5  79  64  72  18   0   7    T  0.0    0 10.5 20 170   M    M   8 1      23 170
 6  81  66  74  20   0   9    T  0.0    0 12.7 23 170   M    M   9        30 200
 7  84  66  75  21   0  10 0.00  0.0    0  9.4 20 230   M    M   5 1      26 230
 8  86  60  73  18   0   8 0.00  0.0    0 11.2 18 350   M    M   5 1      25 360
 9  72  45  59   4   6   0 0.00  0.0    0  8.4 18  20   M    M   0        21  10
10  78  50  64   9   1   0 0.00  0.0    0 10.1 20 160   M    M   8        24 160
11  84  69  77  22   0  12 0.00  0.0    0 13.8 24 180   M    M   8        30 200
12  85  66  76  21   0  11 0.00  0.0    0  6.8 14 180   M    M   6 1      19 190
13  75  65  70  14   0   5    T  0.0    0  9.1 20 130   M    M   9 1      24 140
14  68  51  60   4   5   0 1.25  0.0    0 10.7 32 330   M    M   9 13     45 340
15  63  47  55  -1  10   0 0.00  0.0    0 12.3 22 330   M    M   5        31 330
16  66  38  52  -4  13   0 0.00  0.0    0  2.3  9 140   M    M   0        12 220
17  65  46  56   0   9   0 0.31  0.0    0  4.8 14 110   M    M   4 13     17 110
18  82  54  68  11   0   3 0.00  0.0    0  8.6 16 150   M    M   6 1      22 220
19  78  69  74  17   0   9 0.01  0.0    0 12.7 24 150   M    M  10 1      30 150
20  71  56  64   7   1   0 1.37  0.0    0  7.5 26 290   M    M   8 13     32 290
21  74  52  63   6   2   0 0.00  0.0    0  8.2 18 330   M    M   2 1      24 330
22  81  48  65   8   0   0 0.00  0.0    0  4.4 10 270   M    M   0        13 240
================================================================================
SM 1647 1220        67  76  2.94     0.0 201.4          M      133
================================================================================
AV 74.9 55.5                               9.2 FASTST   M    M   6    MAX(MPH)
                                 MISC ---->  # 32 330               # 45  340
================================================================================
NOTES:
# LAST OF SEVERAL OCCURRENCES

COLUMN 17 PEAK WIND IN M.P.H.

PRELIMINARY LOCAL CLIMATOLOGICAL DATA (WS FORM: F-6) , PAGE 2

                                          STATION:  SUGAR LAND/HULL FLD
                                          MONTH:    FEBRUARY
                                          YEAR:     2017
                                          LATITUDE:   29 37 N
                                          LONGITUDE:  95 39 W

[TEMPERATURE DATA]      [PRECIPITATION DATA]       SYMBOLS USED IN COLUMN 16

AVERAGE MONTHLY: 65.2   TOTAL FOR MONTH:   2.94    1 = FOG OR MIST
DPTR FM NORMAL:   9.8   DPTR FM NORMAL:    0.39    2 = FOG REDUCING VISIBILITY
HIGHEST:    86 ON  8    GRTST 24HR  1.38 ON 19-20      TO 1/4 MILE OR LESS
LOWEST:     38 ON 16                               3 = THUNDER
                        SNOW, ICE PELLETS, HAIL    4 = ICE PELLETS
                        TOTAL MONTH:   0.0 INCH    5 = HAIL
                        GRTST 24HR     0.0         6 = FREEZING RAIN OR DRIZZLE
                        GRTST DEPTH:   0           7 = DUSTSTORM OR SANDSTORM:
                                                       VSBY 1/2 MILE OR LESS
                                                   8 = SMOKE OR HAZE
[NO. OF DAYS WITH]      [WEATHER - DAYS WITH]      9 = BLOWING SNOW
                                                   X = TORNADO
MAX 32 OR BELOW:   0    0.01 INCH OR MORE:   4
MAX 90 OR ABOVE:   0    0.10 INCH OR MORE:   3
MIN 32 OR BELOW:   0    0.50 INCH OR MORE:   2
MIN  0 OR BELOW:   0    1.00 INCH OR MORE:   2

[HDD (BASE 65) ]
TOTAL THIS MO.    67    CLEAR  (SCALE 0-3)   4
DPTR FM NORMAL  -158    PTCLDY (SCALE 4-7)  11
TOTAL FM JUL 1   612    CLOUDY (SCALE 8-10)  7
DPTR FM NORMAL  -563

[CDD (BASE 65) ]
TOTAL THIS MO.    76
DPTR FM NORMAL    61    [PRESSURE DATA]
TOTAL FM JAN 1   138    HIGHEST SLP M ON M
DPTR FM NORMAL   111    LOWEST  SLP 29.70 ON  8

[REMARKS]
