000
CXUS54 KLZK 251130
CF6SGT
PRELIMINARY LOCAL CLIMATOLOGICAL DATA (WS FORM: F-6)

                                          STATION:   Stuttgart Airport
                                          MONTH:     MARCH
                                          YEAR:      2017
                                          LATITUDE:   34 35 N
                                          LONGITUDE:  91 34 W

  TEMPERATURE IN F:       :PCPN:    SNOW:  WIND      :SUNSHINE: SKY     :PK WND
================================================================================
1   2   3   4   5  6A  6B    7    8   9   10  11  12  13   14  15   16   17  18
                                     12Z  AVG MX 2MIN
DY MAX MIN AVG DEP HDD CDD  WTR  SNW DPTH SPD SPD DIR MIN PSBL S-S WX    SPD DR
================================================================================

 1  72  45  59  11   6   0 0.00  0.0    0 16.9 24 180   M    M   2        31 300
 2  57  37  47  -1  18   0 0.00  0.0    0  6.8 13  20   M    M   0         M  M
 3  59  39  49   0  16   0 0.00  0.0    0  8.7 14  60   M    M   0        17  50
 4  70  41  56   7   9   0 0.00  0.0    0 10.2 16 160   M    M   2        21 180
 5  61  50  56   7   9   0 0.21  0.0    0 11.7 17 140   M    M  10        21 140
 6  73  54  64  14   1   0 0.11  0.0    0 19.6 25 170   M    M  10        32 170
 7  66  48  57   7   8   0 0.97    M    0 12.9 27 340   M    M   5 3      37 170
 8  66  43  55   5  10   0 0.00  0.0    0  6.1  9 140   M    M   0         M  M
 9  75  50  63  12   2   0 0.00  0.0    0  9.7 15 210   M    M   6        20 190
10  64  45  55   4  10   0 0.35    M    0 15.7 28  10   M    M   1 3      35  10
11  46  36  41 -10  24   0 0.07    M    0 16.9 22  40   M    M  10        27  20
12  52  32  42  -9  23   0 0.00  0.0    0 11.0 20  20   M    M   1        25  20
13  52  37  45  -7  20   0 0.21    M    0 10.3 22 320   M    M   8        25 340
14  43  34  39 -13  26   0 0.00  0.0    0 11.7 18 350   M    M  10        20 330
15  43  30  37 -15  28   0 0.00  0.0    0  8.1 15  50   M    M   2         M  M
16  52  39  46  -7  19   0 0.00  0.0    0  9.8 15 140   M    M   9        20 140
17  75  50  63  10   2   0 0.00  0.0    0 13.6 22 210   M    M   9        28 180
18  75  57  66  13   0   1 0.00  0.0    0  7.5 14  20   M    M   3        17  10
19  73  48  61   8   4   0 0.00  0.0    0  7.9 12 120   M    M   4        18 100
20  84  61  73  19   0   8 0.00  0.0    0 12.8 22 230   M    M   1        30 230
21  88  55  72  18   0   7 0.00  0.0    0 11.7 20  30   M    M   0        24  30
22  64  48  56   2   9   0 0.00  0.0    0 14.8 21  30   M    M   4        25  20
23  82  48  65  10   0   0 0.00  0.0    0 10.4 17 160   M    M   1        18 140
24  77  64  71  16   0   6 0.69  0.0    0 18.5 30 160   M    M   4 3      37 160
================================================================================
SM 1569 1091       244  22  2.61     0.0 283.3          M      102
================================================================================
AV 65.4 45.5                              11.8 FASTST   M    M   4    MAX(MPH)
                                 MISC ---->    30   M                 37    M
================================================================================
NOTES:
# LAST OF SEVERAL OCCURRENCES

COLUMN 17 PEAK WIND IN M.P.H.

PRELIMINARY LOCAL CLIMATOLOGICAL DATA (WS FORM: F-6) , PAGE 2

                                          STATION:  Stuttgart Airport
                                          MONTH:    MARCH
                                          YEAR:     2017
                                          LATITUDE:   34 35 N
                                          LONGITUDE:  91 34 W

[TEMPERATURE DATA]      [PRECIPITATION DATA]       SYMBOLS USED IN COLUMN 16

AVERAGE MONTHLY: 55.4   TOTAL FOR MONTH:   2.61    1 = FOG OR MIST
DPTR FM NORMAL:   3.9   DPTR FM NORMAL:   -1.19    2 = FOG REDUCING VISIBILITY
HIGHEST:    88 ON 21    GRTST 24HR  0.97 ON  7- 7      TO 1/4 MILE OR LESS
LOWEST:     30 ON 15                               3 = THUNDER
                        SNOW, ICE PELLETS, HAIL    4 = ICE PELLETS
                        TOTAL MONTH:   0.0 INCH    5 = HAIL
                        GRTST 24HR     0.0         6 = FREEZING RAIN OR DRIZZLE
                        GRTST DEPTH:   0           7 = DUSTSTORM OR SANDSTORM:
                                                       VSBY 1/2 MILE OR LESS
                                                   8 = SMOKE OR HAZE
[NO. OF DAYS WITH]      [WEATHER - DAYS WITH]      9 = BLOWING SNOW
                                                   X = TORNADO
MAX 32 OR BELOW:   0    0.01 INCH OR MORE:   7
MAX 90 OR ABOVE:   0    0.10 INCH OR MORE:   6
MIN 32 OR BELOW:   2    0.50 INCH OR MORE:   2
MIN  0 OR BELOW:   0    1.00 INCH OR MORE:   0

[HDD (BASE 65) ]
TOTAL THIS MO.   244    CLEAR  (SCALE 0-3)  11
DPTR FM NORMAL   -86    PTCLDY (SCALE 4-7)   6
TOTAL FM JUL 1  1884    CLOUDY (SCALE 8-10)  7
DPTR FM NORMAL -1055

[CDD (BASE 65) ]
TOTAL THIS MO.    22
DPTR FM NORMAL    22    [PRESSURE DATA]
TOTAL FM JAN 1    43    HIGHEST SLP M ON M
DPTR FM NORMAL    43    LOWEST  SLP M ON M

[REMARKS]
