000
CXUS55 KBYZ 241534
CF6SHR
PRELIMINARY LOCAL CLIMATOLOGICAL DATA (WS FORM: F-6)

                                          STATION:   SHERIDAN WY
                                          MONTH:     MAY
                                          YEAR:      2017
                                          LATITUDE:   44 46 N
                                          LONGITUDE: 106 58 W

  TEMPERATURE IN F:       :PCPN:    SNOW:  WIND      :SUNSHINE: SKY     :PK WND
================================================================================
1   2   3   4   5  6A  6B    7    8   9   10  11  12  13   14  15   16   17  18
                                     12Z  AVG MX 2MIN
DY MAX MIN AVG DEP HDD CDD  WTR  SNW DPTH SPD SPD DIR MIN PSBL S-S WX    SPD DR
================================================================================

 1  53  36  45  -3  20   0 0.02    M    M 15.8 36 310   M    M   8        43 310
 2  54  37  46  -2  19   0 0.01    M    M  8.2 33 320   M    M  10        43 320
 3  61  34  48  -1  17   0 0.00    M    M  6.9 21 290   M    M   1        27 290
 4  74  37  56   7   9   0 0.00    M    M  4.0 17 320   M    M   2        21  10
 5  81  39  60  11   5   0 0.00    M    M  5.8 17 120   M    M   0        24 140
 6  88  42  65  15   0   0 0.00    M    M  5.4 16 270   M    M   0        21 130
 7  76  50  63  13   2   0 0.14    M    M  8.1 29 310   M    M   1 3      38 300
 8  57  45  51   1  14   0 0.00    M    M  6.9 22 320   M    M   9        27 320
 9  60  40  50   0  15   0 0.02    M    M  4.2 12 340   M    M   6        17 360
10  68  36  52   1  13   0 0.00    M    M  4.3 13  90   M    M   0 12     17 110
11  78  37  58   7   7   0 0.00    M    M  2.8  9 210   M    M   0        12  90
12  87  42  65  14   0   0 0.00    M    M  5.9 18 220   M    M   0        23 140
13  67  43  55   3  10   0 0.03    M    M 10.5 29 300   M    M   7 13     38 330
14  68  33  51  -1  14   0 0.02    M    M  7.0 17 140   M    M   2        24 110
15  68  42  55   3  10   0 0.04    M    M  9.9 23 320   M    M   4 3      29 320
16  65  38  52   0  13   0    T    M    M  5.4 15 140   M    M   2        21 140
17  62  36  49  -4  16   0 1.60    M    M  5.8 21 110   M    M   7 13     29 120
18  50  40  45  -8  20   0 0.22    M    M  5.0 13 170   M    M   9 1      16 180
19  53  33  43 -10  22   0 0.00    M    M  5.0 14 140   M    M   8        18 110
20  65  30  48  -6  17   0 0.00    M    M  7.1 22 320   M    M   3        26 320
21  64  43  54   0  11   0 0.00    M    M 12.4 31 340   M    M   5        37 330
22  61  39  50  -4  15   0 0.08    M    M 10.8 24 320   M    M   6 3      30 330
23  67  36  52  -2  13   0 0.00    M    M  3.8 10 170   M    M   2        14  40
================================================================================
SM 1527  888       282   0  2.18    M    161.0          M       92
================================================================================
AV 66.4 38.6                               7.0 FASTST   M    M   4    MAX(MPH)
                                 MISC ---->  # 36 310               # 43  310
================================================================================
NOTES:
# LAST OF SEVERAL OCCURRENCES

COLUMN 17 PEAK WIND IN M.P.H.

PRELIMINARY LOCAL CLIMATOLOGICAL DATA (WS FORM: F-6) , PAGE 2

                                          STATION:  SHERIDAN WY
                                          MONTH:    MAY
                                          YEAR:     2017
                                          LATITUDE:   44 46 N
                                          LONGITUDE: 106 58 W

[TEMPERATURE DATA]      [PRECIPITATION DATA]       SYMBOLS USED IN COLUMN 16

AVERAGE MONTHLY: 52.5   TOTAL FOR MONTH:   2.18    1 = FOG OR MIST
DPTR FM NORMAL:   1.2   DPTR FM NORMAL:    0.44    2 = FOG REDUCING VISIBILITY
HIGHEST:    88 ON  6    GRTST 24HR  1.60 ON 17-17      TO 1/4 MILE OR LESS
LOWEST:     30 ON 20                               3 = THUNDER
                        SNOW, ICE PELLETS, HAIL    4 = ICE PELLETS
                        TOTAL MONTH:    M          5 = HAIL
                        GRTST 24HR    M  ON   M    6 = FREEZING RAIN OR DRIZZLE
                        GRTST DEPTH:  M  ON   M    7 = DUSTSTORM OR SANDSTORM:
                                                       VSBY 1/2 MILE OR LESS
                                                   8 = SMOKE OR HAZE
[NO. OF DAYS WITH]      [WEATHER - DAYS WITH]      9 = BLOWING SNOW
                                                   X = TORNADO
MAX 32 OR BELOW:   0    0.01 INCH OR MORE:  10
MAX 90 OR ABOVE:   0    0.10 INCH OR MORE:   3
MIN 32 OR BELOW:   1    0.50 INCH OR MORE:   1
MIN  0 OR BELOW:   0    1.00 INCH OR MORE:   1

[HDD (BASE 65) ]
TOTAL THIS MO.   282    CLEAR  (SCALE 0-3)  12
DPTR FM NORMAL   -35    PTCLDY (SCALE 4-7)   8
TOTAL FM JUL 1  7150    CLOUDY (SCALE 8-10)  3
DPTR FM NORMAL  -268

[CDD (BASE 65) ]
TOTAL THIS MO.     0
DPTR FM NORMAL     0    [PRESSURE DATA]
TOTAL FM JAN 1     0    HIGHEST SLP M ON M
DPTR FM NORMAL     0    LOWEST  SLP 29.43 ON 13

[REMARKS]
