000
CXUS55 KBYZ 231056
CF6SHR
PRELIMINARY LOCAL CLIMATOLOGICAL DATA (WS FORM: F-6)

                                          STATION:   SHERIDAN WY
                                          MONTH:     JANUARY
                                          YEAR:      2018
                                          LATITUDE:   44 46 N
                                          LONGITUDE: 106 58 W

  TEMPERATURE IN F:       :PCPN:    SNOW:  WIND      :SUNSHINE: SKY     :PK WND
================================================================================
1   2   3   4   5  6A  6B    7    8   9   10  11  12  13   14  15   16   17  18
                                     12Z  AVG MX 2MIN
DY MAX MIN AVG DEP HDD CDD  WTR  SNW DPTH SPD SPD DIR MIN PSBL S-S WX    SPD DR
================================================================================

 1   7 -19  -6 -29  71   0 0.00    M    M  2.5 14 300   M    M   0 18     15 300
 2  37  -7  15  -8  50   0 0.00    M    M  3.5 20 280   M    M   0        22 280
 3  40  13  27   4  38   0 0.00    M    M  4.3 13 300   M    M   4        17 300
 4  41  19  30   7  35   0 0.00    M    M  1.5 13 330   M    M   1        15 330
 5  42  18  30   7  35   0 0.00    M    M  1.5  8 190   M    M   7         8 190
 6  49  26  38  15  27   0 0.01    M    M  4.7 20 300   M    M   3        23 280
 7  47  20  34  11  31   0 0.00    M    M  4.5 13 290   M    M   2        16 310
 8  36  17  27   4  38   0 0.00    M    M  2.6  9 210   M    M   0        10 190
 9  43  23  33   9  32   0 0.00    M    M  2.6 12 340   M    M   2        14 340
10  41   2  22  -2  43   0 0.11    M    M 12.6 36 310   M    M   9 12     45 310
11   9   3   6 -18  59   0 0.00    M    M  3.4  8 310   M    M  10        10 340
12  13   4   9 -15  56   0 0.12    M    M  4.2 20 300   M    M   M 18     22 290
13  40  12  26   2  39   0    T    M    M  5.4 17 350   M    M  10 1      21 320
14  42  19  31   7  34   0 0.18    M    M 13.0 28 320   M    M   6 1      34 310
15  19 -15   2 -22  63   0    T    M    M  3.3 20 340   M    M   3 18     23 330
16  17 -15   1 -23  64   0 0.00    M    M  1.8 13 190   M    M   0 18     13 200
17  46   7  27   3  38   0 0.00    M    M  3.8 10 200   M    M   0        11 190
18  55  23  39  15  26   0 0.00    M    M  4.2 14 200   M    M   0        18 130
19  54  33  44  20  21   0 0.03    M    M  8.6 31 310   M    M   8 1      40 310
20  33  24  29   5  36   0 0.03    M    M  3.8 13 210   M    M   9 1      15 300
21  38  11  25   1  40   0 0.00    M    M  3.2 13 320   M    M   2        15 320
22  36   5  21  -3  44   0 0.00    M    M  2.6 12 310   M    M   3        14 280
================================================================================
SM  785  223       920   0  0.48    M     97.6          M       79
================================================================================
AV 35.7 10.1                               4.4 FASTST   M    M   4    MAX(MPH)
                                 MISC ---->  # 36 310               # 45  310
================================================================================
NOTES:
# LAST OF SEVERAL OCCURRENCES

COLUMN 17 PEAK WIND IN M.P.H.

PRELIMINARY LOCAL CLIMATOLOGICAL DATA (WS FORM: F-6) , PAGE 2

                                          STATION:  SHERIDAN WY
                                          MONTH:    JANUARY
                                          YEAR:     2018
                                          LATITUDE:   44 46 N
                                          LONGITUDE: 106 58 W

[TEMPERATURE DATA]      [PRECIPITATION DATA]       SYMBOLS USED IN COLUMN 16

AVERAGE MONTHLY: 22.9   TOTAL FOR MONTH:   0.48    1 = FOG OR MIST
DPTR FM NORMAL:  -0.7   DPTR FM NORMAL:    0.10    2 = FOG REDUCING VISIBILITY
HIGHEST:    55 ON 18    GRTST 24HR  0.18 ON 14-14      TO 1/4 MILE OR LESS
LOWEST:    -19 ON  1                               3 = THUNDER
                        SNOW, ICE PELLETS, HAIL    4 = ICE PELLETS
                        TOTAL MONTH:    M          5 = HAIL
                        GRTST 24HR    M  ON   M    6 = FREEZING RAIN OR DRIZZLE
                        GRTST DEPTH:  M  ON   M    7 = DUSTSTORM OR SANDSTORM:
                                                       VSBY 1/2 MILE OR LESS
                                                   8 = SMOKE OR HAZE
[NO. OF DAYS WITH]      [WEATHER - DAYS WITH]      9 = BLOWING SNOW
                                                   X = TORNADO
MAX 32 OR BELOW:   5    0.01 INCH OR MORE:   6
MAX 90 OR ABOVE:   0    0.10 INCH OR MORE:   3
MIN 32 OR BELOW:  21    0.50 INCH OR MORE:   0
MIN  0 OR BELOW:   4    1.00 INCH OR MORE:   0

[HDD (BASE 65) ]
TOTAL THIS MO.   920    CLEAR  (SCALE 0-3)  11
DPTR FM NORMAL     9    PTCLDY (SCALE 4-7)   5
TOTAL FM JUL 1  3983    CLOUDY (SCALE 8-10)  5
DPTR FM NORMAL  -111

[CDD (BASE 65) ]
TOTAL THIS MO.     0
DPTR FM NORMAL     0    [PRESSURE DATA]
TOTAL FM JAN 1     0    HIGHEST SLP M ON M
DPTR FM NORMAL     0    LOWEST  SLP 29.46 ON 10

[REMARKS]
