643
CXUS56 KMTR 271000
CF6SJC
PRELIMINARY LOCAL CLIMATOLOGICAL DATA (WS FORM: F-6)

                                          STATION:   SAN JOSE AIRPORT
                                          MONTH:     APRIL
                                          YEAR:      2017
                                          LATITUDE:   37 21 N
                                          LONGITUDE: 121 55 W

  TEMPERATURE IN F:       :PCPN:    SNOW:  WIND      :SUNSHINE: SKY     :PK WND
================================================================================
1   2   3   4   5  6A  6B    7    8   9   10  11  12  13   14  15   16   17  18
                                     12Z  AVG MX 2MIN
DY MAX MIN AVG DEP HDD CDD  WTR  SNW DPTH SPD SPD DIR MIN PSBL S-S WX    SPD DR
================================================================================

 1  79  49  64   7   1   0 0.00  0.0    0  5.0 15 280   M    M   4        22 280
 2  78  51  65   8   0   0 0.00  0.0    0  6.4 18 300   M    M   2        22 310
 3  73  50  62   5   3   0 0.00  0.0    0  7.0 18 310   M    M   2 8      23 320
 4  74  46  60   2   5   0 0.00  0.0    0  5.4 15 290   M    M   6        20 290
 5  77  53  65   7   0   0 0.00  0.0    0  5.4 22 300   M    M   7        24 300
 6  70  51  61   3   4   0 0.21  0.0    0 13.0 37 120   M    M   8        54 110
 7  65  52  59   1   6   0 0.49  0.0    0 11.2 22 160   M    M  10 1      27 180
 8  58  46  52  -6  13   0 0.13  0.0    0  7.2 22 300   M    M   6 1      31 300
 9  65  41  53  -5  12   0 0.00  0.0    0  5.8 18 320   M    M   4        23 310
10  69  41  55  -3  10   0 0.00  0.0    0  6.7 20 320   M    M   6        25 330
11  69  55  62   4   3   0    T  0.0    0 11.5 22 180   M    M   8        28 150
12  68  56  62   4   3   0 0.03  0.0    0 12.1 23 170   M    M   8        31 160
13  64  49  57  -1   8   0 0.30    M    0 10.4 21 310   M    M   7 18     26 310
14  64  45  55  -4  10   0 0.00  0.0    0  9.1 21 310   M    M   3        24 300
15  71  44  58  -1   7   0 0.00  0.0    0  3.9 15 300   M    M   6        18 290
16  62  53  58  -1   7   0 0.24  0.0    0  9.2 21 180   M    M   8        25 190
17  66  56  61   2   4   0 0.07  0.0    0  4.6 14 160   M    M   9 18     17 140
18  69  51  60   1   5   0 0.09  0.0    0  5.3 21 310   M    M   7 18     26 330
19  72  46  59   0   6   0 0.00  0.0    0  6.3 20 320   M    M   3        24 320
20  69  54  62   2   3   0 0.12  0.0    0  8.2 20 300   M    M   4 1      28 320
21  77  50  64   4   1   0 0.00  0.0    0  5.7 17 320   M    M   2        20 340
22  69  50  60   0   5   0 0.00  0.0    0  7.7 20 310   M    M   5        23 310
23  68  52  60   0   5   0 0.00  0.0    0 10.7 21 320   M    M   5        26 320
24  64  52  58  -2   7   0    T  0.0    0  7.4 18 280   M    M   8        21 320
25  67  51  59  -1   6   0    T  0.0    0 10.6 22 290   M    M   7        28 300
26  69  57  63   3   2   0 0.00  0.0    0  8.0 22 310   M    M   9        25 310
================================================================================
SM 1796 1301       136   0  1.68     0.0 203.8          M      154
================================================================================
AV 69.1 50.0                               7.8 FASTST   M    M   6    MAX(MPH)
                                 MISC ---->  # 37 120               # 54  110
================================================================================
NOTES:
# LAST OF SEVERAL OCCURRENCES

COLUMN 17 PEAK WIND IN M.P.H.

PRELIMINARY LOCAL CLIMATOLOGICAL DATA (WS FORM: F-6) , PAGE 2

                                          STATION:  SAN JOSE AIRPORT
                                          MONTH:    APRIL
                                          YEAR:     2017
                                          LATITUDE:   37 21 N
                                          LONGITUDE: 121 55 W

[TEMPERATURE DATA]      [PRECIPITATION DATA]       SYMBOLS USED IN COLUMN 16

AVERAGE MONTHLY: 59.6   TOTAL FOR MONTH:   1.68    1 = FOG OR MIST
DPTR FM NORMAL:   0.9   DPTR FM NORMAL:    0.61    2 = FOG REDUCING VISIBILITY
HIGHEST:    79 ON  1    GRTST 24HR  0.49 ON  7- 7      TO 1/4 MILE OR LESS
LOWEST:     41 ON 10, 9                            3 = THUNDER
                        SNOW, ICE PELLETS, HAIL    4 = ICE PELLETS
                        TOTAL MONTH:   0.0 INCH    5 = HAIL
                        GRTST 24HR     0.0         6 = FREEZING RAIN OR DRIZZLE
                        GRTST DEPTH:   0           7 = DUSTSTORM OR SANDSTORM:
                                                       VSBY 1/2 MILE OR LESS
                                                   8 = SMOKE OR HAZE
[NO. OF DAYS WITH]      [WEATHER - DAYS WITH]      9 = BLOWING SNOW
                                                   X = TORNADO
MAX 32 OR BELOW:   0    0.01 INCH OR MORE:   9
MAX 90 OR ABOVE:   0    0.10 INCH OR MORE:   6
MIN 32 OR BELOW:   0    0.50 INCH OR MORE:   0
MIN  0 OR BELOW:   0    1.00 INCH OR MORE:   0

[HDD (BASE 65) ]
TOTAL THIS MO.   136    CLEAR  (SCALE 0-3)   4
DPTR FM NORMAL   -40    PTCLDY (SCALE 4-7)  19
TOTAL FM JUL 1  1782    CLOUDY (SCALE 8-10)  3
DPTR FM NORMAL  -335

[CDD (BASE 65) ]
TOTAL THIS MO.     0
DPTR FM NORMAL    -9    [PRESSURE DATA]
TOTAL FM JAN 1     2    HIGHEST SLP M ON M
DPTR FM NORMAL    -9    LOWEST  SLP 29.70 ON  6

[REMARKS]
