000
CXUS53 KICT 010829
CF6SLN
PRELIMINARY LOCAL CLIMATOLOGICAL DATA (WS FORM: F-6)

                                          STATION:   SALINA KS
                                          MONTH:     JULY
                                          YEAR:      2015
                                          LATITUDE:   38 47 N
                                          LONGITUDE:  97 39 W

  TEMPERATURE IN F:       :PCPN:    SNOW:  WIND      :SUNSHINE: SKY     :PK WND
================================================================================
1   2   3   4   5  6A  6B    7    8   9   10  11  12  13   14  15   16   17  18
                                     12Z  AVG MX 2MIN
DY MAX MIN AVG DEP HDD CDD  WTR  SNW DPTH SPD SPD DIR MIN PSBL S-S WX    SPD DR
================================================================================

 1  97  78  88   8   0  23    T    M    M  8.1 20 210   M    M   0        27 220
 2  85  69  77  -3   0  12 0.08    M    M  7.0 17  60   M    M   5 1      22  70
 3  86  65  76  -4   0  11 0.00    M    M  8.7 17  20   M    M   4 18     22  10
 4  92  62  77  -3   0  12 0.00    M    M  8.1 17 140   M    M   0        23 130
 5 103  76  90   9   0  25 0.00    M    M 15.5 28 210   M    M   0        33 190
 6  93  71  82   1   0  17 0.22    M    M 14.3 30 330   M    M   5 138    39 310
 7  77  63  70 -11   0   5 0.00    M    M 12.1 22  30   M    M   3 8      28  20
 8  82  57  70 -11   0   5 0.00    M    M  6.1 12  30   M    M   2        21  30
 9  85  64  75  -6   0  10    T    M    M  7.4 18 160   M    M   3 18     22 160
10  85  69  77  -4   0  12 1.49    M    M 11.8 23 240   M    M   4 13     32 250
11  95  74  85   4   0  20 0.00    M    M 13.8 23 170   M    M   0        33 200
12  99  75  87   6   0  22 0.00    M    M 11.8 22 190   M    M   0        29 190
13 105  75  90   9   0  25 0.00    M    M  8.4 21  20   M    M   0        26  10
14  96  72  84   3   0  19 0.29    M    M 10.4 43 240   M    M   0 3      50 240
15  96  72  84   3   0  19 0.04    M    M 10.9 39 300   M    M   2 3      52 290
16  99  74  87   5   0  22 0.00    M    M  7.7 20 200   M    M   1        24 190
17  99  74  87   5   0  22    T    M    M 13.6 46 220   M    M   1 3      57 220
18 103  78  91   9   0  26 0.00    M    M  9.9 32 210   M    M   0        40 210
19  94  72  83   1   0  18 0.49    M    M  6.2 38 300   M    M   1 13     48 290
20  94  75  85   3   0  20 0.01    M    M  7.6 18  30   M    M   2        23  30
21  86  67  77  -5   0  12 0.00    M    M  7.9 16  90   M    M   0        22 100
22  88  67  78  -4   0  13 0.00    M    M  9.4 14 110   M    M   4        18 120
23  97  73  85   3   0  20 0.00    M    M  8.7 16 130   M    M   1        21 110
24 107  75  91   9   0  26 0.00    M    M 11.2 31 360   M    M   0 3      37 360
25 102  81  92  11   0  27    T    M    M 10.0 25  20   M    M   0        29  10
26  99  73  86   5   0  21 0.35    M    M  7.1 15 170   M    M   2 38     19 170
27  98  73  86   5   0  21 0.17    M    M 12.0 24 300   M    M   1 13     31 310
28 103  78  91  10   0  26 0.00    M    M 16.0 28 350   M    M   1 3      35 190
29  84  66  75  -6   0  10 0.72    M    M  9.6 26  40   M    M   4 13     36  40
30  89  68  79  -2   0  14 0.00    M    M  5.4 13 130   M    M   2        17 140
31  93  67  80  -1   0  15 0.00    M    M  4.0 13 160   M    M   1        16 170
================================================================================
SM 2911 2203         0 550  3.86    M    300.7          M       49
================================================================================
AV 93.9 71.1                               9.7 FASTST   M    M   2    MAX(MPH)
                                 MISC ---->  # 46 220               # 57  220
================================================================================
NOTES:
# LAST OF SEVERAL OCCURRENCES

COLUMN 17 PEAK WIND IN M.P.H.

PRELIMINARY LOCAL CLIMATOLOGICAL DATA (WS FORM: F-6) , PAGE 2

                                          STATION:  SALINA KS
                                          MONTH:    JULY
                                          YEAR:     2015
                                          LATITUDE:   38 47 N
                                          LONGITUDE:  97 39 W

[TEMPERATURE DATA]      [PRECIPITATION DATA]       SYMBOLS USED IN COLUMN 16

AVERAGE MONTHLY: 82.5   TOTAL FOR MONTH:   3.86    1 = FOG OR MIST
DPTR FM NORMAL:   1.4   DPTR FM NORMAL:   -0.43    2 = FOG REDUCING VISIBILITY
HIGHEST:   107 ON 24    GRTST 24HR  1.49 ON 10-10      TO 1/4 MILE OR LESS
LOWEST:     57 ON  8                               3 = THUNDER
                        SNOW, ICE PELLETS, HAIL    4 = ICE PELLETS
                        TOTAL MONTH:    M          5 = HAIL
                        GRTST 24HR    M  ON   M    6 = FREEZING RAIN OR DRIZZLE
                        GRTST DEPTH:  M  ON   M    7 = DUSTSTORM OR SANDSTORM:
                                                       VSBY 1/2 MILE OR LESS
                                                   8 = SMOKE OR HAZE
[NO. OF DAYS WITH]      [WEATHER - DAYS WITH]      9 = BLOWING SNOW
                                                   X = TORNADO
MAX 32 OR BELOW:   0    0.01 INCH OR MORE:  10
MAX 90 OR ABOVE:  21    0.10 INCH OR MORE:   7
MIN 32 OR BELOW:   0    0.50 INCH OR MORE:   2
MIN  0 OR BELOW:   0    1.00 INCH OR MORE:   1

[HDD (BASE 65) ]
TOTAL THIS MO.     0    CLEAR  (SCALE 0-3)  25
DPTR FM NORMAL     0    PTCLDY (SCALE 4-7)   6
TOTAL FM JUL 1     0    CLOUDY (SCALE 8-10)  0
DPTR FM NORMAL     0

[CDD (BASE 65) ]
TOTAL THIS MO.   550
DPTR FM NORMAL    49    [PRESSURE DATA]
TOTAL FM JAN 1  1080    HIGHEST SLP 30.22 ON 30
DPTR FM NORMAL   126    LOWEST  SLP 29.67 ON 17

[REMARKS]
#FINAL-07-15#
