000
CXUS53 KICT 220800
CF6SLN
PRELIMINARY LOCAL CLIMATOLOGICAL DATA (WS FORM: F-6)

                                          STATION:   SALINA KS
                                          MONTH:     AUGUST
                                          YEAR:      2014
                                          LATITUDE:   38 47 N
                                          LONGITUDE:  97 39 W

  TEMPERATURE IN F:       :PCPN:    SNOW:  WIND      :SUNSHINE: SKY     :PK WND
================================================================================
1   2   3   4   5  6A  6B    7    8   9   10  11  12  13   14  15   16   17  18
                                     12Z  AVG MX 2MIN
DY MAX MIN AVG DEP HDD CDD  WTR  SNW DPTH SPD SPD DIR MIN PSBL S-S WX    SPD DR
================================================================================

 1  95  61  78  -3   0  13 0.00    M    M 10.0 24 360   M    M   0        33  10
 2  94  60  77  -4   0  12 0.00    M    M  5.7 16 200   M    M   0 1      18 200
 3  97  67  82   1   0  17 0.00    M    M 10.8 22 200   M    M   1        29 210
 4  98  71  85   4   0  20 0.00    M    M  9.1 17 200   M    M   2        22 210
 5 100  70  85   4   0  20 0.00    M    M 12.7 22 170   M    M   0        33 170
 6 100  73  87   6   0  22 0.00    M    M 10.7 22 200   M    M   1        27 190
 7  91  71  81   0   0  16    T    M    M  6.1 14 310   M    M   5 18     17  50
 8  94  72  83   2   0  18 0.01    M    M  6.5 17 130   M    M   4        21 130
 9  97  70  84   3   0  19 0.47    M    M  9.6 33 300   M    M   3 13     43 300
10  88  68  78  -3   0  13 0.42    M    M  8.1 22 330   M    M   4 13     25 340
11  88  65  77  -3   0  12 0.00    M    M 11.1 24 350   M    M   1        30 360
12  87  59  73  -7   0   8 0.00    M    M  6.1 14 340   M    M   1        17  30
13  91  59  75  -5   0  10 0.00    M    M  6.7 13 150   M    M   0        17 170
14  94  66  80   0   0  15 0.00    M    M 13.4 23 150   M    M   0        30 170
15  86  75  81   1   0  16 0.42    M    M  8.8 20 200   M    M   3 3      24 210
16  93  70  82   2   0  17 0.00    M    M  6.5 13  20   M    M   1 3      19  20
17  95  67  81   1   0  16 0.72    M    M  7.1 52 320   M    M   0 13     62 330
18  94  66  80   0   0  15 0.03    M    M  7.2 36 280   M    M   0 3      49 270
19  97  67  82   2   0  17    T    M    M  9.1 20 190   M    M   1 3      24  20
20  97  72  85   6   0  20 0.00    M    M 15.0 26 160   M    M   0        35 160
21 101  77  89  10   0  24 0.00    M    M 15.6 25 190   M    M   1        33 190
================================================================================
SM 1977 1426         0 340  2.07    M    195.9          M       28
================================================================================
AV 94.1 67.9                               9.3 FASTST   M    M   1    MAX(MPH)
                                 MISC ---->  # 52 320               # 62  330
================================================================================
NOTES:
# LAST OF SEVERAL OCCURRENCES

COLUMN 17 PEAK WIND IN M.P.H.

PRELIMINARY LOCAL CLIMATOLOGICAL DATA (WS FORM: F-6) , PAGE 2

                                          STATION:  SALINA KS
                                          MONTH:    AUGUST
                                          YEAR:     2014
                                          LATITUDE:   38 47 N
                                          LONGITUDE:  97 39 W

[TEMPERATURE DATA]      [PRECIPITATION DATA]       SYMBOLS USED IN COLUMN 16

AVERAGE MONTHLY: 81.0   TOTAL FOR MONTH:   2.07    1 = FOG OR MIST
DPTR FM NORMAL:   0.6   DPTR FM NORMAL:   -0.67    2 = FOG REDUCING VISIBILITY
HIGHEST:   101 ON 21    GRTST 24HR  0.89 ON  9-10      TO 1/4 MILE OR LESS
LOWEST:     59 ON 13,12                            3 = THUNDER
                        SNOW, ICE PELLETS, HAIL    4 = ICE PELLETS
                        TOTAL MONTH:    M          5 = HAIL
                        GRTST 24HR    M  ON   M    6 = FREEZING RAIN OR DRIZZLE
                        GRTST DEPTH:  M  ON   M    7 = DUSTSTORM OR SANDSTORM:
                                                       VSBY 1/2 MILE OR LESS
                                                   8 = SMOKE OR HAZE
[NO. OF DAYS WITH]      [WEATHER - DAYS WITH]      9 = BLOWING SNOW
                                                   X = TORNADO
MAX 32 OR BELOW:   0    0.01 INCH OR MORE:   6
MAX 90 OR ABOVE:  17    0.10 INCH OR MORE:   4
MIN 32 OR BELOW:   0    0.50 INCH OR MORE:   1
MIN  0 OR BELOW:   0    1.00 INCH OR MORE:   0

[HDD (BASE 65) ]
TOTAL THIS MO.     0    CLEAR  (SCALE 0-3)  18
DPTR FM NORMAL     0    PTCLDY (SCALE 4-7)   3
TOTAL FM JUL 1     0    CLOUDY (SCALE 8-10)  0
DPTR FM NORMAL     0

[CDD (BASE 65) ]
TOTAL THIS MO.   340
DPTR FM NORMAL    16    [PRESSURE DATA]
TOTAL FM JAN 1  1372    HIGHEST SLP M ON M
DPTR FM NORMAL    94    LOWEST  SLP 29.73 ON M

[REMARKS]
