000
CXAK56 PAFC 180342
CF6SNP

PRELIMINARY LOCAL CLIMATOLOGICAL DATA (WS FORM: F-6)

                                          STATION:   SAINT PAUL ISLAND
                                          MONTH:     NOVEMBER
                                          YEAR:      2016
                                          LATITUDE:   57  9 N
                                          LONGITUDE: 170 13 W

  TEMPERATURE IN F:       :PCPN:    SNOW:  WIND      :SUNSHINE: SKY     :PK WND
================================================================================
1   2   3   4   5  6A  6B    7    8   9   10  11  12  13   14  15   16   17  18
                                     12Z  AVG MX 2MIN
DY MAX MIN AVG DEP HDD CDD  WTR  SNW DPTH SPD SPD DIR MIN PSBL S-S WX    SPD DR
================================================================================

 1  43  35  39   3  26   0 0.17  0.0    0 15.6 25 280   M    M   6 1      33 270
 2  40  33  37   2  28   0 0.14  0.0    0  9.9 21 320   M    M   3 1      25 330
 3  44  30  37   2  28   0 0.01    T    0  8.1 14 180   M    M   4 8      18 180
 4  41  28  35   0  30   0    T  0.0    0  7.9 15  80   M    M   4        19  90
 5  41  30  36   1  29   0 0.06    T    0 14.6 26 360   M    M   7 1      31 360
 6  40  29  35   0  30   0 0.03    T    0 15.7 37 350   M    M   7 48     38 330
 7  38  28  33  -1  32   0 0.45    T    0 28.0 44  70   M    M  10 1      56  70
 8  37  34  36   2  29   0 0.11    T    0 29.9 44  60   M    M  10 1      54  70
 9  38  32  35   1  30   0 0.15  0.3    0 24.3 35 350   M    M  10 125    46 360
10  36  31  34   0  31   0 0.11  1.0    1 26.3 40  10   M    M   6 158    50 360
11  36  30  33  -1  32   0 0.19  1.8    2 29.3 44 350   M    M   9 159    53 350
12  38  34  36   2  29   0 0.36  0.2    0 27.7 43  10   M    M  10 145    52 360
13  37  28  33   0  32   0 0.14    T    0 34.0 45 360   M    M  10 18     58 360
14  33  14  24  -9  41   0 0.08  0.6    1 14.1 31 340   M    M   5 158    41 340
15  40  31  36   3  29   0    T  0.0    0 21.4 30 150   M    M   6        32 150
16  42  39  41   8  24   0 0.03  0.0    0 20.1 28 150   M    M   9        34 170
================================================================================
SM  624  486       480   0  2.03     3.9 326.9          M      116
================================================================================
AV 39.0 30.4                              20.4 FASTST   M    M   7    MAX(MPH)
                                 MISC ---->  # 45 360               # 58  360
================================================================================
NOTES:
# LAST OF SEVERAL OCCURRENCES

COLUMN 17 PEAK WIND IN M.P.H.

PRELIMINARY LOCAL CLIMATOLOGICAL DATA (WS FORM: F-6) , PAGE 2

                                          STATION:  SAINT PAUL ISLAND
                                          MONTH:    NOVEMBER
                                          YEAR:     2016
                                          LATITUDE:   57  9 N
                                          LONGITUDE: 170 13 W

[TEMPERATURE DATA]      [PRECIPITATION DATA]       SYMBOLS USED IN COLUMN 16

AVERAGE MONTHLY: 34.7   TOTAL FOR MONTH:   2.03    1 = FOG OR MIST
DPTR FM NORMAL:   0.5   DPTR FM NORMAL:    0.43    2 = FOG REDUCING VISIBILITY
HIGHEST:    44 ON  3    GRTST 24HR  0.51 ON  7- 8      TO 1/4 MILE OR LESS
LOWEST:     14 ON 14                               3 = THUNDER
                        SNOW, ICE PELLETS, HAIL    4 = ICE PELLETS
                        TOTAL MONTH:   3.9 INCHES  5 = HAIL
                        GRTST 24HR   1.8 ON   M    6 = FREEZING RAIN OR DRIZZLE
                        GRTST DEPTH:   2 ON 11     7 = DUSTSTORM OR SANDSTORM:
                                                       VSBY 1/2 MILE OR LESS
                                                   8 = SMOKE OR HAZE
[NO. OF DAYS WITH]      [WEATHER - DAYS WITH]      9 = BLOWING SNOW
                                                   X = TORNADO
MAX 32 OR BELOW:   0    0.01 INCH OR MORE:  14
MAX 90 OR ABOVE:   0    0.10 INCH OR MORE:   9
MIN 32 OR BELOW:  11    0.50 INCH OR MORE:   0
MIN  0 OR BELOW:   0    1.00 INCH OR MORE:   0

[HDD (BASE 65) ]
TOTAL THIS MO.   480    CLEAR  (SCALE 0-3)   0
DPTR FM NORMAL   -14    PTCLDY (SCALE 4-7)   9
TOTAL FM JUL 1  2128    CLOUDY (SCALE 8-10)  7
DPTR FM NORMAL  -827

[CDD (BASE 65) ]
TOTAL THIS MO.     0
DPTR FM NORMAL     0    [PRESSURE DATA]
TOTAL FM JAN 1     0    HIGHEST SLP M ON M
DPTR FM NORMAL     0    LOWEST  SLP 28.71 ON  8

[REMARKS]
