000
CXUS56 KMTR 301000
CF6SNS
PRELIMINARY LOCAL CLIMATOLOGICAL DATA (WS FORM: F-6)

                                          STATION:   SALINAS AIRPORT
                                          MONTH:     JUNE
                                          YEAR:      2015
                                          LATITUDE:   36 40 N
                                          LONGITUDE: 121 36 W

  TEMPERATURE IN F:       :PCPN:    SNOW:  WIND      :SUNSHINE: SKY     :PK WND
================================================================================
1   2   3   4   5  6A  6B    7    8   9   10  11  12  13   14  15   16   17  18
                                     12Z  AVG MX 2MIN
DY MAX MIN AVG DEP HDD CDD  WTR  SNW DPTH SPD SPD DIR MIN PSBL S-S WX    SPD DR
================================================================================

 1  73  54  64   4   1   0 0.00  0.0    0  7.1 17 260   M    M   4        22 260
 2  71  55  63   2   2   0 0.00  0.0    0  9.6 20 260   M    M   3 12     24 270
 3  65  56  61   0   4   0 0.15  0.0    0 13.5 20 240   M    M   9        25 240
 4  62  54  58  -3   7   0    T  0.0    0  9.5 17 250   M    M  10 18     29 260
 5  66  53  60  -1   5   0 0.00  0.0    0  7.3 20 280   M    M   9        26 320
 6  67  55  61   0   4   0 0.00  0.0    0  8.0 18 310   M    M   8 1      25 280
 7  72  54  63   2   2   0 0.00  0.0    0  6.7 17 280   M    M   6 18     22 280
 8  86  53  70   9   0   5 0.00  0.0    0  7.8 18 310   M    M   3 12     22 310
 9  77  54  66   5   0   1 0.00  0.0    M  7.0 17 320   M    M   5 1      23 310
10  83  57  70   9   0   5    T  0.0    0  8.0 21 270   M    M   4 1      24 260
11  73  56  65   4   0   0 0.00  0.0    0  7.5 17 300   M    M   5 18     22 300
12  73  54  64   3   1   0 0.00  0.0    0  8.3 18 280   M    M   4 18     22 280
13  68  57  63   1   2   0 0.00  0.0    0  8.9 22 300   M    M   9 18     26 280
14  67  54  61  -1   4   0 0.00  0.0    0  8.6 18 290   M    M   7 18     23 290
15  65  54  60  -2   5   0 0.00  0.0    0  9.9 18 250   M    M   7 18     24 250
16  67  54  61  -1   4   0 0.00  0.0    0  9.0 18 280   M    M   4 8      23 260
17  74  52  63   1   2   0 0.00  0.0    0  8.8 18 280   M    M   5 18     23 300
18  68  52  60  -2   5   0 0.00  0.0    0  8.7 17 280   M    M   4 1      22 260
19  69  52  61  -1   4   0 0.00  0.0    0  9.4 17 280   M    M   2 18     22 250
20  69  50  60  -2   5   0 0.00  0.0    0  8.5 17 260   M    M   1 18     22 280
21  67  53  60  -2   5   0 0.00  0.0    0  9.8 18 260   M    M   4 18     24 330
22  67  52  60  -2   5   0 0.00  0.0    0  9.2 18 260   M    M   2 1      23 260
23  66  55  61  -1   4   0 0.00  0.0    0 10.8 20 260   M    M   4        25 260
24  68  56  62   0   3   0 0.00  0.0    0 10.1 17 280   M    M   4        23 320
25  71  52  62   0   3   0 0.00  0.0    0  7.5 18 280   M    M   3 18     24 280
26  69  53  61  -1   4   0 0.00  0.0    0  8.3 23 320   M    M   6 12     29 310
27  72  58  65   3   0   0 0.00  0.0    0  8.1 20 310   M    M   4        29 300
28  70  59  65   2   0   0 0.00  0.0    0  8.8 17 300   M    M   5        23 270
29  72  58  65   2   0   0 0.00  0.0    0  8.7 18 280   M    M   4        23 290
================================================================================
SM 2037 1576        81  11  0.15     0.0 253.4          M      145
================================================================================
AV 70.2 54.3                               8.7 FASTST   M    M   5    MAX(MPH)
                                 MISC ---->  # 23 320               # 29  260
================================================================================
NOTES:
# LAST OF SEVERAL OCCURRENCES

COLUMN 17 PEAK WIND IN M.P.H.

PRELIMINARY LOCAL CLIMATOLOGICAL DATA (WS FORM: F-6) , PAGE 2

                                          STATION:  SALINAS AIRPORT
                                          MONTH:    JUNE
                                          YEAR:     2015
                                          LATITUDE:   36 40 N
                                          LONGITUDE: 121 36 W

[TEMPERATURE DATA]      [PRECIPITATION DATA]       SYMBOLS USED IN COLUMN 16

AVERAGE MONTHLY: 62.3   TOTAL FOR MONTH:   0.15    1 = FOG OR MIST
DPTR FM NORMAL:   0.7   DPTR FM NORMAL:    0.06    2 = FOG REDUCING VISIBILITY
HIGHEST:    86 ON  8    GRTST 24HR  0.15 ON  3- 3      TO 1/4 MILE OR LESS
LOWEST:     50 ON 20                               3 = THUNDER
                        SNOW, ICE PELLETS, HAIL    4 = ICE PELLETS
                        TOTAL MONTH:   0.0 INCH    5 = HAIL
                        GRTST 24HR     0.0         6 = FREEZING RAIN OR DRIZZLE
                        GRTST DEPTH:   0           7 = DUSTSTORM OR SANDSTORM:
                                                       VSBY 1/2 MILE OR LESS
                                                   8 = SMOKE OR HAZE
[NO. OF DAYS WITH]      [WEATHER - DAYS WITH]      9 = BLOWING SNOW
                                                   X = TORNADO
MAX 32 OR BELOW:   0    0.01 INCH OR MORE:   1
MAX 90 OR ABOVE:   0    0.10 INCH OR MORE:   1
MIN 32 OR BELOW:   0    0.50 INCH OR MORE:   0
MIN  0 OR BELOW:   0    1.00 INCH OR MORE:   0

[HDD (BASE 65) ]
TOTAL THIS MO.    81    CLEAR  (SCALE 0-3)   6
DPTR FM NORMAL   -29    PTCLDY (SCALE 4-7)  19
TOTAL FM JUL 1  1391    CLOUDY (SCALE 8-10)  4
DPTR FM NORMAL -1292

[CDD (BASE 65) ]
TOTAL THIS MO.    11
DPTR FM NORMAL     7    [PRESSURE DATA]
TOTAL FM JAN 1    42    HIGHEST SLP M ON M
DPTR FM NORMAL    22    LOWEST  SLP 29.73 ON M

[REMARKS]
