000
CXUS55 KPIH 291200
CF6SNT

PRELIMINARY LOCAL CLIMATOLOGICAL DATA (WS FORM: F-6)

                                          STATION:   STANLEY_ID
                                          MONTH:     SEPTEMBER
                                          YEAR:      2016
                                          LATITUDE:   44 10 N
                                          LONGITUDE: 114 56 W

  TEMPERATURE IN F:       :PCPN:    SNOW:  WIND      :SUNSHINE: SKY     :PK WND
================================================================================
1   2   3   4   5  6A  6B    7    8   9   10  11  12  13   14  15   16   17  18
                                     12Z  AVG MX 2MIN
DY MAX MIN AVG DEP HDD CDD  WTR  SNW DPTH SPD SPD DIR MIN PSBL S-S WX    SPD DR
================================================================================

 1  81  39  60   8   5   0 0.00    M    M  4.1 18 160   M    M   0        29 220
 2  63  37  50  -1  15   0 0.05    M    M  3.6 14 150   M    M   0        22 200
 3  59  38  49  -2  16   0 0.00    M    M  2.9 15 190   M    M   0        24 200
 4  59  27  43  -8  22   0 0.19    M    M  3.0 15 170   M    M   0        19 180
 5  59  31  45  -5  20   0 0.01    M    M  2.4  8 250   M    M   0        14 330
 6  64  24  44  -6  21   0 0.00    M    M  2.6 13 210   M    M   0        20 220
 7  67  27  47  -3  18   0 0.00    M    M  3.2 13 320   M    M   0        17 330
 8  67  30  49  -1  16   0 0.00    M    M  5.1 15 320   M    M   0        25 320
 9  70  24  47  -2  18   0 0.00    M    M  3.5 10 350   M    M   0        15 330
10  76  23  50   1  15   0 0.00    M    M  3.3 12 310   M    M   0        18 320
11  72  27  50   1  15   0 0.00    M    M  4.6 17 190   M    M   0        27 180
12  61  26  44  -4  21   0 0.00    M    M  4.1 17  40   M    M   0        28 350
13  63  29  46  -2  19   0 0.00    M    M  2.8  9 170   M    M   0        14  30
14  47  38  43  -5  22   0 0.49    M    M  3.2  8 360   M    M   0        12 320
15  67  32  50   2  15   0 0.00    M    M  2.5  9  10   M    M   0        13  10
16  69  28  49   1  16   0 0.00    M    M  2.8 12 330   M    M   0        16 320
17  69  28  49   2  16   0 0.03    M    M  3.5 15 220   M    M   0        26 150
18  67  46  57  10   8   0 0.12    M    M  4.1 14 220   M    M   0        21 200
19  70  37  54   7  11   0 0.00    M    M  3.3 16 180   M    M   0        23 200
20  71  35  53   7  12   0 0.00    M    M  3.2 16 200   M    M   0        24 200
21  65  34  50   4  15   0 0.00    M    M  4.6 18 150   M    M   0        28 150
22  49  41  45  -1  20   0 0.51    M    M  1.7 12  30   M    M   0        17  10
23  57  41  49   3  16   0 0.00    M    M  4.2 15 350   M    M   0        21 340
24  62  32  47   2  18   0 0.00    M    M  4.7 14 350   M    M   0        21 350
25  72  26  49   4  16   0 0.00    M    M  2.5 10 340   M    M   0        16 340
26  78  30  54   9  11   0 0.00    M    M  2.3  9  90   M    M   0        13 240
27  78  29  54   9  11   0 0.00    M    M  2.0 12 360   M    M   0        17  30
28  78  30  54  10  11   0 0.00    M    M  3.8 12 150   M    M   0        16 170
================================================================================
SM 1860  889       439   0  1.40    M     93.6          M        0
================================================================================
AV 66.4 31.8                               3.3 FASTST   M    M   0    MAX(MPH)
                                 MISC ---->  # 18 160               # 29  220
================================================================================
NOTES:
# LAST OF SEVERAL OCCURRENCES
PRECIPITATION SUSPECT DURING FREEZING/FROZEN EVENTS

COLUMN 17 PEAK WIND IN M.P.H.

PRELIMINARY LOCAL CLIMATOLOGICAL DATA (WS FORM: F-6) , PAGE 2

                                          STATION:  STANLEY_ID
                                          MONTH:    SEPTEMBER
                                          YEAR:     2016
                                          LATITUDE:   44 10 N
                                          LONGITUDE: 114 56 W

[TEMPERATURE DATA]      [PRECIPITATION DATA]       SYMBOLS USED IN COLUMN 16

AVERAGE MONTHLY: 49.1   TOTAL FOR MONTH:   1.40    1 = FOG OR MIST
DPTR FM NORMAL:   1.2   DPTR FM NORMAL:    0.53    2 = FOG REDUCING VISIBILITY
HIGHEST:    81 ON  1    GRTST 24HR  0.51 ON 22-22      TO 1/4 MILE OR LESS
LOWEST:     23 ON 10                               3 = THUNDER
                        SNOW, ICE PELLETS, HAIL    4 = ICE PELLETS
                        TOTAL MONTH:    M          5 = HAIL
                        GRTST 24HR    M  ON   M    6 = FREEZING RAIN OR DRIZZLE
                        GRTST DEPTH:  M  ON   M    7 = DUSTSTORM OR SANDSTORM:
                                                       VSBY 1/2 MILE OR LESS
                                                   8 = SMOKE OR HAZE
[NO. OF DAYS WITH]      [WEATHER - DAYS WITH]      9 = BLOWING SNOW
                                                   X = TORNADO
MAX 32 OR BELOW:   0    0.01 INCH OR MORE:   7
MAX 90 OR ABOVE:   0    0.10 INCH OR MORE:   4
MIN 32 OR BELOW:  18    0.50 INCH OR MORE:   1
MIN  0 OR BELOW:   0    1.00 INCH OR MORE:   0

[HDD (BASE 65) ]
TOTAL THIS MO.   439    CLEAR  (SCALE 0-3)  28
DPTR FM NORMAL   -40    PTCLDY (SCALE 4-7)   0
TOTAL FM JUL 1   917    CLOUDY (SCALE 8-10)  0
DPTR FM NORMAL   -82

[CDD (BASE 65) ]
TOTAL THIS MO.     0
DPTR FM NORMAL     0    [PRESSURE DATA]
TOTAL FM JAN 1     4    HIGHEST SLP M ON M
DPTR FM NORMAL     1    LOWEST  SLP 29.69 ON  4

[REMARKS]
