000
CXUS55 KPIH 241200
CF6SNT

PRELIMINARY LOCAL CLIMATOLOGICAL DATA (WS FORM: F-6)

                                          STATION:   STANLEY_ID
                                          MONTH:     DECEMBER
                                          YEAR:      2014
                                          LATITUDE:   44 10 N
                                          LONGITUDE: 114 56 W

  TEMPERATURE IN F:       :PCPN:    SNOW:  WIND      :SUNSHINE: SKY     :PK WND
================================================================================
1   2   3   4   5  6A  6B    7    8   9   10  11  12  13   14  15   16   17  18
                                     12Z  AVG MX 2MIN
DY MAX MIN AVG DEP HDD CDD  WTR  SNW DPTH SPD SPD DIR MIN PSBL S-S WX    SPD DR
================================================================================

 1  29 -11   9  -8  56   0 0.44    M    M  1.3  8 150   M    M   0        10 140
 2  33  14  24   8  41   0 0.00    M    M  1.9  7  80   M    M   0        10 160
 3  36  13  25   9  40   0 0.12    M    M  0.9 13 150   M    M   0        17 150
 4  39  29  34  18  31   0 0.18    M    M  3.4 15 130   M    M   0        24 150
 5  36  24  30  14  35   0 0.02    M    M  1.8 12 150   M    M   0        14 170
 6  41  22  32  17  33   0 0.07    M    M  1.9 13 150   M    M   0        18 140
 7  31  19  25  10  40   0 0.00    M    M  0.4  6 170   M    M   0         7 150
 8  29  14  22   7  43   0 0.00    M    M  0.9  6 100   M    M   0         7  90
 9  34  16  25  10  40   0 0.00    M    M  1.5  7 120   M    M   0         8 100
10  45  19  32  17  33   0 0.00    M    M  2.9 20 160   M    M   0        26 160
11  49  39  44  30  21   0 0.00    M    M 10.7 18 140   M    M   0        32 150
12  45  36  41  27  24   0 0.09    M    M  9.4 22 150   M    M   0        30 150
13  36  14  25  11  40   0 0.21    M    M  4.0 10 310   M    M   0        15 320
14  28   9  19   5  46   0 0.00    M    M  0.9  8  70   M    M   0        10 120
15  26   5  16   2  49   0 0.00    M    M  1.7  8 110   M    M   0        12 120
16  27  16  22   8  43   0 0.03    M    M  1.0  7 320   M    M   0         8 320
17  29  18  24  10  41   0 0.00    M    M  0.8  7 100   M    M   0         8  90
18  32  15  24  10  41   0 0.01    M    M  1.7  9 130   M    M   0        12 140
19  35  26  31  17  34   0 0.07    M    M  6.8 16 140   M    M   0        24 150
20  35  18  27  13  38   0 0.25    M    M  5.7 15 140   M    M   0        21 150
21  40  30  35  21  30   0 0.39    M    M  7.9 16 340   M    M   0        26 330
22  33   4  19   5  46   0 0.02    M    M  7.0 21 320   M    M   0        31 300
23  22  -2  10  -4  55   0 0.00    M    M  1.2  6 340   M    M   0         7  90
================================================================================
SM  790  387       900   0  1.90    M     75.7          M        0
================================================================================
AV 34.3 16.8                               3.3 FASTST   M    M   0    MAX(MPH)
                                 MISC ---->  # 22 150               # 32  150
================================================================================
NOTES:
# LAST OF SEVERAL OCCURRENCES

COLUMN 17 PEAK WIND IN M.P.H.

PRELIMINARY LOCAL CLIMATOLOGICAL DATA (WS FORM: F-6) , PAGE 2

                                          STATION:  STANLEY_ID
                                          MONTH:    DECEMBER
                                          YEAR:     2014
                                          LATITUDE:   44 10 N
                                          LONGITUDE: 114 56 W

[TEMPERATURE DATA]      [PRECIPITATION DATA]       SYMBOLS USED IN COLUMN 16

AVERAGE MONTHLY: 25.6   TOTAL FOR MONTH:   1.90    1 = FOG OR MIST
DPTR FM NORMAL:  10.9   DPTR FM NORMAL:    0.97    2 = FOG REDUCING VISIBILITY
HIGHEST:    49 ON 11    GRTST 24HR  0.62 ON 20-21      TO 1/4 MILE OR LESS
LOWEST:    -11 ON  1                               3 = THUNDER
                        SNOW, ICE PELLETS, HAIL    4 = ICE PELLETS
                        TOTAL MONTH:    M          5 = HAIL
                        GRTST 24HR    M  ON   M    6 = FREEZING RAIN OR DRIZZLE
                        GRTST DEPTH:  M  ON   M    7 = DUSTSTORM OR SANDSTORM:
                                                       VSBY 1/2 MILE OR LESS
                                                   8 = SMOKE OR HAZE
[NO. OF DAYS WITH]      [WEATHER - DAYS WITH]      9 = BLOWING SNOW
                                                   X = TORNADO
MAX 32 OR BELOW:   9    0.01 INCH OR MORE:  13
MAX 90 OR ABOVE:   0    0.10 INCH OR MORE:   6
MIN 32 OR BELOW:  21    0.50 INCH OR MORE:   0
MIN  0 OR BELOW:   2    1.00 INCH OR MORE:   0

[HDD (BASE 65) ]
TOTAL THIS MO.   900    CLEAR  (SCALE 0-3)  23
DPTR FM NORMAL  -255    PTCLDY (SCALE 4-7)   0
TOTAL FM JUL 1  3493    CLOUDY (SCALE 8-10)  0
DPTR FM NORMAL  -759

[CDD (BASE 65) ]
TOTAL THIS MO.     0
DPTR FM NORMAL     0    [PRESSURE DATA]
TOTAL FM JAN 1    16    HIGHEST SLP M ON M
DPTR FM NORMAL    13    LOWEST  SLP 29.71 ON 12

[REMARKS]
