000
CXUS55 KCYS 201000
CF6SNY
PRELIMINARY LOCAL CLIMATOLOGICAL DATA (WS FORM: F-6)

                                          STATION:   SIDNEY NEBRASKA AIRPORT
                                          MONTH:     OCTOBER
                                          YEAR:      2014
                                          LATITUDE:   41  5 N
                                          LONGITUDE: 102 59 W

  TEMPERATURE IN F:       :PCPN:    SNOW:  WIND      :SUNSHINE: SKY     :PK WND
================================================================================
1   2   3   4   5  6A  6B    7    8   9   10  11  12  13   14  15   16   17  18
                                     12Z  AVG MX 2MIN
DY MAX MIN AVG DEP HDD CDD  WTR  SNW DPTH SPD SPD DIR MIN PSBL S-S WX    SPD DR
================================================================================

 1  68  44  56   0   9   0 0.79    M    M 11.3 30 310   M    M   3 13     38 310
 2  65  36  51  -5  14   0 0.02    M    M 15.0 40 360   M    M   2        54 340
 3  53  32  43 -12  22   0 0.00    M    M 15.3 29 340   M    M   2        37 330
 4  71  32  52  -3  13   0 0.00    M    M  9.8 23 320   M    M   2        27 330
 5  69  41  55   1  10   0    T    M    M 12.5 36 360   M    M   3 38     45 360
 6  75  41  58   4   7   0 0.00    M    M 11.2 25 300   M    M   1        36 300
 7  77  44  61   8   4   0 0.00    M    M  7.7 14 310   M    M   1        19 280
 8  76  44  60   7   5   0 0.00    M    M 10.6 22 180   M    M   0        26 170
 9  65  41  53   0  12   0 0.00    M    M  7.6 20  40   M    M   2 12     27  20
10  60  41  51  -1  14   0 0.00    M    M  8.8 14 190   M    M   6        20 220
11  71  36  54   2  11   0 0.00    M    M 11.0 21 240   M    M   2 1      26 230
12  64  40  52   0  13   0    T    M    M 19.2 37 330   M    M   4        44 340
13  60  31  46  -5  19   0 0.00    M    M 14.8 28 360   M    M   1        35 350
14  73  29  51   0  14   0 0.00    M    M  7.1 13 300   M    M   0        15 290
15  79  36  58   8   7   0 0.00    M    M 10.7 25 190   M    M   0        30 200
16  68  41  55   5  10   0 0.00    M    M 13.7 38 350   M    M   1        49 360
17  63  31  47  -3  18   0 0.00    M    M  6.1 12 320   M    M   0        13 140
18  70  34  52   3  13   0 0.00    M    M 12.4 25 170   M    M   0        33 170
19  74  36  55   6  10   0 0.00    M    M  5.7 14 310   M    M   0        16  60
================================================================================
SM 1301  710       225   0  0.81    M    210.5          M       30
================================================================================
AV 68.5 37.4                              11.1 FASTST   M    M   2    MAX(MPH)
                                 MISC ---->  # 40 360               # 54  340
================================================================================
NOTES:
# LAST OF SEVERAL OCCURRENCES

COLUMN 17 PEAK WIND IN M.P.H.

PRELIMINARY LOCAL CLIMATOLOGICAL DATA (WS FORM: F-6) , PAGE 2

                                          STATION:  SIDNEY NEBRASKA AIRPORT
                                          MONTH:    OCTOBER
                                          YEAR:     2014
                                          LATITUDE:   41  5 N
                                          LONGITUDE: 102 59 W

[TEMPERATURE DATA]      [PRECIPITATION DATA]       SYMBOLS USED IN COLUMN 16

AVERAGE MONTHLY: 52.9   TOTAL FOR MONTH:   0.81    1 = FOG OR MIST
DPTR FM NORMAL:   0.6   DPTR FM NORMAL:    0.08    2 = FOG REDUCING VISIBILITY
HIGHEST:    79 ON 15    GRTST 24HR  0.79 ON  1- 1      TO 1/4 MILE OR LESS
LOWEST:     29 ON 14                               3 = THUNDER
                        SNOW, ICE PELLETS, HAIL    4 = ICE PELLETS
                        TOTAL MONTH:    M          5 = HAIL
                        GRTST 24HR    M  ON   M    6 = FREEZING RAIN OR DRIZZLE
                        GRTST DEPTH:  M  ON   M    7 = DUSTSTORM OR SANDSTORM:
                                                       VSBY 1/2 MILE OR LESS
                                                   8 = SMOKE OR HAZE
[NO. OF DAYS WITH]      [WEATHER - DAYS WITH]      9 = BLOWING SNOW
                                                   X = TORNADO
MAX 32 OR BELOW:   0    0.01 INCH OR MORE:   2
MAX 90 OR ABOVE:   0    0.10 INCH OR MORE:   1
MIN 32 OR BELOW:   5    0.50 INCH OR MORE:   1
MIN  0 OR BELOW:   0    1.00 INCH OR MORE:   0

[HDD (BASE 65) ]
TOTAL THIS MO.   225    CLEAR  (SCALE 0-3)  16
DPTR FM NORMAL   -20    PTCLDY (SCALE 4-7)   3
TOTAL FM JUL 1   342    CLOUDY (SCALE 8-10)  0
DPTR FM NORMAL   -43

[CDD (BASE 65) ]
TOTAL THIS MO.     0
DPTR FM NORMAL    -1    [PRESSURE DATA]
TOTAL FM JAN 1   637    HIGHEST SLP  0.00 ON  2
DPTR FM NORMAL  -190    LOWEST  SLP 29.53 ON 12

[REMARKS]
