000
CXUS55 KCYS 211000
CF6SNY
PRELIMINARY LOCAL CLIMATOLOGICAL DATA (WS FORM: F-6)

                                          STATION:   SIDNEY NEBRASKA AIRPORT
                                          MONTH:     JANUARY
                                          YEAR:      2018
                                          LATITUDE:   41  5 N
                                          LONGITUDE: 102 59 W

  TEMPERATURE IN F:       :PCPN:    SNOW:  WIND      :SUNSHINE: SKY     :PK WND
================================================================================
1   2   3   4   5  6A  6B    7    8   9   10  11  12  13   14  15   16   17  18
                                     12Z  AVG MX 2MIN
DY MAX MIN AVG DEP HDD CDD  WTR  SNW DPTH SPD SPD DIR MIN PSBL S-S WX    SPD DR
================================================================================

 1  14 -10   2 -27  63   0 0.00    M    M  8.8 14 150   M    M   2 1      17 140
 2  29 -12   9 -20  56   0 0.00    M    M 12.3 23 330   M    M   0        28 310
 3  39  10  25  -4  40   0 0.00    M    M  8.0 16 300   M    M   1        19 300
 4  42  15  29   0  36   0 0.00    M    M 10.3 17 290   M    M   0        23 290
 5  45  14  30   1  35   0 0.00    M    M  6.9 13 290   M    M   2        15 280
 6  48  15  32   3  33   0    T    M    M  7.8 17 310   M    M   1        21 310
 7  43  23  33   4  32   0    T    M    M 11.7 22 320   M    M   1        26 340
 8  55  23  39  10  26   0 0.00    M    M  8.3 16 230   M    M   0        20 230
 9  61  29  45  16  20   0 0.00    M    M  7.8 16 210   M    M   1        20 220
10  53  17  35   6  30   0 0.08    M    M 14.2 39 350   M    M   5 19     46 350
11  32  14  23  -6  42   0 0.00    M    M 13.5 31 340   M    M   2        37 330
12  28  15  22  -7  43   0    T    M    M  9.8 22  10   M    M   9 1      26  10
13  43  17  30   1  35   0    T    M    M  7.8 18 300   M    M   9 1      28 360
14  43  23  33   4  32   0    T    M    M 11.7 20 310   M    M   7 1      25 310
15  23  -7   8 -21  57   0    T    M    M 11.3 21 360   M    M   3 1      27 360
16  28 -14   7 -22  58   0 0.00    M    M  8.8 15 200   M    M   0        17 200
17  45   3  24  -5  41   0 0.00    M    M  9.7 25 330   M    M   0        30 330
18  63  19  41  12  24   0 0.00    M    M  9.9 20 290   M    M   0        24 290
19  52  28  40  11  25   0 0.00    M    M  7.0 15 310   M    M   0        18 310
20  39  25  32   3  33   0 0.00    M    M 10.2 17  20   M    M   3        20  20
================================================================================
SM  825  247       761   0  0.08    M    195.8          M       46
================================================================================
AV 41.3 12.4                               9.8 FASTST   M    M   2    MAX(MPH)
                                 MISC ---->  # 39 350               # 46  350
================================================================================
NOTES:
# LAST OF SEVERAL OCCURRENCES

COLUMN 17 PEAK WIND IN M.P.H.

PRELIMINARY LOCAL CLIMATOLOGICAL DATA (WS FORM: F-6) , PAGE 2

                                          STATION:  SIDNEY NEBRASKA AIRPORT
                                          MONTH:    JANUARY
                                          YEAR:     2018
                                          LATITUDE:   41  5 N
                                          LONGITUDE: 102 59 W

[TEMPERATURE DATA]      [PRECIPITATION DATA]       SYMBOLS USED IN COLUMN 16

AVERAGE MONTHLY: 26.8   TOTAL FOR MONTH:   0.08    1 = FOG OR MIST
DPTR FM NORMAL:  -2.2   DPTR FM NORMAL:   -0.04    2 = FOG REDUCING VISIBILITY
HIGHEST:    63 ON 18    GRTST 24HR  0.08 ON 10-10      TO 1/4 MILE OR LESS
LOWEST:    -14 ON 16                               3 = THUNDER
                        SNOW, ICE PELLETS, HAIL    4 = ICE PELLETS
                        TOTAL MONTH:    M          5 = HAIL
                        GRTST 24HR    M  ON   M    6 = FREEZING RAIN OR DRIZZLE
                        GRTST DEPTH:  M  ON   M    7 = DUSTSTORM OR SANDSTORM:
                                                       VSBY 1/2 MILE OR LESS
                                                   8 = SMOKE OR HAZE
[NO. OF DAYS WITH]      [WEATHER - DAYS WITH]      9 = BLOWING SNOW
                                                   X = TORNADO
MAX 32 OR BELOW:   6    0.01 INCH OR MORE:   1
MAX 90 OR ABOVE:   0    0.10 INCH OR MORE:   0
MIN 32 OR BELOW:  20    0.50 INCH OR MORE:   0
MIN  0 OR BELOW:   4    1.00 INCH OR MORE:   0

[HDD (BASE 65) ]
TOTAL THIS MO.   761    CLEAR  (SCALE 0-3)  15
DPTR FM NORMAL    41    PTCLDY (SCALE 4-7)   3
TOTAL FM JUL 1  3389    CLOUDY (SCALE 8-10)  2
DPTR FM NORMAL   122

[CDD (BASE 65) ]
TOTAL THIS MO.     0
DPTR FM NORMAL     0    [PRESSURE DATA]
TOTAL FM JAN 1     0    HIGHEST SLP M ON M
DPTR FM NORMAL     0    LOWEST  SLP 29.34 ON 10

[REMARKS]
