000
CXUS54 KOUN 260800
CF6SPS
PRELIMINARY LOCAL CLIMATOLOGICAL DATA (WS FORM: F-6)

                                          STATION:   WICHITA FALLS
                                          MONTH:     MAY
                                          YEAR:      2015
                                          LATITUDE:   33 58 N
                                          LONGITUDE:  98 29 W

  TEMPERATURE IN F:       :PCPN:    SNOW:  WIND      :SUNSHINE: SKY     :PK WND
================================================================================
1   2   3   4   5  6A  6B    7    8   9   10  11  12  13   14  15   16   17  18
                                     12Z  AVG MX 2MIN
DY MAX MIN AVG DEP HDD CDD  WTR  SNW DPTH SPD SPD DIR MIN PSBL S-S WX    SPD DR
================================================================================

 1  80  51  66  -1   0   1 0.00  0.0    0  6.9 16 160   M    M   0        21 140
 2  82  54  68   0   0   3 0.00  0.0    0 10.2 20 180   M    M   0        25 200
 3  82  56  69   1   0   4 0.00  0.0    0 13.8 24 140   M    M   0        29 140
 4  81  60  71   3   0   6 0.00  0.0    0 12.8 23 140   M    M   3 8      28 200
 5  68  59  64  -4   1   0 2.58  0.0    0 10.2 22 120   M    M   8 13     28 120
 6  84  62  73   4   0   8 0.26  0.0    0 19.6 40 160   M    M   8 13     50 180
 7  79  61  70   1   0   5 1.21  0.0    0 12.6 38 320   M    M   8 13     44 320
 8  83  61  72   3   0   7 1.43    T    0  7.6 37  30   M    M   7 1358   43  30
 9  83  65  74   4   0   9 0.66  0.0    0 11.0 31 230   M    M   7 138    40 200
10  83  60  72   2   0   7 0.33  0.0    0 10.8 29 170   M    M   2 3      38 180
11  70  51  61  -9   4   0 0.00  0.0    0 12.7 22  10   M    M   1        25  20
12  73  52  63  -7   2   0 0.00  0.0    0  7.8 20  80   M    M   6        25  80
13  69  58  64  -7   1   0 1.21  0.0    0 11.3 22 110   M    M   9 13     25 120
14  84  62  73   2   0   8 0.00  0.0    0 11.6 18 190   M    M   3 1      24 170
15  83  64  74   3   0   9 0.83  0.0    0 13.6 24 290   M    M   6 13     35 280
16  81  65  73   1   0   8 0.58  0.0    0 15.0 38 310   M    M   5 135    46 310
17  87  61  74   2   0   9 0.00  0.0    0  8.6 20 240   M    M   1        23 230
18  88  63  76   4   0  11 0.00  0.0    0  6.7 17  90   M    M   2 12     21  90
19  83  64  74   2   0   9 3.34  0.0    0 13.4 37 310   M    M   8 123    46 320
20  66  57  62 -11   3   0 0.06  0.0    0 15.0 24 350   M    M   9 13     29 350
21  68  54  61 -12   4   0    T  0.0    0 10.3 21  20   M    M   9        30 360
22  61  56  59 -14   6   0 1.30  0.0    0 10.9 18 110   M    M  10 13     21 110
23  83  60  72  -2   0   7 0.14  0.0    0 16.4 35 170   M    M   8 13     42 160
24  81  63  72  -2   0   7 0.03  0.0    0 10.6 17 150   M    M   5 1      24 150
25  76  57  67  -7   0   2 0.19  0.0    0  9.0 35 240   M    M   3 13     47 230
================================================================================
SM 1958 1476        21 120 14.15    T    288.4          M      128
================================================================================
AV 78.3 59.0                              11.5 FASTST   M    M   5    MAX(MPH)
                                 MISC ---->  # 40 160               # 50  180
================================================================================
NOTES:
# LAST OF SEVERAL OCCURRENCES

COLUMN 17 PEAK WIND IN M.P.H.

PRELIMINARY LOCAL CLIMATOLOGICAL DATA (WS FORM: F-6) , PAGE 2

                                          STATION:  WICHITA FALLS
                                          MONTH:    MAY
                                          YEAR:     2015
                                          LATITUDE:   33 58 N
                                          LONGITUDE:  98 29 W

[TEMPERATURE DATA]      [PRECIPITATION DATA]       SYMBOLS USED IN COLUMN 16

AVERAGE MONTHLY: 68.7   TOTAL FOR MONTH:  14.15    1 = FOG OR MIST
DPTR FM NORMAL:  -2.0   DPTR FM NORMAL:   11.20    2 = FOG REDUCING VISIBILITY
HIGHEST:    88 ON 18    GRTST 24HR  3.40 ON 19-20      TO 1/4 MILE OR LESS
LOWEST:     51 ON 11, 1                            3 = THUNDER
                        SNOW, ICE PELLETS, HAIL    4 = ICE PELLETS
                        TOTAL MONTH:    T          5 = HAIL
                        GRTST 24HR    T  ON  8- 8  6 = FREEZING RAIN OR DRIZZLE
                        GRTST DEPTH:   0           7 = DUSTSTORM OR SANDSTORM:
                                                       VSBY 1/2 MILE OR LESS
                                                   8 = SMOKE OR HAZE
[NO. OF DAYS WITH]      [WEATHER - DAYS WITH]      9 = BLOWING SNOW
                                                   X = TORNADO
MAX 32 OR BELOW:   0    0.01 INCH OR MORE:  15
MAX 90 OR ABOVE:   0    0.10 INCH OR MORE:  13
MIN 32 OR BELOW:   0    0.50 INCH OR MORE:   9
MIN  0 OR BELOW:   0    1.00 INCH OR MORE:   6

[HDD (BASE 65) ]
TOTAL THIS MO.    21    CLEAR  (SCALE 0-3)   9
DPTR FM NORMAL     1    PTCLDY (SCALE 4-7)  12
TOTAL FM JUL 1  2897    CLOUDY (SCALE 8-10)  4
DPTR FM NORMAL   -68

[CDD (BASE 65) ]
TOTAL THIS MO.   120
DPTR FM NORMAL   -44    [PRESSURE DATA]
TOTAL FM JAN 1   200    HIGHEST SLP M ON M
DPTR FM NORMAL   -56    LOWEST  SLP 29.63 ON 25

[REMARKS]
