000
CXUS52 KJAX 310800
CF6SSI
PRELIMINARY LOCAL CLIMATOLOGICAL DATA (WS FORM: F-6)

                                          STATION:   ST SIMONS ISLAND GA
                                          MONTH:     OCTOBER
                                          YEAR:      2014
                                          LATITUDE:   31  9 N
                                          LONGITUDE:  81 23 W

  TEMPERATURE IN F:       :PCPN:    SNOW:  WIND      :SUNSHINE: SKY     :PK WND
================================================================================
1   2   3   4   5  6A  6B    7    8   9   10  11  12  13   14  15   16   17  18
                                     12Z  AVG MX 2MIN
DY MAX MIN AVG DEP HDD CDD  WTR  SNW DPTH SPD SPD DIR MIN PSBL S-S WX    SPD DR
================================================================================

 1  81  67  74  -1   0   9 0.00  0.0    0  5.6 13  80   M    M   7        17  50
 2  83  69  76   2   0  11 0.00  0.0    0  7.0 15  60   M    M   3        20  70
 3  83  73  78   4   0  13 1.53  0.0    0  6.1 17 190   M    M   6 123    26 150
 4  78  57  68  -6   0   3 0.00  0.0    0  9.1 17 280   M    M   3        25 310
 5  71  52  62 -11   3   0 0.00  0.0    0  4.1 10  40   M    M   0        19  80
 6  76  54  65  -8   0   0 0.00  0.0    0  3.6 12 130   M    M   0        20 140
 7  81  64  73   0   0   8 0.00  0.0    0  4.0 12 160   M    M   1        19 140
 8  84  66  75   3   0  10 0.00  0.0    0  5.2 12 160   M    M   0        16 160
 9  86  69  78   6   0  13 0.00  0.0    0  6.9 14  60   M    M   0        19  50
10  84  71  78   6   0  13 0.00  0.0    0  5.0 12 120   M    M   1 1      19 140
11  84  68  76   4   0  11 0.00  0.0    0  5.7 12 150   M    M   0        25 150
12  85  69  77   6   0  12 0.00  0.0    0  6.6 13 130   M    M   0 1      19 250
13  85  76  81  10   0  16 0.00  0.0    0 10.2 17 140   M    M   1        22 130
14  83  70  77   6   0  12 0.90  0.0    0  9.5 26 250   M    M   2 138    36 250
15  77  60  69  -1   0   4 0.40  0.0    0  6.5 16 250   M    M   4 1      22 270
16  75  58  67  -3   0   2 0.00  0.0    0  6.0 17 280   M    M   0        26 290
17  79  53  66  -4   0   1 0.00  0.0    0  3.5 12 230   M    M   0        17 280
18  83  58  71   1   0   6 0.00  0.0    0  7.7 15 240   M    M   0        21 250
19  70  56  63  -6   2   0 0.00  0.0    0  8.2 16  20   M    M   1        23  20
20  77  54  66  -3   0   1 0.00  0.0    0  4.5 12 110   M    M   1        15 100
21  81  61  71   2   0   6 0.00  0.0    0  4.8 10 170   M    M   0        17 340
22  71  53  62  -6   3   0 0.00  0.0    0  6.4 17  80   M    M   0        21  50
23  72  51  62  -6   3   0 0.00  0.0    0  4.5 12 320   M    M   0        15 320
24  72  50  61  -7   4   0 0.00  0.0    0  3.5 12  80   M    M   0 1      14  70
25  76  49  63  -5   2   0 0.00  0.0    0  2.7 10 100   M    M   0 1      20 150
26  80  51  66  -1   0   1 0.00  0.0    0  4.6 10 180   M    M   0        13 180
27  84  61  73   6   0   8 0.00  0.0    0  5.4  9 140   M    M   0 1      14 140
28  81  61  71   4   0   6 0.00  0.0    0  6.5 12 230   M    M   0 1      16 220
29  81  63  72   6   0   7 0.00  0.0    0  5.8 12 130   M    M   0 1      23 250
30  76  63  70   4   0   5 0.00  0.0    0  6.5 12  50   M    M   3        16 130
================================================================================
SM 2379 1827        17 178  2.83     0.0 175.7          M       33
================================================================================
AV 79.3 60.9                               5.9 FASTST   M    M   1    MAX(MPH)
                                 MISC ---->  # 26 250               # 36  250
================================================================================
NOTES:
# LAST OF SEVERAL OCCURRENCES

COLUMN 17 PEAK WIND IN M.P.H.

PRELIMINARY LOCAL CLIMATOLOGICAL DATA (WS FORM: F-6) , PAGE 2

                                          STATION:  ST SIMONS ISLAND GA
                                          MONTH:    OCTOBER
                                          YEAR:     2014
                                          LATITUDE:   31  9 N
                                          LONGITUDE:  81 23 W

[TEMPERATURE DATA]      [PRECIPITATION DATA]       SYMBOLS USED IN COLUMN 16

AVERAGE MONTHLY: 70.1   TOTAL FOR MONTH:   2.83    1 = FOG OR MIST
DPTR FM NORMAL:  -0.2   DPTR FM NORMAL:   -1.54    2 = FOG REDUCING VISIBILITY
HIGHEST:    86 ON  9    GRTST 24HR  1.53 ON  3- 3      TO 1/4 MILE OR LESS
LOWEST:     49 ON 25                               3 = THUNDER
                        SNOW, ICE PELLETS, HAIL    4 = ICE PELLETS
                        TOTAL MONTH:   0.0 INCH    5 = HAIL
                        GRTST 24HR     0.0         6 = FREEZING RAIN OR DRIZZLE
                        GRTST DEPTH:   0           7 = DUSTSTORM OR SANDSTORM:
                                                       VSBY 1/2 MILE OR LESS
                                                   8 = SMOKE OR HAZE
[NO. OF DAYS WITH]      [WEATHER - DAYS WITH]      9 = BLOWING SNOW
                                                   X = TORNADO
MAX 32 OR BELOW:   0    0.01 INCH OR MORE:   3
MAX 90 OR ABOVE:   0    0.10 INCH OR MORE:   3
MIN 32 OR BELOW:   0    0.50 INCH OR MORE:   2
MIN  0 OR BELOW:   0    1.00 INCH OR MORE:   1

[HDD (BASE 65) ]
TOTAL THIS MO.    17    CLEAR  (SCALE 0-3)  27
DPTR FM NORMAL   -10    PTCLDY (SCALE 4-7)   3
TOTAL FM JUL 1    17    CLOUDY (SCALE 8-10)  0
DPTR FM NORMAL   -10

[CDD (BASE 65) ]
TOTAL THIS MO.   178
DPTR FM NORMAL    -8    [PRESSURE DATA]
TOTAL FM JAN 1  2567    HIGHEST SLP M ON M
DPTR FM NORMAL    10    LOWEST  SLP 29.82 ON  4

[REMARKS]
