000
CXUS53 KMPX 241000
CF6STC
PRELIMINARY LOCAL CLIMATOLOGICAL DATA (WS FORM: F-6)

                                          STATION:   ST CLOUD MN
                                          MONTH:     JUNE
                                          YEAR:      2017
                                          LATITUDE:   45 32 N
                                          LONGITUDE:  94  4 W

  TEMPERATURE IN F:       :PCPN:    SNOW:  WIND      :SUNSHINE: SKY     :PK WND
================================================================================
1   2   3   4   5  6A  6B    7    8   9   10  11  12  13   14  15   16   17  18
                                     12Z  AVG MX 2MIN
DY MAX MIN AVG DEP HDD CDD  WTR  SNW DPTH SPD SPD DIR MIN PSBL S-S WX    SPD DR
================================================================================

 1  79  40  60  -1   5   0 0.00  0.0    0  3.1 10 200   M    M   0        14 210
 2  89  47  68   6   0   3 0.00  0.0    0  7.6 20 180   M    M   1 138    25 190
 3  88  60  74  12   0   9    T  0.0    0  7.3 20 290   M    M   1        24 300
 4  88  49  69   7   0   4 0.00  0.0    0  8.4 23 310   M    M   0        32 300
 5  80  52  66   4   0   1 0.00  0.0    0  6.4 15  70   M    M   0        22 120
 6  83  45  64   1   1   0 0.00  0.0    0  5.0  9 120   M    M   0        14  80
 7  88  51  70   7   0   5 0.10  0.0    0  7.8 21 170   M    M   1 13     29 170
 8  82  56  69   6   0   4 0.00  0.0    0  5.6 14 340   M    M   2 1      19 340
 9  84  57  71   7   0   6 0.00  0.0    0  7.4 16 150   M    M   0        21 120
10  92  59  76  12   0  11 0.00  0.0    0 15.2 31 210   M    M   1        40 210
11  73  56  65   1   0   0 0.36  0.0    0  6.2 39 250   M    M   5 13     48 250
12  81  54  68   3   0   3 0.00  0.0    0  3.5 10  40   M    M   2 12     16  40
13  82  64  73   8   0   8 0.48  0.0    0 10.4 26 280   M    M   7 13     35 280
14  82  60  71   6   0   6 0.01  0.0    0  9.7 23 210   M    M   2        29 220
15  82  56  69   3   0   4 0.00  0.0    0 10.3 26 270   M    M   0        35 270
16  85  55  70   4   0   5    T  0.0    0  6.8 17 220   M    M   4        23 240
17  84  52  68   2   0   3 0.08  0.0    0  5.8 18 300   M    M   4 1      27 290
18  70  55  63  -3   2   0 0.00  0.0    0 10.6 21 300   M    M   6        26 300
19  73  53  63  -4   2   0 0.00  0.0    0 10.0 22 290   M    M   5        27 290
20  75  51  63  -4   2   0 0.06  0.0    0  6.8 15 340   M    M   3 1      20 310
21  82  49  66  -1   0   1    T  0.0    0  8.4 20 170   M    M   0        27 160
22  73  58  66  -2   0   1 0.29  0.0    0  5.8 12 280   M    M   4 1      16 350
23  71  54  63  -5   2   0    T  0.0    0 13.3 25 310   M    M   5        34 310
================================================================================
SM 1866 1233        14  74  1.38     0.0 181.4          M       53
================================================================================
AV 81.1 53.6                               7.9 FASTST   M    M   2    MAX(MPH)
                                 MISC ---->  # 39 250               # 48  250
================================================================================
NOTES:
# LAST OF SEVERAL OCCURRENCES

COLUMN 17 PEAK WIND IN M.P.H.

PRELIMINARY LOCAL CLIMATOLOGICAL DATA (WS FORM: F-6) , PAGE 2

                                          STATION:  ST CLOUD MN
                                          MONTH:    JUNE
                                          YEAR:     2017
                                          LATITUDE:   45 32 N
                                          LONGITUDE:  94  4 W

[TEMPERATURE DATA]      [PRECIPITATION DATA]       SYMBOLS USED IN COLUMN 16

AVERAGE MONTHLY: 67.4   TOTAL FOR MONTH:   1.38    1 = FOG OR MIST
DPTR FM NORMAL:   2.8   DPTR FM NORMAL:   -1.83    2 = FOG REDUCING VISIBILITY
HIGHEST:    92 ON 10    GRTST 24HR  0.48 ON 13-13      TO 1/4 MILE OR LESS
LOWEST:     40 ON  1                               3 = THUNDER
                        SNOW, ICE PELLETS, HAIL    4 = ICE PELLETS
                        TOTAL MONTH:   0.0 INCH    5 = HAIL
                        GRTST 24HR     0.0         6 = FREEZING RAIN OR DRIZZLE
                        GRTST DEPTH:   0           7 = DUSTSTORM OR SANDSTORM:
                                                       VSBY 1/2 MILE OR LESS
                                                   8 = SMOKE OR HAZE
[NO. OF DAYS WITH]      [WEATHER - DAYS WITH]      9 = BLOWING SNOW
                                                   X = TORNADO
MAX 32 OR BELOW:   0    0.01 INCH OR MORE:   7
MAX 90 OR ABOVE:   1    0.10 INCH OR MORE:   4
MIN 32 OR BELOW:   0    0.50 INCH OR MORE:   0
MIN  0 OR BELOW:   0    1.00 INCH OR MORE:   0

[HDD (BASE 65) ]
TOTAL THIS MO.    14    CLEAR  (SCALE 0-3)  14
DPTR FM NORMAL   -57    PTCLDY (SCALE 4-7)   9
TOTAL FM JUL 1  7300    CLOUDY (SCALE 8-10)  0
DPTR FM NORMAL -1225

[CDD (BASE 65) ]
TOTAL THIS MO.    74
DPTR FM NORMAL    13    [PRESSURE DATA]
TOTAL FM JAN 1    77    HIGHEST SLP M ON M
DPTR FM NORMAL    -9    LOWEST  SLP 29.39 ON 10

[REMARKS]
