000
CXUS53 KMPX 251500
CF6STC
PRELIMINARY LOCAL CLIMATOLOGICAL DATA (WS FORM: F-6)

                                          STATION:   ST CLOUD MN
                                          MONTH:     JANUARY
                                          YEAR:      2015
                                          LATITUDE:   45 32 N
                                          LONGITUDE:  94  4 W

  TEMPERATURE IN F:       :PCPN:    SNOW:  WIND      :SUNSHINE: SKY     :PK WND
================================================================================
1   2   3   4   5  6A  6B    7    8   9   10  11  12  13   14  15   16   17  18
                                     12Z  AVG MX 2MIN
DY MAX MIN AVG DEP HDD CDD  WTR  SNW DPTH SPD SPD DIR MIN PSBL S-S WX    SPD DR
================================================================================

 1  30   7  19   7  46   0    T    T    1 10.8 18 310   M    M   5        23 310
 2  28   3  16   4  49   0 0.00  0.0    1  8.9 16 170   M    M   7        21 170
 3  26   3  15   3  50   0    T    T    1 12.8 28 350   M    M   4 18     35 350
 4   3  -9  -3 -15  68   0 0.00  0.0    1 15.8 25 350   M    M   1        32 330
 5  -1 -11  -6 -18  71   0 0.04  0.4    1  7.5 16 300   M    M   3 18     21 300
 6   7  -9  -1 -13  66   0    T    T    1 13.8 26 320   M    M   1 8      35 310
 7   1 -10  -4 -16  69   0 0.00  0.0    1 12.7 21 320   M    M   0        29 310
 8  13  -5   4  -7  61   0 0.08  0.6    1 16.3 33 310   M    M   7 189    42 310
 9   4  -6  -1 -12  66   0 0.00  0.0    2 13.3 30 310   M    M   2 8      38 330
10  14 -11   2  -9  63   0 0.00  0.0    2  3.0 10 140   M    M   2        13 220
11  10  -1   5  -6  60   0 0.03  0.4    1  4.9  9 300   M    M   6        14 330
12   3 -18  -7 -18  72   0 0.00  0.0    1  5.2 14 350   M    M   0        19 350
13  13 -22  -4 -15  69   0 0.04  0.6    1  8.6 18 170   M    M   3 1      23 180
14  24   6  15   4  50   0    T    T    2  6.5 12 180   M    M   6 18     15 200
15  32  14  23  12  42   0 0.00  0.0    2  7.8 23 310   M    M   6        29 310
16  28  20  24  13  41   0 0.00  0.0    2  7.5 15  60   M    M  10        20 100
17  36  25  31  20  34   0 0.02  0.0    2 11.2 25 310   M    M   9 16     34 300
18  39  21  30  19  35   0 0.00  0.0    2  5.7 14 300   M    M   2        17 300
19  35  20  28  17  37   0    T    T    T  6.5 17 150   M    M   8 1      22 140
20  29  26  28  17  37   0 0.01  0.4    1  6.3 12  80   M    M  10 1      14  60
21  29  24  27  16  38   0 0.00  0.0    1  5.8 12 310   M    M  10 1      15 360
22  31  12  22  11  43   0 0.00  0.0    1 10.3 21 210   M    M   7 1      26 210
23  44  31  38  26  27   0    T  0.0    1 10.0 20 210   M    M   4 6      25 220
24  42  25  34  22  31   0 0.01    T    1  5.2 16  40   M    M   3 1      21  30
================================================================================
SM  520  135      1225   0  0.23     2.4 216.4          M      116
================================================================================
AV 21.7  5.6                               9.0 FASTST   M    M   5    MAX(MPH)
                                 MISC ---->  # 33 310               # 42  310
================================================================================
NOTES:
# LAST OF SEVERAL OCCURRENCES

COLUMN 17 PEAK WIND IN M.P.H.

PRELIMINARY LOCAL CLIMATOLOGICAL DATA (WS FORM: F-6) , PAGE 2

                                          STATION:  ST CLOUD MN
                                          MONTH:    JANUARY
                                          YEAR:     2015
                                          LATITUDE:   45 32 N
                                          LONGITUDE:  94  4 W

[TEMPERATURE DATA]      [PRECIPITATION DATA]       SYMBOLS USED IN COLUMN 16

AVERAGE MONTHLY: 13.6   TOTAL FOR MONTH:   0.23    1 = FOG OR MIST
DPTR FM NORMAL:   2.3   DPTR FM NORMAL:   -0.30    2 = FOG REDUCING VISIBILITY
HIGHEST:    44 ON 23    GRTST 24HR  0.08 ON  8- 8      TO 1/4 MILE OR LESS
LOWEST:    -22 ON 13                               3 = THUNDER
                        SNOW, ICE PELLETS, HAIL    4 = ICE PELLETS
                        TOTAL MONTH:   2.4 INCHES  5 = HAIL
                        GRTST 24HR   0.6 ON   M    6 = FREEZING RAIN OR DRIZZLE
                        GRTST DEPTH:   2 ON 18,17  7 = DUSTSTORM OR SANDSTORM:
                                                       VSBY 1/2 MILE OR LESS
                                                   8 = SMOKE OR HAZE
[NO. OF DAYS WITH]      [WEATHER - DAYS WITH]      9 = BLOWING SNOW
                                                   X = TORNADO
MAX 32 OR BELOW:  19    0.01 INCH OR MORE:   7
MAX 90 OR ABOVE:   0    0.10 INCH OR MORE:   0
MIN 32 OR BELOW:  24    0.50 INCH OR MORE:   0
MIN  0 OR BELOW:  10    1.00 INCH OR MORE:   0

[HDD (BASE 65) ]
TOTAL THIS MO.  1225    CLEAR  (SCALE 0-3)   8
DPTR FM NORMAL   -62    PTCLDY (SCALE 4-7)  11
TOTAL FM JUL 1  4419    CLOUDY (SCALE 8-10)  5
DPTR FM NORMAL  -315

[CDD (BASE 65) ]
TOTAL THIS MO.     0
DPTR FM NORMAL     0    [PRESSURE DATA]
TOTAL FM JAN 1     0    HIGHEST SLP M ON M
DPTR FM NORMAL     0    LOWEST  SLP 29.51 ON 17

[REMARKS]
