000
CXUS53 KGRB 300717
CF6STE
PRELIMINARY LOCAL CLIMATOLOGICAL DATA (WS FORM: F-6)

                                          STATION:   STEVENS POINT WI
                                          MONTH:     MAY
                                          YEAR:      2015
                                          LATITUDE:   44 32 N
                                          LONGITUDE:  89 32 W

  TEMPERATURE IN F:       :PCPN:    SNOW:  WIND      :SUNSHINE: SKY     :PK WND
================================================================================
1   2   3   4   5  6A  6B    7    8   9   10  11  12  13   14  15   16   17  18
                                     12Z  AVG MX 2MIN
DY MAX MIN AVG DEP HDD CDD  WTR  SNW DPTH SPD SPD DIR MIN PSBL S-S WX    SPD DR
================================================================================

 1  67  31  49   M  16   0 0.00  0.0    0  3.9 10 250   M    M   3         M  M
 2  76  51  64   M   1   0 0.00  0.0    0  8.5 16 240   M    M   5        24 250
 3  78  50  64   M   1   0 0.11  0.0    0  8.9 16 220   M    M   3 3      22 220
 4  69  49  59   M   6   0 0.18    M    0  4.5 10 260   M    M   1 12     16 350
 5  66  45  56   M   9   0 0.03    M    0  9.2 17 120   M    M   3        24  90
 6  71  47  59   M   6   0 0.06    M    0  7.4 14 110   M    M   5        16 110
 7  80  55  68   M   0   3 0.01  0.0    0 12.7 24 230   M    M   5 18     38 230
 8  68  53  61   M   4   0 0.00  0.0    0  7.4 10 290   M    M   7        16 250
 9  67  47  57   M   8   0 0.00  0.0    0  4.8 14  90   M    M   7        18  90
10  58  41  50   M  15   0 0.00  0.0    0 11.8 18  80   M    M   9 1      23  80
11  64  44  54   M  11   0 0.02    M    0 11.1 21 240   M    M   9 1      30 240
12  48  31  40   M  25   0 0.02    M    0  9.2 18 260   M    M   8 1      28 290
13  58  25  42   M  23   0 0.00  0.0    0  5.9 10 100   M    M   0        16 160
14  62  37  50   M  15   0 0.17    M    0  9.3 20 100   M    M   4        23 100
15  65  47  56   M   9   0 0.08    M    0  3.3  8 260   M    M   9 1      16 120
16  75  46  61   M   4   0 0.00  0.0    0  7.2 15 110   M    M   7 1      21 120
17  76  57  67   M   0   2 0.25  0.0    0 13.1 21 200   M    M   8 1      31 210
18  65  41  53   M  12   0 0.00  0.0    0 13.7 23 250   M    M   8 1      33 250
19  49  31  40   M  25   0 0.00  0.0    0  8.6 16 360   M    M   7        27 320
20  56  26  41   M  24   0 0.00  0.0    0  4.1 12 270   M    M   0         M  M
21  71  36  54   M  11   0 0.00  0.0    0  8.2 14 280   M    M   2        23 280
22  67  32  50   M  15   0 0.00  0.0    0  2.7 10 250   M    M   0         9 290
23  76  38  57   M   8   0 0.00  0.0    0  3.3 12 200   M    M   2        17 250
24  66  49  58   M   7   0 0.65    M    0  5.6 14 200   M    M   7        18 100
25  74  54  64   M   1   0 0.30  0.0    0  7.4 18 250   M    M   9 3      24 250
26  70  57  64   M   1   0 1.23  0.0    0  4.0 13 300   M    M   7        20 300
27  75  53  64   M   1   0 0.30  0.0    0  7.0 15 260   M    M   7 13     22 260
28  83  50  67   M   0   2 0.00  0.0    0  5.9 17 180   M    M   3 1      22 180
29  78  59  69   M   0   4 0.72  0.0    0  7.0 17 210   M    M   7 3      21 210
================================================================================
SM 1978 1282       258  11  4.13     0.0 215.7          M      152
================================================================================
AV 68.2 44.2                               7.4 FASTST   M    M   5    MAX(MPH)
                                 MISC ---->    24   M               # 38  230
================================================================================
NOTES:
# LAST OF SEVERAL OCCURRENCES

COLUMN 17 PEAK WIND IN M.P.H.

PRELIMINARY LOCAL CLIMATOLOGICAL DATA (WS FORM: F-6) , PAGE 2

                                          STATION:  STEVENS POINT WI
                                          MONTH:    MAY
                                          YEAR:     2015
                                          LATITUDE:   44 32 N
                                          LONGITUDE:  89 32 W

[TEMPERATURE DATA]      [PRECIPITATION DATA]       SYMBOLS USED IN COLUMN 16

AVERAGE MONTHLY: 56.2   TOTAL FOR MONTH:   4.13    1 = FOG OR MIST
DPTR FM NORMAL:     M   DPTR FM NORMAL:       M    2 = FOG REDUCING VISIBILITY
HIGHEST:    83 ON 28    GRTST 24HR  1.23 ON 26-26      TO 1/4 MILE OR LESS
LOWEST:     25 ON 13                               3 = THUNDER
                        SNOW, ICE PELLETS, HAIL    4 = ICE PELLETS
                        TOTAL MONTH:   0.0 INCH    5 = HAIL
                        GRTST 24HR     0.0         6 = FREEZING RAIN OR DRIZZLE
                        GRTST DEPTH:   0           7 = DUSTSTORM OR SANDSTORM:
                                                       VSBY 1/2 MILE OR LESS
                                                   8 = SMOKE OR HAZE
[NO. OF DAYS WITH]      [WEATHER - DAYS WITH]      9 = BLOWING SNOW
                                                   X = TORNADO
MAX 32 OR BELOW:   0    0.01 INCH OR MORE:  15
MAX 90 OR ABOVE:   0    0.10 INCH OR MORE:   9
MIN 32 OR BELOW:   6    0.50 INCH OR MORE:   3
MIN  0 OR BELOW:   0    1.00 INCH OR MORE:   1

[HDD (BASE 65) ]
TOTAL THIS MO.   258    CLEAR  (SCALE 0-3)   8
DPTR FM NORMAL     M    PTCLDY (SCALE 4-7)  17
TOTAL FM JUL 1  8857    CLOUDY (SCALE 8-10)  4
DPTR FM NORMAL  8599

[CDD (BASE 65) ]
TOTAL THIS MO.    11
DPTR FM NORMAL     M    [PRESSURE DATA]
TOTAL FM JAN 1    11    HIGHEST SLP M ON M
DPTR FM NORMAL    11    LOWEST  SLP M ON M

[REMARKS]
