000
CXUS53 KLSX 281600
CF6STL
PRELIMINARY LOCAL CLIMATOLOGICAL DATA (WS FORM: F-6)

                                          STATION:   ST. LOUIS
                                          MONTH:     JULY
                                          YEAR:      2015
                                          LATITUDE:   38 45 N
                                          LONGITUDE:  90 23 W

  TEMPERATURE IN F:       :PCPN:    SNOW:  WIND      :SUNSHINE: SKY     :PK WND
================================================================================
1   2   3   4   5  6A  6B    7    8   9   10  11  12  13   14  15   16   17  18
                                     12Z  AVG MX 2MIN
DY MAX MIN AVG DEP HDD CDD  WTR  SNW DPTH SPD SPD DIR MIN PSBL S-S WX    SPD DR
================================================================================

 1  87  72  80   0   0  15 0.86  0.0    0  6.9 33 270   M    M   9 138    43 270
 2  78  65  72  -8   0   7 0.04  0.0    0  7.0 16  60   M    M   9 18     21  40
 3  83  67  75  -5   0  10 0.00  0.0    0  6.1 13 340   M    M   6 8      20  20
 4  84  68  76  -4   0  11 0.00  0.0    0  3.1  9  80   M    M   2 18     13  40
 5  89  67  78  -2   0  13 0.00  0.0    0  6.2 14 170   M    M   4 8      21 160
 6  90  74  82   2   0  17 0.14  0.0    0  8.2 24 230   M    M   7 38     30 230
 7  81  66  74  -6   0   9 0.06  0.0    0  8.1 18 250   M    M  10 18     23 250
 8  74  60  67 -13   0   2 1.01  0.0    0  9.5 21 280   M    M   9 13     31 290
 9  79  63  71  -9   0   6    T  0.0    0  6.6 15 280   M    M   9        20 290
10  80  67  74  -6   0   9 0.77  0.0    0  4.7  9  60   M    M   9 1      18  80
11  94  73  84   4   0  19 0.00  0.0    0  8.1 16 330   M    M   7        24 330
12  96  74  85   5   0  20 0.00  0.0    0  6.8 15 230   M    M   5 8      21 230
13  99  80  90  10   0  25    T  0.0    0 11.1 18 230   M    M   3        24 250
14  97  80  89   9   0  24 0.00  0.0    0 10.1 21 230   M    M   6        25 230
15  87  72  80   0   0  15 0.00  0.0    0  7.0 15  60   M    M   7        18  70
16  92  75  84   4   0  19 0.00  0.0    0 11.0 20 180   M    M   7        26 150
17  95  81  88   8   0  23 0.00  0.0    0 10.5 17 210   M    M   5        24 260
18  94  84  89   9   0  24 0.00  0.0    0  9.2 18 260   M    M   7        25 270
19  87  73  80   0   0  15 0.45  0.0    0  7.1 29 320   M    M   8 138    37 320
20  85  73  79  -1   0  14 0.56  0.0    0  6.0 46 240   M    M   8 1238   55 240
21  85  72  79  -1   0  14 0.00  0.0    0  6.8 14 340   M    M   6 8      20 330
22  85  69  77  -3   0  12 0.00  0.0    0  6.9 14 150   M    M   6        17 150
23  88  72  80   0   0  15 0.00  0.0    0  7.1 12  70   M    M   5        17  80
24  92  71  82   2   0  17 0.00  0.0    0  5.7 13 130   M    M   5        17 190
25  92  79  86   6   0  21    T  0.0    0  5.5 17 280   M    M   8 8      22 280
26  90  73  82   2   0  17 0.21  0.0    0  4.5 28 300   M    M   8 13     41 310
27  97  78  88   8   0  23 0.03  0.0    0  5.3  9 160   M    M   7 3      12 150
================================================================================
SM 2380 1948         0 416  4.13     0.0 195.1          M      182
================================================================================
AV 88.1 72.1                               7.2 FASTST   M    M   7    MAX(MPH)
                                 MISC ---->  # 46 240               # 55  240
================================================================================
NOTES:
# LAST OF SEVERAL OCCURRENCES

COLUMN 17 PEAK WIND IN M.P.H.

PRELIMINARY LOCAL CLIMATOLOGICAL DATA (WS FORM: F-6) , PAGE 2

                                          STATION:  ST. LOUIS
                                          MONTH:    JULY
                                          YEAR:     2015
                                          LATITUDE:   38 45 N
                                          LONGITUDE:  90 23 W

[TEMPERATURE DATA]      [PRECIPITATION DATA]       SYMBOLS USED IN COLUMN 16

AVERAGE MONTHLY: 80.1   TOTAL FOR MONTH:   4.13    1 = FOG OR MIST
DPTR FM NORMAL:   0.1   DPTR FM NORMAL:    0.53    2 = FOG REDUCING VISIBILITY
HIGHEST:    99 ON 13    GRTST 24HR  1.02 ON  7- 8      TO 1/4 MILE OR LESS
LOWEST:     60 ON  8                               3 = THUNDER
                        SNOW, ICE PELLETS, HAIL    4 = ICE PELLETS
                        TOTAL MONTH:   0.0 INCH    5 = HAIL
                        GRTST 24HR     0.0         6 = FREEZING RAIN OR DRIZZLE
                        GRTST DEPTH:   0           7 = DUSTSTORM OR SANDSTORM:
                                                       VSBY 1/2 MILE OR LESS
                                                   8 = SMOKE OR HAZE
[NO. OF DAYS WITH]      [WEATHER - DAYS WITH]      9 = BLOWING SNOW
                                                   X = TORNADO
MAX 32 OR BELOW:   0    0.01 INCH OR MORE:  10
MAX 90 OR ABOVE:  12    0.10 INCH OR MORE:   7
MIN 32 OR BELOW:   0    0.50 INCH OR MORE:   4
MIN  0 OR BELOW:   0    1.00 INCH OR MORE:   1

[HDD (BASE 65) ]
TOTAL THIS MO.     0    CLEAR  (SCALE 0-3)   1
DPTR FM NORMAL     0    PTCLDY (SCALE 4-7)  18
TOTAL FM JUL 1     0    CLOUDY (SCALE 8-10)  8
DPTR FM NORMAL     0

[CDD (BASE 65) ]
TOTAL THIS MO.   416
DPTR FM NORMAL    11    [PRESSURE DATA]
TOTAL FM JAN 1  1030    HIGHEST SLP M ON M
DPTR FM NORMAL   117    LOWEST  SLP 29.63 ON M

[REMARKS]
