000
CXUS53 KMPX 231010
CF6STP
PRELIMINARY LOCAL CLIMATOLOGICAL DATA (WS FORM: F-6)

                                          STATION:   ST PAUL MN
                                          MONTH:     FEBRUARY
                                          YEAR:      2018
                                          LATITUDE:   44 55 N
                                          LONGITUDE:  93  4 W

  TEMPERATURE IN F:       :PCPN:    SNOW:  WIND      :SUNSHINE: SKY     :PK WND
================================================================================
1   2   3   4   5  6A  6B    7    8   9   10  11  12  13   14  15   16   17  18
                                     12Z  AVG MX 2MIN
DY MAX MIN AVG DEP HDD CDD  WTR  SNW DPTH SPD SPD DIR MIN PSBL S-S WX    SPD DR
================================================================================

 1   7  -3   2 -16  63   0    M    M    M 16.5 29 310   M    M   0 9      37 310
 2  12  -9   2 -17  63   0    M    M    M  5.9 14 310   M    M   5 8      16 300
 3  18   9  14  -5  51   0    M    M    M  7.6 22 360   M    M  10 18     29 360
 4   9  -6   2 -17  63   0    M    M    M 11.5 23 350   M    M   2        29 350
 5  13  -9   2 -17  63   0    M    M    M  7.3 18 320   M    M   2 8      23 320
 6   9  -8   1 -18  64   0    M    M    M  5.8 15 250   M    M   3 1      17 250
 7  15  -2   7 -13  58   0    M    M    M  5.6 13 280   M    M   4 1      15 270
 8  16  -1   8 -12  57   0    M    M    M  5.3 12 320   M    M   4 18     14 320
 9  11   0   6 -14  59   0    M    M    M  8.7 17 290   M    M   2        22  20
10  14  -1   7 -13  58   0    M    M    M  6.4 14 310   M    M   1        18 290
11  21  -6   8 -13  57   0    M    M    M  9.1 21 290   M    M   0        26 300
12  13  -1   6 -15  59   0    M    M    M  5.8 15 300   M    M   0        19 310
13  31   5  18  -3  47   0    M    M    M  9.1 21 160   M    M   4 1      24 170
14  41  14  28   6  37   0    M    M    M  7.3 15 170   M    M   0 18     21 160
15  38  17  28   6  37   0    M    M    M 10.9 25 320   M    M   5 8      30 300
16  18   1  10 -12  55   0    M    M    M 10.8 25 310   M    M   0        29 300
17  37  15  26   4  39   0    M    M    M  8.0 22 280   M    M   6 18     29 280
18  42  16  29   6  36   0    M    M    M  9.8 26 150   M    M   4        35 150
19  27  20  24   1  41   0    M    M    M 12.1 24  30   M    M   9 16     32  40
20  21   9  15  -9  50   0    M    M    M 10.2 20 280   M    M   7 1      25 300
21  20   2  11 -13  54   0    M    M    M  4.2 14 300   M    M   0        18 310
22  30   5  18  -6  47   0    M    M    M  5.2 14  90   M    M   7 128    20  80
================================================================================
SM  463   67      1158   0    M     M    183.1          M       75
================================================================================
AV 21.1  3.1                               8.3 FASTST   M    M   3    MAX(MPH)
                                 MISC ---->  # 29 310               # 37  310
================================================================================
NOTES:
# LAST OF SEVERAL OCCURRENCES

COLUMN 17 PEAK WIND IN M.P.H.

PRELIMINARY LOCAL CLIMATOLOGICAL DATA (WS FORM: F-6) , PAGE 2

                                          STATION:  ST PAUL MN
                                          MONTH:    FEBRUARY
                                          YEAR:     2018
                                          LATITUDE:   44 55 N
                                          LONGITUDE:  93  4 W

[TEMPERATURE DATA]      [PRECIPITATION DATA]       SYMBOLS USED IN COLUMN 16

AVERAGE MONTHLY: 12.1   TOTAL FOR MONTH:      M    1 = FOG OR MIST
DPTR FM NORMAL:  -9.0   DPTR FM NORMAL:       M    2 = FOG REDUCING VISIBILITY
HIGHEST:    42 ON 18    GRTST 24HR  0.11 ON 31- 1      TO 1/4 MILE OR LESS
LOWEST:     -9 ON  5, 2                            3 = THUNDER
                        SNOW, ICE PELLETS, HAIL    4 = ICE PELLETS
                        TOTAL MONTH:    M          5 = HAIL
                        GRTST 24HR    M  ON   M    6 = FREEZING RAIN OR DRIZZLE
                        GRTST DEPTH:  M  ON   M    7 = DUSTSTORM OR SANDSTORM:
                                                       VSBY 1/2 MILE OR LESS
                                                   8 = SMOKE OR HAZE
[NO. OF DAYS WITH]      [WEATHER - DAYS WITH]      9 = BLOWING SNOW
                                                   X = TORNADO
MAX 32 OR BELOW:  18    0.01 INCH OR MORE:   0
MAX 90 OR ABOVE:   0    0.10 INCH OR MORE:   0
MIN 32 OR BELOW:  22    0.50 INCH OR MORE:   0
MIN  0 OR BELOW:  11    1.00 INCH OR MORE:   0

[HDD (BASE 65) ]
TOTAL THIS MO.  1158    CLEAR  (SCALE 0-3)  11
DPTR FM NORMAL   189    PTCLDY (SCALE 4-7)   9
TOTAL FM JUL 1  5507    CLOUDY (SCALE 8-10)  2
DPTR FM NORMAL   134

[CDD (BASE 65) ]
TOTAL THIS MO.     0
DPTR FM NORMAL     0    [PRESSURE DATA]
TOTAL FM JAN 1     0    HIGHEST SLP M ON M
DPTR FM NORMAL     0    LOWEST  SLP 29.57 ON 18

[REMARKS]
